000
CXUS54 KEPZ 011030
CF6DMN
PRELIMINARY LOCAL CLIMATOLOGICAL DATA (WS FORM: F-6)
STATION: DEMING
MONTH: OCTOBER
YEAR: 2023
LATITUDE: 32 15 N
LONGITUDE: 107 42 W
TEMPERATURE IN F: :PCPN: SNOW: WIND :SUNSHINE: SKY :PK WND
================================================================================
1 2 3 4 5 6A 6B 7 8 9 10 11 12 13 14 15 16 17 18
12Z AVG MX 2MIN
DY MAX MIN AVG DEP HDD CDD WTR SNW DPTH SPD SPD DIR MIN PSBL S-S WX SPD DR
================================================================================
1 91 57 74 6 0 9 0.00 M M 7.5 22 200 M M 0 33 220
2 88 58 73 5 0 8 0.00 M M 8.4 24 200 M M 2 3 37 180
3 85 52 69 1 0 4 0.00 M M 8.2 21 280 M M 0 30 280
4 85 46 66 -1 0 1 0.00 M M 7.4 20 270 M M 0 26 260
5 86 62 74 7 0 9 0.00 M M 10.8 25 40 M M 0 35 40
6 85 59 72 6 0 7 0.00 M M 9.9 18 80 M M 0 25 80
7 79 57 68 2 0 3 0.00 M M 9.2 18 90 M M 0 27 90
8 82 54 68 2 0 3 0.00 M M 5.2 10 70 M M 0 14 130
9 86 49 68 3 0 3 0.01 M M 5.1 16 30 M M 1 24 240
10 87 57 72 7 0 7 T M M 8.2 28 300 M M 2 36 300
11 87 50 69 5 0 4 0.00 M M 11.7 28 250 M M 0 37 260
12 82 61 72 8 0 7 0.00 M M 15.7 30 270 M M 0 42 280
13 79 50 65 1 0 0 0.00 M M 6.6 15 80 M M 1 20 70
14 82 56 69 6 0 4 0.00 M M 7.3 15 70 M M 0 19 70
15 84 50 67 4 0 2 0.00 M M 7.0 16 80 M M 0 22 90
16 83 51 67 4 0 2 0.00 M M 8.4 18 80 M M 0 24 80
17 86 50 68 6 0 3 0.00 M M 6.6 21 240 M M 0 28 300
18 90 52 71 9 0 6 0.00 M M 4.1 10 290 M M 0 15 280
19 88 51 70 8 0 5 0.00 M M 5.9 12 60 M M 0 18 40
20 89 47 68 7 0 3 0.00 M M 4.6 13 170 M M 0 17 200
21 88 58 73 12 0 8 0.00 M M 4.3 10 180 M M 0 15 170
22 85 50 68 8 0 3 0.00 M M 4.2 13 330 M M 0 15 170
23 84 52 68 8 0 3 0.01 M M 5.7 17 300 M M 1 3 25 270
24 70 50 60 0 5 0 0.24 M M 6.3 31 250 M M 4 13 49 250
25 68 47 58 -1 7 0 0.00 M M 8.7 20 240 M M 2 25 260
26 74 44 59 0 6 0 0.00 M M 8.8 17 260 M M 0 25 250
27 78 42 60 2 5 0 0.00 M M 3.5 13 230 M M 0 19 240
28 79 41 60 2 5 0 0.00 M M 7.3 22 260 M M 0 33 290
29 74 42 58 1 7 0 0.00 M M 10.1 29 60 M M 1 40 50
30 51 34 43 -14 22 0 0.00 M M 11.3 28 70 M M 3 36 60
31 58 27 43 -14 22 0 0.00 M M 8.7 17 80 M M 0 26 110
================================================================================
SM 2513 1556 79 104 0.26 M 236.7 M 17
================================================================================
AV 81.1 50.2 7.6 FASTST M M 1 MAX(MPH)
MISC ----> 31 250 49 250
================================================================================
NOTES:
# LAST OF SEVERAL OCCURRENCES
COLUMN 17 PEAK WIND IN M.P.H.
PRELIMINARY LOCAL CLIMATOLOGICAL DATA (WS FORM: F-6) , PAGE 2
STATION: DEMING
MONTH: OCTOBER
YEAR: 2023
LATITUDE: 32 15 N
LONGITUDE: 107 42 W
[TEMPERATURE DATA] [PRECIPITATION DATA] SYMBOLS USED IN COLUMN 16
AVERAGE MONTHLY: 65.6 TOTAL FOR MONTH: 0.26 1 = FOG OR MIST
DPTR FM NORMAL: 3.1 DPTR FM NORMAL: -0.49 2 = FOG REDUCING VISIBILITY
HIGHEST: 91 ON 1 GRTST 24HR 0.25 ON 23-24 TO 1/4 MILE OR LESS
LOWEST: 27 ON 31 3 = THUNDER
SNOW, ICE PELLETS, HAIL 4 = ICE PELLETS
TOTAL MONTH: M 5 = HAIL
GRTST 24HR M ON M 6 = FREEZING RAIN OR DRIZZLE
GRTST DEPTH: M ON M 7 = DUSTSTORM OR SANDSTORM:
VSBY 1/2 MILE OR LESS
8 = SMOKE OR HAZE
[NO. OF DAYS WITH] [WEATHER - DAYS WITH] 9 = BLOWING SNOW
X = TORNADO
MAX 32 OR BELOW: 0 0.01 INCH OR MORE: 3
MAX 90 OR ABOVE: 2 0.10 INCH OR MORE: 1
MIN 32 OR BELOW: 1 0.50 INCH OR MORE: 0
MIN 0 OR BELOW: 0 1.00 INCH OR MORE: 0
[HDD (BASE 65) ]
TOTAL THIS MO. 79 CLEAR (SCALE 0-3) 29
DPTR FM NORMAL -40 PTCLDY (SCALE 4-7) 2
TOTAL FM JUL 1 79 CLOUDY (SCALE 8-10) 0
DPTR FM NORMAL -44
[CDD (BASE 65) ]
TOTAL THIS MO. 104
DPTR FM NORMAL 61 [PRESSURE DATA]
TOTAL FM JAN 1 2324 HIGHEST SLP 30.40 ON 31
DPTR FM NORMAL 510 LOWEST SLP 29.41 ON 11
[REMARKS]
#FINAL-10-23#