000
CXUS53 KEAX 010736
CF6DMO
PRELIMINARY LOCAL CLIMATOLOGICAL DATA (WS FORM: F-6)
STATION: SEDALIA MO
MONTH: JUNE
YEAR: 2021
LATITUDE: 38 42 N
LONGITUDE: 93 6 W
TEMPERATURE IN F: :PCPN: SNOW: WIND :SUNSHINE: SKY :PK WND
================================================================================
1 2 3 4 5 6A 6B 7 8 9 10 11 12 13 14 15 16 17 18
12Z AVG MX 2MIN
DY MAX MIN AVG DEP HDD CDD WTR SNW DPTH SPD SPD DIR MIN PSBL S-S WX SPD DR
================================================================================
1 75 59 67 -3 0 2 0.00 M M 5.5 15 140 M M 7 21 150
2 73 59 66 -4 0 1 0.01 M M 5.4 17 30 M M 8 24 30
3 82 61 72 2 0 7 0.00 M M 5.6 10 210 M M 4 15 220
4 85 62 74 4 0 9 0.00 M M 8.5 16 200 M M 1 23 190
5 85 66 76 5 0 11 0.00 M M 8.8 15 200 M M 2 21 160
6 85 67 76 5 0 11 0.16 M M 8.4 22 210 M M 4 13 30 210
7 85 66 76 5 0 11 0.00 M M 6.6 17 180 M M 2 12 25 180
8 86 67 77 5 0 12 0.04 M M 4.4 9 170 M M 3 M M
9 90 68 79 7 0 14 0.00 M M 3.1 10 70 M M 0 1 15 40
10 92 71 82 10 0 17 0.00 M M 3.0 12 50 M M 1 17 40
11 93 71 82 10 0 17 0.69 M M 9.2 36 300 M M 2 13 53 290
12 90 71 81 8 0 16 0.00 M M 7.1 16 330 M M 3 21 340
13 91 66 79 6 0 14 0.00 M M 5.7 14 30 M M 0 20 30
14 95 64 80 7 0 15 0.00 M M 4.3 12 290 M M 0 16 290
15 90 68 79 5 0 14 0.00 M M 4.2 10 70 M M 0 16 120
16 91 65 78 4 0 13 0.00 M M 4.7 12 160 M M 1 17 150
17 97 74 86 12 0 21 0.00 M M 8.5 21 220 M M 0 28 220
18 96 78 87 13 0 22 0.00 M M 11.5 17 230 M M 0 29 220
19 93 78 86 12 0 21 0.00 M M 11.6 17 120 M M 1 27 220
20 93 68 81 6 0 16 0.28 M M 12.8 29 300 M M 1 13 41 300
21 76 58 67 -8 0 2 0.13 M M 10.3 22 350 M M 3 13 29 340
22 84 54 69 -6 0 4 0.00 M M 10.0 18 190 M M 0 8 26 190
23 87 62 75 0 0 10 0.00 M M 13.3 23 150 M M 2 30 150
24 83 72 78 3 0 13 0.57 M M 10.7 21 150 M M 3 138 28 360
25 89 68 79 3 0 14 2.17 M M 12.3 26 70 M M 8 13 43 70
26 83 68 76 0 0 11 0.36 M M 10.9 21 210 M M 6 29 220
27 81 69 75 -1 0 10 0.06 M M 3.3 8 360 M M 7 1 12 290
28 81 72 77 1 0 12 0.41 M M 5.7 13 160 M M 7 13 18 150
29 86 70 78 2 0 13 0.29 M M 4.5 14 240 M M 5 13 22 210
30 80 71 76 0 0 11 0.19 M M 3.7 12 160 M M 7 12 15 170
================================================================================
SM 2597 2013 0 364 5.36 M 223.6 M 88
================================================================================
AV 86.6 67.1 7.5 FASTST M M 3 MAX(MPH)
MISC ----> 36 300 53 290
================================================================================
NOTES:
# LAST OF SEVERAL OCCURRENCES
COLUMN 17 PEAK WIND IN M.P.H.
PRELIMINARY LOCAL CLIMATOLOGICAL DATA (WS FORM: F-6) , PAGE 2
STATION: SEDALIA MO
MONTH: JUNE
YEAR: 2021
LATITUDE: 38 42 N
LONGITUDE: 93 6 W
[TEMPERATURE DATA] [PRECIPITATION DATA] SYMBOLS USED IN COLUMN 16
AVERAGE MONTHLY: 76.8 TOTAL FOR MONTH: 5.36 1 = FOG OR MIST
DPTR FM NORMAL: 3.4 DPTR FM NORMAL: 0.90 2 = FOG REDUCING VISIBILITY
HIGHEST: 97 ON 17 GRTST 24HR 2.49 ON 25-26 TO 1/4 MILE OR LESS
LOWEST: 54 ON 22 3 = THUNDER
SNOW, ICE PELLETS, HAIL 4 = ICE PELLETS
TOTAL MONTH: M 5 = HAIL
GRTST 24HR M ON M 6 = FREEZING RAIN OR DRIZZLE
GRTST DEPTH: M ON M 7 = DUSTSTORM OR SANDSTORM:
VSBY 1/2 MILE OR LESS
8 = SMOKE OR HAZE
[NO. OF DAYS WITH] [WEATHER - DAYS WITH] 9 = BLOWING SNOW
X = TORNADO
MAX 32 OR BELOW: 0 0.01 INCH OR MORE: 13
MAX 90 OR ABOVE: 12 0.10 INCH OR MORE: 10
MIN 32 OR BELOW: 0 0.50 INCH OR MORE: 3
MIN 0 OR BELOW: 0 1.00 INCH OR MORE: 1
[HDD (BASE 65) ]
TOTAL THIS MO. 0 CLEAR (SCALE 0-3) 20
DPTR FM NORMAL -9 PTCLDY (SCALE 4-7) 9
TOTAL FM JUL 1 4612 CLOUDY (SCALE 8-10) 1
DPTR FM NORMAL -334
[CDD (BASE 65) ]
TOTAL THIS MO. 364
DPTR FM NORMAL 105 [PRESSURE DATA]
TOTAL FM JAN 1 479 HIGHEST SLP M ON M
DPTR FM NORMAL 106 LOWEST SLP 29.52 ON 20
[REMARKS]
#FINAL-06-21#