000
CXUS53 KEAX 012211
CLMDMO
CLIMATE REPORT
NATIONAL WEATHER SERVICE KANSAS CITY/PLEASANT HILL MO
503 PM CDT MON APR 01 2024
...................................
...THE SEDALIA MO CLIMATE SUMMARY FOR THE MONTH OF MARCH 2024...
CLIMATE NORMAL PERIOD: 1991 TO 2020
CLIMATE RECORD PERIOD: 9999 TO 9999
WEATHER OBSERVED NORMAL DEPART LAST YEAR`S
VALUE DATE(S) VALUE FROM VALUE DATE(S)
NORMAL
................................................................
TEMPERATURE (F)
HIGHEST 82 03/03 79 3 80 03/31
LOWEST 25 03/18 15 10 18 03/18
03/19
AVG. MAXIMUM 63.1 55.2 7.9 53.9
AVG. MINIMUM 40.0 34.5 5.5 35.2
MEAN 51.6 44.8 6.8 44.5
DAYS MAX >= 90 0 0.0 0.0 0
DAYS MAX <= 32 0 0.8 -0.8 1
DAYS MIN <= 32 7 11.2 -4.2 10
DAYS MIN <= 0 0 0.1 -0.1 0
PRECIPITATION (INCHES)
TOTALS 1.88 2.49 -0.61 2.62
DAILY AVG. 0.06 0.08 -0.02 0.08
DAYS >= .01 4 10.0 -6.0 14
DAYS >= .10 3 5.6 -2.6 7
DAYS >= .50 1 1.7 -0.7 1
DAYS >= 1.00 0 0.4 -0.4 0
GREATEST
24 HR. TOTAL 0.89 03/12 TO 03/12
DEGREE DAYS
HEATING TOTAL 414 628 -214 631
SINCE 7/1 3505 4497 -992 MM
COOLING TOTAL 8 3 5 3
SINCE 1/1 8 3 5 MM
................................................................
WIND (MPH)
AVERAGE WIND SPEED 11.5
HIGHEST WIND SPEED/DIRECTION 37/140 DATE 03/25
HIGHEST GUST SPEED/DIRECTION 55/130 DATE 03/25
SKY COVER
POSSIBLE SUNSHINE (PERCENT) MM
AVERAGE SKY COVER 0.33
NUMBER OF DAYS FAIR 19
NUMBER OF DAYS PC 8
NUMBER OF DAYS CLOUDY 4
AVERAGE RH (PERCENT) 59
WEATHER CONDITIONS. NUMBER OF DAYS WITH
THUNDERSTORM 5 MIXED PRECIP 0
HEAVY RAIN 3 RAIN 2
LIGHT RAIN 8 FREEZING RAIN 0
LT FREEZING RAIN 0 HAIL 0
HEAVY SNOW 0 SNOW 0
LIGHT SNOW 0 SLEET 0
FOG 8 FOG W/VIS <= 1/4 MILE 2
HAZE 3
- INDICATES NEGATIVE NUMBERS.
R INDICATES RECORD WAS SET OR TIED.
MM INDICATES DATA IS MISSING.
T INDICATES TRACE AMOUNT.
$$