000
CXUS53 KDMX 010910
CF6DSM
PRELIMINARY LOCAL CLIMATOLOGICAL DATA (WS FORM: F-6)
STATION: DES MOINES IA
MONTH: NOVEMBER
YEAR: 2022
LATITUDE: 41 31 N
LONGITUDE: 93 39 W
TEMPERATURE IN F: :PCPN: SNOW: WIND :SUNSHINE: SKY :PK WND
================================================================================
1 2 3 4 5 6A 6B 7 8 9 10 11 12 13 14 15 16 17 18
12Z AVG MX 2MIN
DY MAX MIN AVG DEP HDD CDD WTR SNW DPTH SPD SPD DIR MIN PSBL S-S WX SPD DR
================================================================================
1 77 43 60 14 5 0 0.00 0.0 0 8.6 17 180 M M 1 24 180
2 74 51 63 18 2 0 0.00 0.0 0 12.9 26 190 M M 3 36 180
3 73 58 66 21 0 1 0.00 0.0 0 14.5 25 190 M M 7 36 200
4 69 38 54 10 11 0 1.65 0.0 0 9.9 21 310 M M 10 13 27 320
5 50 38 44 0 21 0 0.88 0.0 0 13.7 24 250 M M 7 1 32 250
6 59 42 51 8 14 0 0.00 0.0 0 12.6 26 320 M M 6 37 210
7 49 35 42 -1 23 0 0.00 0.0 0 9.2 16 100 M M 4 22 100
8 60 39 50 8 15 0 0.00 0.0 0 15.0 23 140 M M 7 29 130
9 70 57 64 22 1 0 0.00 0.0 0 13.5 22 180 M M 7 30 190
10 69 27 48 6 17 0 0.03 0.0 0 17.4 31 310 M M 8 38 290
11 28 20 24 -17 41 0 T T 0 18.4 26 300 M M 8 33 320
12 30 23 27 -14 38 0 T T 0 13.6 21 300 M M 10 28 310
13 34 25 30 -10 35 0 0.00 0.0 0 7.2 15 110 M M 9 20 120
14 42 26 34 -6 31 0 0.05 0.4 0 9.6 20 140 M M 9 1 23 140
15 32 27 30 -9 35 0 0.29 2.7 2 10.5 21 290 M M 10 1 26 290
16 27 19 23 -16 42 0 0.02 0.4 3 14.9 24 290 M M 10 1 31 280
17 34 18 26 -12 39 0 T T 2 16.2 33 300 M M 7 44 300
18 22 13 18 -20 47 0 T T 2 14.9 24 300 M M 5 34 280
19 27 14 21 -17 44 0 T T 2 17.3 32 300 M M 4 43 300
20 42 13 28 -9 37 0 0.00 0.0 1 11.9 24 220 M M 2 43 190
21 48 25 37 0 28 0 0.00 0.0 0 6.5 16 210 M M 4 21 220
22 55 24 40 4 25 0 0.00 0.0 0 4.3 12 190 M M 2 17 200
23 56 32 44 8 21 0 0.00 0.0 0 7.3 18 160 M M 5 23 150
24 55 34 45 9 20 0 0.00 0.0 0 8.1 18 300 M M 6 22 320
25 54 24 39 4 26 0 0.00 0.0 0 7.9 14 240 M M 0 18 240
26 55 32 44 9 21 0 0.00 0.0 0 8.4 24 200 M M 6 30 200
27 46 25 36 2 29 0 0.01 0.0 0 9.3 21 310 M M 8 28 330
28 52 22 37 3 28 0 0.00 0.0 0 8.3 21 180 M M 5 27 180
29 43 22 33 -1 32 0 T T 0 14.9 31 310 M M 10 16 44 310
30 27 15 21 -12 44 0 0.00 0.0 0 16.2 31 310 M M 2 42 310
================================================================================
SM 1459 881 772 1 2.93 3.5 353.0 M 182
================================================================================
AV 48.6 29.4 11.8 FASTST M M 6 MAX(MPH)
MISC ----> 33 300 # 44 300
================================================================================
NOTES:
# LAST OF SEVERAL OCCURRENCES
COLUMN 17 PEAK WIND IN M.P.H.
PRELIMINARY LOCAL CLIMATOLOGICAL DATA (WS FORM: F-6) , PAGE 2
STATION: DES MOINES IA
MONTH: NOVEMBER
YEAR: 2022
LATITUDE: 41 31 N
LONGITUDE: 93 39 W
[TEMPERATURE DATA] [PRECIPITATION DATA] SYMBOLS USED IN COLUMN 16
AVERAGE MONTHLY: 39.0 TOTAL FOR MONTH: 2.93 1 = FOG OR MIST
DPTR FM NORMAL: -0.3 DPTR FM NORMAL: 1.02 2 = FOG REDUCING VISIBILITY
HIGHEST: 77 ON 1 GRTST 24HR 2.18 ON 4- 5 TO 1/4 MILE OR LESS
LOWEST: 13 ON 20,18 3 = THUNDER
SNOW, ICE PELLETS, HAIL 4 = ICE PELLETS
TOTAL MONTH: 3.5 INCHES 5 = HAIL
GRTST 24HR 2.7 ON 15-15 6 = FREEZING RAIN OR DRIZZLE
GRTST DEPTH: 3 ON 16 7 = DUSTSTORM OR SANDSTORM:
VSBY 1/2 MILE OR LESS
8 = SMOKE OR HAZE
[NO. OF DAYS WITH] [WEATHER - DAYS WITH] 9 = BLOWING SNOW
X = TORNADO
MAX 32 OR BELOW: 7 0.01 INCH OR MORE: 7
MAX 90 OR ABOVE: 0 0.10 INCH OR MORE: 3
MIN 32 OR BELOW: 20 0.50 INCH OR MORE: 2
MIN 0 OR BELOW: 0 1.00 INCH OR MORE: 1
[HDD (BASE 65) ]
TOTAL THIS MO. 772 CLEAR (SCALE 0-3) 6
DPTR FM NORMAL -1 PTCLDY (SCALE 4-7) 15
TOTAL FM JUL 1 1198 CLOUDY (SCALE 8-10) 9
DPTR FM NORMAL -49
[CDD (BASE 65) ]
TOTAL THIS MO. 1
DPTR FM NORMAL 1 [PRESSURE DATA]
TOTAL FM JAN 1 1330 HIGHEST SLP 30.60 ON 7
DPTR FM NORMAL 259 LOWEST SLP 29.41 ON 5
[REMARKS]
#FINAL-11-22#