000
CXUS54 KFWD 010830
CF6DTO
PRELIMINARY LOCAL CLIMATOLOGICAL DATA (WS FORM: F-6)
STATION: DENTON
MONTH: FEBRUARY
YEAR: 2023
LATITUDE: 33 12 N
LONGITUDE: 97 12 W
TEMPERATURE IN F: :PCPN: SNOW: WIND :SUNSHINE: SKY :PK WND
================================================================================
1 2 3 4 5 6A 6B 7 8 9 10 11 12 13 14 15 16 17 18
12Z AVG MX 2MIN
DY MAX MIN AVG DEP HDD CDD WTR SNW DPTH SPD SPD DIR MIN PSBL S-S WX SPD DR
================================================================================
1 30 26 28 -18 37 0 0.33 M M 7.2 14 10 M M 7 16 17 350
2 34 27 31 -15 34 0 0.19 M M 5.5 13 350 M M 9 16 16 360
3 52 24 38 -8 27 0 0.00 M M 4.0 10 360 M M 0 1 14 360
4 59 26 43 -3 22 0 0.00 M M 8.4 23 180 M M 0 1 29 200
5 68 35 52 6 13 0 0.00 M M 6.6 13 150 M M 0 12 16 160
6 73 52 63 17 2 0 0.00 M M 16.4 29 170 M M 3 37 190
7 64 46 55 8 10 0 0.32 M M 13.3 22 30 M M 10 13 29 30
8 46 34 40 -7 25 0 0.99 M M 10.9 22 290 M M 8 13 31 300
9 60 29 45 -2 20 0 0.00 M M 5.4 14 350 M M 1 12 22 350
10 48 31 40 -7 25 0 T M M 11.5 22 330 M M 9 29 330
11 56 30 43 -4 22 0 0.00 M M 6.0 14 320 M M 2 18 310
12 66 26 46 -2 19 0 0.00 M M 6.4 18 190 M M 0 23 180
13 64 33 49 1 16 0 T M M 8.5 31 150 M M 0 41 160
14 69 50 60 12 5 0 0.58 M M 15.0 35 230 M M 4 13 51 200
15 76 40 58 10 7 0 0.00 M M 12.1 29 300 M M 1 39 330
16 50 33 42 -6 23 0 0.00 M M 16.0 28 310 M M 4 36 310
17 51 27 39 -10 26 0 0.00 M M 6.7 18 340 M M 0 25 360
18 52 24 38 -11 27 0 0.00 M M 8.6 23 160 M M 0 28 160
19 71 41 56 7 9 0 T M M 10.9 21 200 M M 1 27 210
20 81 57 69 20 0 4 0.00 M M 9.7 23 240 M M 0 31 240
21 87 52 70 20 0 5 0.00 M M 12.0 31 170 M M 0 43 180
22 79 54 67 17 0 2 0.33 M M 14.2 37 170 M M 4 13 50 180
23 62 38 50 0 15 0 0.00 M M 12.4 22 360 M M 3 28 360
24 45 39 42 -8 23 0 0.03 M M 10.2 17 30 M M 10 1 22 30
25 47 36 42 -9 23 0 0.01 M M 4.6 13 10 M M 10 1 16 360
26 76 45 61 10 4 0 0.31 M M 10.4 40 180 M M 8 128 55 190
27 73 47 60 9 5 0 0.00 M M 8.3 18 240 M M 4 18 27 250
28 82 39 61 10 4 0 0.00 M M 6.5 15 200 M M 0 22 200
================================================================================
SM 1721 1041 443 11 3.09 M 267.7 M 98
================================================================================
AV 61.5 37.2 9.6 FASTST M M 4 MAX(MPH)
MISC ----> 40 180 55 190
================================================================================
NOTES:
# LAST OF SEVERAL OCCURRENCES
COLUMN 17 PEAK WIND IN M.P.H.
PRELIMINARY LOCAL CLIMATOLOGICAL DATA (WS FORM: F-6) , PAGE 2
STATION: DENTON
MONTH: FEBRUARY
YEAR: 2023
LATITUDE: 33 12 N
LONGITUDE: 97 12 W
[TEMPERATURE DATA] [PRECIPITATION DATA] SYMBOLS USED IN COLUMN 16
AVERAGE MONTHLY: 49.3 TOTAL FOR MONTH: 3.09 1 = FOG OR MIST
DPTR FM NORMAL: 1.1 DPTR FM NORMAL: 0.61 2 = FOG REDUCING VISIBILITY
HIGHEST: 87 ON 21 GRTST 24HR 1.31 ON 7- 8 TO 1/4 MILE OR LESS
LOWEST: 24 ON 18, 3 3 = THUNDER
SNOW, ICE PELLETS, HAIL 4 = ICE PELLETS
TOTAL MONTH: M 5 = HAIL
GRTST 24HR M ON M 6 = FREEZING RAIN OR DRIZZLE
GRTST DEPTH: M ON M 7 = DUSTSTORM OR SANDSTORM:
VSBY 1/2 MILE OR LESS
8 = SMOKE OR HAZE
[NO. OF DAYS WITH] [WEATHER - DAYS WITH] 9 = BLOWING SNOW
X = TORNADO
MAX 32 OR BELOW: 1 0.01 INCH OR MORE: 9
MAX 90 OR ABOVE: 0 0.10 INCH OR MORE: 7
MIN 32 OR BELOW: 10 0.50 INCH OR MORE: 2
MIN 0 OR BELOW: 0 1.00 INCH OR MORE: 0
[HDD (BASE 65) ]
TOTAL THIS MO. 443 CLEAR (SCALE 0-3) 16
DPTR FM NORMAL -32 PTCLDY (SCALE 4-7) 5
TOTAL FM JUL 1 1966 CLOUDY (SCALE 8-10) 7
DPTR FM NORMAL -224
[CDD (BASE 65) ]
TOTAL THIS MO. 11
DPTR FM NORMAL 6 [PRESSURE DATA]
TOTAL FM JAN 1 12 HIGHEST SLP 30.64 ON 3
DPTR FM NORMAL 11 LOWEST SLP 29.44 ON 22
[REMARKS]
#FINAL-02-23#