000
CXUS51 KPBZ 010730
CF6DUJ
PRELIMINARY LOCAL CLIMATOLOGICAL DATA (WS FORM: F-6)
STATION: DUBOIS PA
MONTH: SEPTEMBER
YEAR: 2022
LATITUDE: 41 10 N
LONGITUDE: 78 54 W
TEMPERATURE IN F: :PCPN: SNOW: WIND :SUNSHINE: SKY :PK WND
================================================================================
1 2 3 4 5 6A 6B 7 8 9 10 11 12 13 14 15 16 17 18
12Z AVG MX 2MIN
DY MAX MIN AVG DEP HDD CDD WTR SNW DPTH SPD SPD DIR MIN PSBL S-S WX SPD DR
================================================================================
1 76 56 66 0 0 1 0.00 M M 6.6 16 340 M M 1 22 330
2 79 49 64 -1 1 0 0.00 M M 5.6 12 130 M M 0 16 110
3 81 65 73 8 0 8 0.00 M M 4.5 10 240 M M 4 15 200
4 76 67 72 7 0 7 0.31 M M 3.1 10 120 M M 8 13 15 130
5 74 67 71 7 0 6 0.16 M M 2.8 9 90 M M 9 1 13 100
6 73 65 69 5 0 4 0.10 M M 3.2 9 40 M M 6 1238 12 30
7 73 63 68 4 0 3 0.24 M M 5.9 13 10 M M 9 1 15 10
8 77 59 68 4 0 3 0.00 M M 2.4 9 60 M M 6 1 11 30
9 80 55 68 5 0 3 0.00 M M 4.7 12 120 M M 1 1 15 120
10 73 57 65 2 0 0 0.00 M M 5.9 10 150 M M 1 16 160
11 71 62 67 4 0 2 0.47 M M 5.8 12 120 M M 9 1 16 110
12 77 61 69 7 0 4 0.32 M M 5.1 14 250 M M 8 18 17 240
13 69 55 62 0 3 0 0.00 M M 7.4 23 240 M M 8 12 27 250
14 73 52 63 1 2 0 0.00 M M 6.6 12 260 M M 6 12 16 260
15 70 51 61 0 4 0 0.00 M M 3.7 10 340 M M 2 1 12 350
16 75 48 62 1 3 0 0.00 M M 2.6 9 320 M M 1 12 12 320
17 78 53 66 5 0 1 0.00 M M 3.2 12 220 M M 1 12 17 240
18 80 60 70 10 0 5 0.00 M M 6.0 20 230 M M 2 1 26 250
19 71 60 66 6 0 1 0.12 M M 7.0 14 240 M M 5 13 20 220
20 76 54 65 5 0 0 0.00 M M 5.6 17 320 M M 4 12 21 290
21 77 52 65 6 0 0 0.03 M M 5.8 16 230 M M 3 1 24 220
22 73 45 59 0 6 0 1.51 M M 11.5 26 260 M M 7 138 36 260
23 57 39 48 -10 17 0 0.00 M M 7.6 18 310 M M 1 26 320
24 65 39 52 -6 13 0 0.00 M M 2.3 10 230 M M 4 1 13 190
25 64 54 59 1 6 0 0.34 M M 9.4 20 230 M M 10 138 30 200
26 64 49 57 0 8 0 0.30 M M 14.2 28 250 M M 8 1 35 250
27 59 45 52 -5 13 0 0.06 M M 10.6 20 250 M M 8 1 25 240
28 61 46 54 -2 11 0 0.10 M M 7.4 15 320 M M 8 128 19 320
29 63 44 54 -2 11 0 0.00 M M 6.0 17 30 M M 5 24 30
30 58 37 48 -8 17 0 0.00 M M 6.1 10 60 M M 0 15 60
================================================================================
SM 2143 1609 115 48 4.06 M 178.6 M 145
================================================================================
AV 71.4 53.6 6.0 FASTST M M 5 MAX(MPH)
MISC ----> 28 250 36 260
================================================================================
NOTES:
# LAST OF SEVERAL OCCURRENCES
COLUMN 17 PEAK WIND IN M.P.H.
PRELIMINARY LOCAL CLIMATOLOGICAL DATA (WS FORM: F-6) , PAGE 2
STATION: DUBOIS PA
MONTH: SEPTEMBER
YEAR: 2022
LATITUDE: 41 10 N
LONGITUDE: 78 54 W
[TEMPERATURE DATA] [PRECIPITATION DATA] SYMBOLS USED IN COLUMN 16
AVERAGE MONTHLY: 62.5 TOTAL FOR MONTH: 4.06 1 = FOG OR MIST
DPTR FM NORMAL: 1.5 DPTR FM NORMAL: 0.10 2 = FOG REDUCING VISIBILITY
HIGHEST: 81 ON 3 GRTST 24HR 1.51 ON 22-22 TO 1/4 MILE OR LESS
LOWEST: 37 ON 30 3 = THUNDER
SNOW, ICE PELLETS, HAIL 4 = ICE PELLETS
TOTAL MONTH: M 5 = HAIL
GRTST 24HR M ON M 6 = FREEZING RAIN OR DRIZZLE
GRTST DEPTH: M ON M 7 = DUSTSTORM OR SANDSTORM:
VSBY 1/2 MILE OR LESS
8 = SMOKE OR HAZE
[NO. OF DAYS WITH] [WEATHER - DAYS WITH] 9 = BLOWING SNOW
X = TORNADO
MAX 32 OR BELOW: 0 0.01 INCH OR MORE: 13
MAX 90 OR ABOVE: 0 0.10 INCH OR MORE: 11
MIN 32 OR BELOW: 0 0.50 INCH OR MORE: 1
MIN 0 OR BELOW: 0 1.00 INCH OR MORE: 1
[HDD (BASE 65) ]
TOTAL THIS MO. 115 CLEAR (SCALE 0-3) 11
DPTR FM NORMAL -44 PTCLDY (SCALE 4-7) 13
TOTAL FM JUL 1 122 CLOUDY (SCALE 8-10) 6
DPTR FM NORMAL -89
[CDD (BASE 65) ]
TOTAL THIS MO. 48
DPTR FM NORMAL 9 [PRESSURE DATA]
TOTAL FM JAN 1 597 HIGHEST SLP 30.47 ON 29
DPTR FM NORMAL 187 LOWEST SLP 29.57 ON 25
[REMARKS]
#FINAL-09-22#