000
CXUS53 KFGF 010915
CF6DVL
PRELIMINARY LOCAL CLIMATOLOGICAL DATA (WS FORM: F-6)
STATION: DEVILS LAKE ND
MONTH: NOVEMBER
YEAR: 2021
LATITUDE: 48 7 N
LONGITUDE: 98 54 W
TEMPERATURE IN F: :PCPN: SNOW: WIND :SUNSHINE: SKY :PK WND
================================================================================
1 2 3 4 5 6A 6B 7 8 9 10 11 12 13 14 15 16 17 18
12Z AVG MX 2MIN
DY MAX MIN AVG DEP HDD CDD WTR SNW DPTH SPD SPD DIR MIN PSBL S-S WX SPD DR
================================================================================
1 38 22 30 -3 35 0 0.00 M M 8.0 10 300 M M 6 M M
2 38 22 30 -2 35 0 0.00 M M 4.8 10 250 M M 5 M M
3 48 26 37 5 28 0 0.00 M M 7.4 13 170 M M 0 M M
4 56 25 41 9 24 0 0.00 M M 6.6 15 180 M M 0 1 M M
5 56 38 47 16 18 0 T M M 10.1 16 270 M M 3 M M
6 60 37 49 19 16 0 0.00 M M 8.7 15 260 M M 0 M M
7 56 36 46 16 19 0 0.00 M M 6.9 13 260 M M 3 M M
8 50 34 42 12 23 0 0.00 M M 11.5 17 260 M M 0 M M
9 49 29 39 10 26 0 0.00 M M 8.9 20 230 M M 0 24 230
10 44 34 39 10 26 0 0.31 M M 11.5 17 120 M M 7 23 140
11 36 27 32 4 33 0 T M M 22.9 36 350 M M 9 1 47 360
12 27 23 25 -3 40 0 T M M 23.0 36 340 M M 10 1 48 350
13 26 21 24 -3 41 0 0.04 M M 12.5 22 160 M M 10 12 30 160
14 29 17 23 -4 42 0 0.04 M M 7.8 17 150 M M 10 1 M M
15 32 27 30 4 35 0 T M M 13.4 21 150 M M 10 1 27 150
16 42 32 37 11 28 0 T M M 19.7 40 260 M M 7 1 53 270
17 33 23 28 2 37 0 T M M 31.1 43 280 M M 10 52 300
18 27 19 23 -2 42 0 T M M 14.7 29 310 M M 4 36 300
19 39 23 31 6 34 0 0.00 M M 13.6 20 170 M M 2 28 150
20 40 20 30 6 35 0 0.00 M M 12.4 20 220 M M 1 25 220
21 36 13 25 1 40 0 T M M 18.4 28 320 M M 4 39 330
22 33 19 26 3 39 0 0.00 M M 6.4 10 160 M M 4 M M
23 44 27 36 13 29 0 0.00 M M 9.4 16 220 M M 0 M M
24 29 1 15 -7 50 0 T M M 15.2 23 360 M M 6 1 29 360
25 23 -1 11 -11 54 0 0.00 M M 10.5 20 170 M M 3 24 160
26 43 22 33 11 32 0 0.00 M M 6.1 15 170 M M 5 M M
27 41 20 31 10 34 0 0.00 M M 12.3 23 320 M M 3 31 300
28 35 19 27 6 38 0 T M M 9.3 16 150 M M 6 21 150
29 45 27 36 16 29 0 0.01 M M 10.8 16 290 M M 3 M M
30 37 21 29 9 36 0 T M M 9.7 17 150 M M 3 8 23 150
================================================================================
SM 1192 703 998 0 0.40 M 363.5 M 134
================================================================================
AV 39.7 23.4 12.1 FASTST M M 4 MAX(MPH)
MISC ----> 43 280 53 270
================================================================================
NOTES:
# LAST OF SEVERAL OCCURRENCES
COLUMN 17 PEAK WIND IN M.P.H.
PRELIMINARY LOCAL CLIMATOLOGICAL DATA (WS FORM: F-6) , PAGE 2
STATION: DEVILS LAKE ND
MONTH: NOVEMBER
YEAR: 2021
LATITUDE: 48 7 N
LONGITUDE: 98 54 W
[TEMPERATURE DATA] [PRECIPITATION DATA] SYMBOLS USED IN COLUMN 16
AVERAGE MONTHLY: 31.6 TOTAL FOR MONTH: 0.40 1 = FOG OR MIST
DPTR FM NORMAL: 5.3 DPTR FM NORMAL: -0.35 2 = FOG REDUCING VISIBILITY
HIGHEST: 60 ON 6 GRTST 24HR 0.31 ON 10-10 TO 1/4 MILE OR LESS
LOWEST: -1 ON 25 3 = THUNDER
SNOW, ICE PELLETS, HAIL 4 = ICE PELLETS
TOTAL MONTH: M 5 = HAIL
GRTST 24HR M ON M 6 = FREEZING RAIN OR DRIZZLE
GRTST DEPTH: M ON M 7 = DUSTSTORM OR SANDSTORM:
VSBY 1/2 MILE OR LESS
8 = SMOKE OR HAZE
[NO. OF DAYS WITH] [WEATHER - DAYS WITH] 9 = BLOWING SNOW
X = TORNADO
MAX 32 OR BELOW: 7 0.01 INCH OR MORE: 4
MAX 90 OR ABOVE: 0 0.10 INCH OR MORE: 1
MIN 32 OR BELOW: 25 0.50 INCH OR MORE: 0
MIN 0 OR BELOW: 1 1.00 INCH OR MORE: 0
[HDD (BASE 65) ]
TOTAL THIS MO. 998 CLEAR (SCALE 0-3) 13
DPTR FM NORMAL -164 PTCLDY (SCALE 4-7) 11
TOTAL FM JUL 1 1673 CLOUDY (SCALE 8-10) 6
DPTR FM NORMAL -468
[CDD (BASE 65) ]
TOTAL THIS MO. 0
DPTR FM NORMAL 0 [PRESSURE DATA]
TOTAL FM JAN 1 653 HIGHEST SLP M ON M
DPTR FM NORMAL 399 LOWEST SLP M ON M
[REMARKS]
#FINAL-11-21#