000
CXUS55 KDVN 010736
CF6DVN
PRELIMINARY LOCAL CLIMATOLOGICAL DATA (WS FORM: F-6)
STATION: DAVENPORT IA
MONTH: JULY
YEAR: 2023
LATITUDE: 41 37 N
LONGITUDE: 90 35 W
TEMPERATURE IN F: :PCPN: SNOW: WIND :SUNSHINE: SKY :PK WND
================================================================================
1 2 3 4 5 6A 6B 7 8 9 10 11 12 13 14 15 16 17 18
12Z AVG MX 2MIN
DY MAX MIN AVG DEP HDD CDD WTR SNW DPTH SPD SPD DIR MIN PSBL S-S WX SPD DR
================================================================================
1 78 69 74 1 0 9 0.09 0.0 0 4.6 10 10 M M 6 18 16 200
2 81 69 75 1 0 10 0.34 0.0 0 5.4 15 10 M M 6 138 26 10
3 89 62 76 2 0 11 0.00 0.0 0 3.9 9 230 M M 0 18 13 290
4 89 68 79 5 0 14 0.00 0.0 0 5.9 13 180 M M 0 18 18 190
5 89 67 78 4 0 13 T T 0 6.2 16 320 M M 3 358 24 310
6 79 57 68 -6 0 3 0.00 0.0 0 8.2 15 300 M M 0 23 300
7 78 52 65 -9 0 0 0.15 0.0 0 5.1 10 260 M M 4 1 15 70
8 81 59 70 -4 0 5 0.01 0.0 0 6.3 16 340 M M 5 1 24 330
9 82 58 70 -4 0 5 0.00 0.0 0 6.5 13 310 M M 0 19 280
10 85 56 71 -3 0 6 0.00 0.0 0 7.9 16 220 M M 0 25 220
11 89 69 79 5 0 14 0.00 0.0 0 6.6 16 270 M M 1 3 22 270
12 83 64 74 0 0 9 1.73 0.0 0 10.7 31 310 M M 5 123 43 300
13 83 63 73 -1 0 8 T 0.0 0 4.6 15 190 M M 5 1 20 190
14 88 67 78 4 0 13 0.63 0.0 0 6.8 22 340 M M 2 123 28 300
15 82 68 75 1 0 10 0.01 0.0 0 7.6 17 300 M M 1 18 23 300
16 80 61 71 -3 0 6 0.00 0.0 0 5.5 13 270 M M 0 18 19 270
17 78 55 67 -7 0 2 0.00 0.0 0 5.2 15 300 M M 2 18 20 270
18 79 52 66 -8 0 1 0.00 0.0 0 3.4 10 50 M M 0 1 16 30
19 83 56 70 -4 0 5 0.00 0.0 0 4.5 13 130 M M 0 19 140
20 83 61 72 -2 0 7 0.00 0.0 0 8.6 20 290 M M 1 1 29 300
21 81 57 69 -5 0 4 0.00 0.0 0 3.9 12 340 M M 1 16 20
22 83 56 70 -4 0 5 T 0.0 0 5.8 23 350 M M 2 3 34 360
23 86 60 73 -1 0 8 0.04 0.0 0 2.2 8 40 M M 1 13 12 360
24 87 61 74 0 0 9 0.00 0.0 0 2.2 8 270 M M 1 18 11 180
25 91 64 78 4 0 13 0.00 0.0 0 7.2 15 130 M M 1 18 21 120
26 91 71 81 7 0 16 0.14 0.0 0 6.0 16 170 M M 1 13 23 180
27 93 69 81 7 0 16 0.02 0.0 0 4.7 14 100 M M 0 1 17 100
28 95 70 83 9 0 18 0.22 0.0 0 9.4 38 320 M M 2 13 58 330
29 85 65 75 1 0 10 0.00 0.0 0 5.3 15 10 M M 3 1 18 10
30 83 64 74 1 0 9 0.00 0.0 0 5.9 14 350 M M 1 20 350
31 86 61 74 1 0 9 0.00 0.0 0 3.4 10 220 M M 2 14 220
================================================================================
SM 2620 1931 0 268 3.38 T 179.5 M 56
================================================================================
AV 84.5 62.3 5.8 FASTST M M 2 MAX(MPH)
MISC ----> 38 320 58 330
================================================================================
NOTES:
# LAST OF SEVERAL OCCURRENCES
COLUMN 17 PEAK WIND IN M.P.H.
PRELIMINARY LOCAL CLIMATOLOGICAL DATA (WS FORM: F-6) , PAGE 2
STATION: DAVENPORT IA
MONTH: JULY
YEAR: 2023
LATITUDE: 41 37 N
LONGITUDE: 90 35 W
[TEMPERATURE DATA] [PRECIPITATION DATA] SYMBOLS USED IN COLUMN 16
AVERAGE MONTHLY: 73.4 TOTAL FOR MONTH: 3.38 1 = FOG OR MIST
DPTR FM NORMAL: -0.3 DPTR FM NORMAL: -0.69 2 = FOG REDUCING VISIBILITY
HIGHEST: 95 ON 28 GRTST 24HR 1.73 ON 12-12 TO 1/4 MILE OR LESS
LOWEST: 52 ON 18, 7 3 = THUNDER
SNOW, ICE PELLETS, HAIL 4 = ICE PELLETS
TOTAL MONTH: T 5 = HAIL
GRTST 24HR T ON 5- 5 6 = FREEZING RAIN OR DRIZZLE
GRTST DEPTH: 0 7 = DUSTSTORM OR SANDSTORM:
VSBY 1/2 MILE OR LESS
8 = SMOKE OR HAZE
[NO. OF DAYS WITH] [WEATHER - DAYS WITH] 9 = BLOWING SNOW
X = TORNADO
MAX 32 OR BELOW: 0 0.01 INCH OR MORE: 11
MAX 90 OR ABOVE: 4 0.10 INCH OR MORE: 6
MIN 32 OR BELOW: 0 0.50 INCH OR MORE: 2
MIN 0 OR BELOW: 0 1.00 INCH OR MORE: 1
[HDD (BASE 65) ]
TOTAL THIS MO. 0 CLEAR (SCALE 0-3) 24
DPTR FM NORMAL -4 PTCLDY (SCALE 4-7) 7
TOTAL FM JUL 1 0 CLOUDY (SCALE 8-10) 0
DPTR FM NORMAL 0
[CDD (BASE 65) ]
TOTAL THIS MO. 268
DPTR FM NORMAL -6 [PRESSURE DATA]
TOTAL FM JAN 1 594 HIGHEST SLP 30.16 ON 31
DPTR FM NORMAL 40 LOWEST SLP 29.71 ON 12
[REMARKS]
#FINAL-07-23#