000
CXUS55 KDVN 011100
CF6DVN
PRELIMINARY LOCAL CLIMATOLOGICAL DATA (WS FORM: F-6)
STATION: DAVENPORT IA
MONTH: JANUARY
YEAR: 2024
LATITUDE: 41 37 N
LONGITUDE: 90 35 W
TEMPERATURE IN F: :PCPN: SNOW: WIND :SUNSHINE: SKY :PK WND
================================================================================
1 2 3 4 5 6A 6B 7 8 9 10 11 12 13 14 15 16 17 18
12Z AVG MX 2MIN
DY MAX MIN AVG DEP HDD CDD WTR SNW DPTH SPD SPD DIR MIN PSBL S-S WX SPD DR
================================================================================
1 31 23 27 4 38 0 0.00 0.0 0 8.9 15 230 M M 9 19 220
2 34 24 29 6 36 0 0.00 0.0 0 11.2 18 240 M M 5 25 220
3 35 32 34 11 31 0 0.00 0.0 0 7.4 13 290 M M 10 1 17 300
4 37 23 30 7 35 0 0.00 0.0 0 3.3 10 220 M M 7 14 190
5 37 24 31 8 34 0 0.00 0.0 0 7.3 18 170 M M 2 23 180
6 34 30 32 10 33 0 0.03 0.5 T 5.3 12 100 M M 10 18 15 100
7 33 23 28 6 37 0 T T T 7.7 20 240 M M 8 1 24 240
8 36 27 32 10 33 0 0.07 3.0 T 13.1 22 80 M M 4 1 29 90
9 34 31 33 11 32 0 0.94 7.8 4 20.3 30 10 M M 10 12 39 10
10 33 24 29 7 36 0 0.00 0.0 7 13.0 23 280 M M 10 1 31 270
11 31 20 26 4 39 0 0.01 0.2 7 10.3 22 270 M M 10 18 26 260
12 33 22 28 6 37 0 1.50 14.8 11 20.2 29 310 M M 10 12689 39 300
13 22 -8 7 -15 58 0 0.01 0.3 16 23.9 33 280 M M 8 189 46 300
14 -8 -15 -11 -33 76 0 0.00 0.0 15 15.4 30 270 M M 3 8 39 270
15 0 -14 -7 -29 72 0 0.00 0.0 15 12.3 20 270 M M 2 26 270
16 3 -10 -3 -25 68 0 0.00 0.0 15 14.7 21 240 M M 0 28 240
17 20 1 11 -11 54 0 0.00 0.0 15 9.8 20 220 M M 4 25 220
18 22 12 17 -4 48 0 0.07 1.3 14 8.0 18 330 M M 8 18 24 340
19 12 -4 4 -17 61 0 T T 15 14.2 20 290 M M 5 8 25 320
20 5 -10 -2 -23 67 0 0.00 0.0 14 7.7 13 260 M M 0 17 290
21 26 -8 9 -12 56 0 0.00 0.0 13 12.4 24 170 M M 3 1 32 170
22 34 26 30 9 35 0 0.03 T 13 12.9 23 180 M M 10 146 31 180
23 35 33 34 12 31 0 0.36 0.0 12 6.5 12 30 M M 10 12 14 60
24 37 33 35 13 30 0 0.13 0.0 10 6.3 10 70 M M 10 126 14 70
25 37 34 36 14 29 0 0.21 0.0 9 5.4 12 20 M M 10 12 15 30
26 38 34 36 14 29 0 0.05 0.0 7 4.0 9 270 M M 10 12 11 270
27 37 34 36 14 29 0 T 0.0 5 7.0 16 340 M M 10 12 21 330
28 35 32 34 12 31 0 T 0.0 4 11.2 20 340 M M 10 1 24 340
29 43 30 37 15 28 0 0.00 0.0 3 9.4 16 190 M M 6 12 20 200
30 40 34 37 15 28 0 T 0.0 T 10.5 16 300 M M 9 20 300
31 49 35 42 20 23 0 0.00 0.0 T 9.9 16 220 M M 5 22 210
================================================================================
SM 895 572 1274 0 3.41 27.9 329.5 M 218
================================================================================
AV 28.9 18.5 10.6 FASTST M M 7 MAX(MPH)
MISC ----> 33 280 46 300
================================================================================
NOTES:
# LAST OF SEVERAL OCCURRENCES
COLUMN 17 PEAK WIND IN M.P.H.
PRELIMINARY LOCAL CLIMATOLOGICAL DATA (WS FORM: F-6) , PAGE 2
STATION: DAVENPORT IA
MONTH: JANUARY
YEAR: 2024
LATITUDE: 41 37 N
LONGITUDE: 90 35 W
[TEMPERATURE DATA] [PRECIPITATION DATA] SYMBOLS USED IN COLUMN 16
AVERAGE MONTHLY: 23.7 TOTAL FOR MONTH: 3.41 1 = FOG OR MIST
DPTR FM NORMAL: 1.8 DPTR FM NORMAL: 2.27 2 = FOG REDUCING VISIBILITY
HIGHEST: 49 ON 31 GRTST 24HR 1.50 ON 12-12 TO 1/4 MILE OR LESS
LOWEST: -15 ON 14 3 = THUNDER
SNOW, ICE PELLETS, HAIL 4 = ICE PELLETS
TOTAL MONTH: 27.9 INCHES 5 = HAIL
GRTST 24HR 14.8 ON 12-12 6 = FREEZING RAIN OR DRIZZLE
GRTST DEPTH: 16 ON 13 7 = DUSTSTORM OR SANDSTORM:
VSBY 1/2 MILE OR LESS
8 = SMOKE OR HAZE
[NO. OF DAYS WITH] [WEATHER - DAYS WITH] 9 = BLOWING SNOW
X = TORNADO
MAX 32 OR BELOW: 11 0.01 INCH OR MORE: 12
MAX 90 OR ABOVE: 0 0.10 INCH OR MORE: 5
MIN 32 OR BELOW: 24 0.50 INCH OR MORE: 2
MIN 0 OR BELOW: 7 1.00 INCH OR MORE: 1
[HDD (BASE 65) ]
TOTAL THIS MO. 1274 CLEAR (SCALE 0-3) 5
DPTR FM NORMAL -60 PTCLDY (SCALE 4-7) 9
TOTAL FM JUL 1 3208 CLOUDY (SCALE 8-10) 17
DPTR FM NORMAL -581
[CDD (BASE 65) ]
TOTAL THIS MO. 0
DPTR FM NORMAL 0 [PRESSURE DATA]
TOTAL FM JAN 1 0 HIGHEST SLP 30.71 ON 20
DPTR FM NORMAL 0 LOWEST SLP 29.09 ON 9
[REMARKS]
#FINAL-01-24#