000
CXUS53 KDVN 011320
CLMDVN
CLIMATE REPORT
NATIONAL WEATHER SERVICE QUAD CITIES IA IL
720 AM CST MON JAN 01 2024
...................................
...THE DAVENPORT IA CLIMATE SUMMARY FOR THE MONTH OF DECEMBER 2023...
CLIMATE NORMAL PERIOD 1991 TO 2020
CLIMATE RECORD PERIOD 9999 TO 9999
WEATHER OBSERVED NORMAL DEPART LAST YEAR`S
VALUE DATE(S) VALUE FROM VALUE
NORMAL
..............................................................
TEMPERATURE (F)
HIGHEST 58 12/08 39 19
12/15
LOWEST 12 12/19 13 -1
AVG. MAXIMUM 43.7 35.1 8.6
AVG. MINIMUM 30.9 20.1 10.8
MEAN 37.3 27.6 9.7
DAYS MAX >= 90 0
DAYS MAX <= 32 1
DAYS MIN <= 32 16
DAYS MIN <= 0 0
PRECIPITATION (INCHES)
TOTALS 2.44 1.64 0.80
DAILY AVG. 0.08 0.05 0.03
DAYS >= .01 14
DAYS >= .10 9
DAYS >= .50 1
DAYS >= 1.00 0
GREATEST
24 HR. TOTAL 0.56 12/24 TO 12/25
SNOWFALL (INCHES)
TOTALS 5.2
SINCE 7/1 8.5
SNOWDEPTH AVG. 0
DAYS >= TRACE 12
DAYS >= 1.0 2
GREATEST
SNOW DEPTH 2 12/29
24 HR TOTAL 3.0 12/28 TO 12/29
DEGREE DAYS
HEATING TOTAL 850 1159 -309
SINCE 7/1 1934 2452 -518
COOLING TOTAL 0 0 0
SINCE 1/1 1029 879 150
..............................................................
WIND (MPH)
AVERAGE WIND SPEED 9.8
HIGHEST WIND SPEED/DIRECTION 35/310 DATE 12/18
HIGHEST GUST SPEED/DIRECTION 50/310 DATE 12/18
SKY COVER
POSSIBLE SUNSHINE (PERCENT) MM
AVERAGE SKY COVER 0.61
NUMBER OF DAYS FAIR 11
NUMBER OF DAYS PC 3
NUMBER OF DAYS CLOUDY 17
AVERAGE RH (PERCENT) 76
WEATHER CONDITIONS. NUMBER OF DAYS WITH
THUNDERSTORM 0 HAIL 0
SLEET 0 FOG 20
FOG W/VIS <= 1/4 MILE 4 HAZE 8
- INDICATES NEGATIVE NUMBERS.
R INDICATES RECORD WAS SET OR TIED.
MM INDICATES DATA IS MISSING.
T INDICATES TRACE AMOUNT.
$$
===================================================================
NOTE: SUPPLEMENTAL CLIMATE DATA WAS USED FROM A NEARBY
CLIMATOLOGICALLY REPRESENTATIVE STATION.
===================================================================
PARAMETER DATE
--------- ----
SNW ALL