000
CXUS55 KPSR 011005
CF6DVT
PRELIMINARY LOCAL CLIMATOLOGICAL DATA (WS FORM: F-6)
STATION: DEER VLY/PHOENIX AZ
MONTH: APRIL
YEAR: 2023
LATITUDE: 33 41 N
LONGITUDE: 112 4 W
TEMPERATURE IN F: :PCPN: SNOW: WIND :SUNSHINE: SKY :PK WND
================================================================================
1 2 3 4 5 6A 6B 7 8 9 10 11 12 13 14 15 16 17 18
12Z AVG MX 2MIN
DY MAX MIN AVG DEP HDD CDD WTR SNW DPTH SPD SPD DIR MIN PSBL S-S WX SPD DR
================================================================================
1 79 48 64 -2 1 0 0.00 M M 4.5 15 270 M M 0 18 290
2 78 47 63 -3 2 0 0.00 M M 4.9 16 270 M M 0 22 270
3 78 49 64 -3 1 0 0.00 M M 13.5 33 260 M M 2 8 45 260
4 61 43 52 -15 13 0 0.00 0.0 M 14.3 29 300 M M 1 44 290
5 68 40 54 -13 11 0 0.00 0.0 M 5.9 18 310 M M 0 23 300
6 79 45 62 -5 3 0 0.00 M M 3.9 12 180 M M 0 15 180
7 80 47 64 -4 1 0 0.00 M M 3.9 12 250 M M 0 16 290
8 81 49 65 -3 0 0 0.00 M M 4.4 12 270 M M 0 17 230
9 88 52 70 2 0 5 0.00 M M 4.7 14 50 M M 0 18 50
10 96 63 80 12 0 15 0.00 M M 5.3 15 180 M M 0 22 180
11 96 62 79 11 0 14 0.00 M M 5.1 17 180 M M 0 23 180
12 88 58 73 4 0 8 0.00 M M 5.8 16 240 M M 0 21 250
13 79 59 69 0 0 4 0.00 M M 6.2 22 280 M M 0 28 270
14 75 55 65 -4 0 0 0.00 M M 5.2 16 230 M M 1 22 230
15 83 54 69 0 0 4 0.00 M M 5.5 13 250 M M 0 18 260
16 88 56 72 2 0 7 0.00 M M 5.0 12 260 M M 0 17 220
17 88 56 72 2 0 7 0.00 M M 7.2 17 240 M M 0 23 260
18 82 61 72 2 0 7 0.00 M M 8.1 17 240 M M 0 23 250
19 81 59 70 0 0 5 0.00 M M 7.9 21 250 M M 0 34 260
20 84 53 69 -1 0 4 0.00 0.0 M 5.6 17 280 M M 0 22 280
21 87 56 72 1 0 7 0.00 0.0 M 4.1 14 220 M M 0 23 250
22 92 61 77 6 0 12 0.00 0.0 M 6.1 22 290 M M 0 28 260
23 91 60 76 5 0 11 0.00 0.0 M 6.3 18 290 M M 0 24 300
24 89 65 77 5 0 12 0.00 M M 6.9 17 260 M M 0 25 260
25 88 62 75 3 0 10 0.00 M M 8.7 22 230 M M 0 33 240
26 88 63 76 4 0 11 0.00 M M 6.4 17 260 M M 0 28 220
27 93 61 77 5 0 12 0.00 M M 5.7 17 240 M M 0 23 220
28 98 61 80 7 0 15 0.00 M M 5.3 17 40 M M 0 23 30
29 96 62 79 6 0 14 0.00 M M 5.3 13 140 M M 0 19 150
30 99 62 81 8 0 16 0.00 M M 5.1 16 260 M M 0 23 250
================================================================================
SM 2553 1669 32 200 0.00 0.0 186.8 M 4
================================================================================
AV 85.1 55.6 6.2 FASTST M M 0 MAX(MPH)
MISC ----> 33 260 45 260
================================================================================
NOTES:
# LAST OF SEVERAL OCCURRENCES
COLUMN 17 PEAK WIND IN M.P.H.
PRELIMINARY LOCAL CLIMATOLOGICAL DATA (WS FORM: F-6) , PAGE 2
STATION: DEER VLY/PHOENIX AZ
MONTH: APRIL
YEAR: 2023
LATITUDE: 33 41 N
LONGITUDE: 112 4 W
[TEMPERATURE DATA] [PRECIPITATION DATA] SYMBOLS USED IN COLUMN 16
AVERAGE MONTHLY: 70.4 TOTAL FOR MONTH: 0.00 1 = FOG OR MIST
DPTR FM NORMAL: 0.8 DPTR FM NORMAL: -0.35 2 = FOG REDUCING VISIBILITY
HIGHEST: 99 ON 30 GRTST 24HR 0.00 ON 1- 1 TO 1/4 MILE OR LESS
LOWEST: 40 ON 5 3 = THUNDER
SNOW, ICE PELLETS, HAIL 4 = ICE PELLETS
TOTAL MONTH: 0.0 INCH 5 = HAIL
GRTST 24HR 0.0 6 = FREEZING RAIN OR DRIZZLE
GRTST DEPTH: M ON M 7 = DUSTSTORM OR SANDSTORM:
VSBY 1/2 MILE OR LESS
8 = SMOKE OR HAZE
[NO. OF DAYS WITH] [WEATHER - DAYS WITH] 9 = BLOWING SNOW
X = TORNADO
MAX 32 OR BELOW: 0 0.01 INCH OR MORE: 0
MAX 90 OR ABOVE: 8 0.10 INCH OR MORE: 0
MIN 32 OR BELOW: 0 0.50 INCH OR MORE: 0
MIN 0 OR BELOW: 0 1.00 INCH OR MORE: 0
[HDD (BASE 65) ]
TOTAL THIS MO. 32 CLEAR (SCALE 0-3) 30
DPTR FM NORMAL 3 PTCLDY (SCALE 4-7) 0
TOTAL FM JUL 1 1574 CLOUDY (SCALE 8-10) 0
DPTR FM NORMAL 377
[CDD (BASE 65) ]
TOTAL THIS MO. 200
DPTR FM NORMAL 35 [PRESSURE DATA]
TOTAL FM JAN 1 201 HIGHEST SLP 30.13 ON 5
DPTR FM NORMAL -24 LOWEST SLP 29.53 ON 3
[REMARKS]
#FINAL-04-23#