000
CXUS53 KGID 011449
CLMEAR
CLIMATE REPORT
NATIONAL WEATHER SERVICE HASTINGS NE
949 AM CDT SAT JUL 01 2023
...................................
...THE KEARNEY NE CLIMATE SUMMARY FOR THE MONTH OF JUNE 2023...
CLIMATE NORMAL PERIOD 1991 TO 2020
CLIMATE RECORD PERIOD 1894 TO 2023
WEATHER OBSERVED NORMAL DEPART LAST YEAR`S
VALUE DATE(S) VALUE FROM VALUE DATE(S)
NORMAL
................................................................
TEMPERATURE (F)
HIGHEST 91 06/08 MM MM 103 06/13
06/19
LOWEST 50 06/12 MM MM 44 06/02
06/13
AVG. MAXIMUM 81.9 82.3 -0.4 85.6
AVG. MINIMUM 59.6 58.5 1.1 60.8
MEAN 70.8 70.4 0.3 73.2
DAYS MAX >= 90 2 MM MM 9
DAYS MAX <= 32 0 MM MM 0
DAYS MIN <= 32 0 MM MM 0
DAYS MIN <= 0 0 MM MM 0
PRECIPITATION (INCHES)
TOTALS 5.13 3.90 1.23 4.06
DAILY AVG. 0.17 0.13 0.04 0.14
DAYS >= .01 13 MM MM 10
DAYS >= .10 10 MM MM 7
DAYS >= .50 4 MM MM 4
DAYS >= 1.00 2 MM MM 1
GREATEST
24 HR. TOTAL 1.16 06/02 TO 06/03
DEGREE DAYS
HEATING TOTAL 9 36 -27 9
SINCE 7/1 6074 6508 -434 MM
COOLING TOTAL 190 179 11 264
SINCE 1/1 252 226 26 MM
................................................................
AVERAGE RH (PERCENT) 69
WEATHER CONDITIONS. NUMBER OF DAYS WITH
THUNDERSTORM 13 MIXED PRECIP 0
HEAVY RAIN 4 RAIN 10
LIGHT RAIN 14 FREEZING RAIN 0
LT FREEZING RAIN 0 HAIL 0
HEAVY SNOW 0 SNOW 0
LIGHT SNOW 0 SLEET 0
FOG 10 FOG W/VIS <= 1/4 MILE 2
HAZE 2
- INDICATES NEGATIVE NUMBERS.
R INDICATES RECORD WAS SET OR TIED.
MM INDICATES DATA IS MISSING.
T INDICATES TRACE AMOUNT.
&&
THE PRECIPITATION DATA SHOWN ABOVE IS RECORDED BY THE AUTOMATED
WEATHER OBSERVING SYSTEM AT THE KEARNEY AIRPORT. THE
PRECIPITATION IS DEPICTED FOR A CALENDAR DAY FROM MIDNIGHT TO
MIDNIGHT. SNOWFALL IS NOT RECORDED BY THAT SYSTEM.
THE OFFICIAL PRECIPITATION...SNOWFALL...AND SNOW DEPTH
OBSERVATION FOR KEARNEY IS RECORDED DAILY BY THE
COOPERATIVE OBSERVER AT 7 AM. THAT INFORMATION FOLLOWS...
...KEARNEY 4NE COOPERATIVE OBSERVER REPORT FOR JUNE 2023...
PRECIPITATION (IN)
MONTHLY TOTAL ...................... 6.48
YEAR TO DATE ....................... 13.62
SNOWFALL (IN)
MONTHLY TOTAL ...................... 0.0
SEASONAL TOTAL (SINCE JULY 1ST)..... 32.7
$$
REED