268
CXUS51 KRLX 021210
CF6EKN
PRELIMINARY LOCAL CLIMATOLOGICAL DATA (WS FORM: F-6)
STATION: ELKINS WV
MONTH: SEPTEMBER
YEAR: 2020
LATITUDE: 38 52 N
LONGITUDE: 79 51 W
TEMPERATURE IN F: :PCPN: SNOW: WIND :SUNSHINE: SKY :PK WND
================================================================================
1 2 3 4 5 6A 6B 7 8 9 10 11 12 13 14 15 16 17 18
12Z AVG MX 2MIN
DY MAX MIN AVG DEP HDD CDD WTR SNW DPTH SPD SPD DIR MIN PSBL S-S WX SPD DR
================================================================================
1 84 66 75 8 0 10 0.61 0.0 0 2.6 9 140 M M 8 1 15 200
2 81 65 73 6 0 8 0.41 0.0 0 4.0 15 240 M M 5 1 26 220
3 80 66 73 7 0 8 0.38 0.0 0 5.5 22 240 M M 8 1 31 240
4 79 56 68 2 0 3 T 0.0 0 4.8 15 290 M M 5 23 290
5 75 52 64 -2 1 0 0.00 0.0 0 2.3 14 300 M M 3 12 20 330
6 78 47 63 -3 2 0 0.00 0.0 0 1.7 12 250 M M 3 12 16 270
7 84 51 68 3 0 3 0.00 0.0 0 1.3 7 320 M M 1 12 11 170
8 86 54 70 5 0 5 0.00 0.0 0 1.1 9 330 M M 1 12 11 330
9 83 55 69 4 0 4 0.00 0.0 0 1.0 8 120 M M 4 12 13 130
10 84 62 73 9 0 8 0.00 0.0 0 1.7 10 330 M M 5 1 13 330
11 82 62 72 8 0 7 0.00 0.0 0 2.3 12 320 M M 5 1 16 320
12 82 58 70 6 0 5 0.00 0.0 0 5.5 14 150 M M 4 1 21 130
13 79 64 72 9 0 7 0.45 0.0 0 3.9 13 300 M M 9 1 17 280
14 72 48 60 -3 5 0 0.00 0.0 0 3.9 13 310 M M 5 12 16 320
15 73 48 61 -2 4 0 0.00 0.0 0 1.0 7 350 M M 4 12 9 130
16 78 43 61 -1 4 0 0.00 0.0 0 1.3 8 150 M M 4 12 11 160
17 72 52 62 0 3 0 T 0.0 0 0.3 5 320 M M 6 12 10 10
18 64 44 54 -8 11 0 0.01 0.0 0 3.2 13 320 M M 8 1 16 320
19 67 38 53 -8 12 0 0.00 0.0 0 2.0 10 350 M M 2 1 17 130
20 67 34 51 -10 14 0 0.00 0.0 0 2.0 9 120 M M 2 12 14 120
21 70 33 52 -8 13 0 0.00 0.0 0 2.2 12 140 M M 0 1 16 150
22 69 35 52 -8 13 0 0.00 0.0 0 1.5 10 300 M M 4 12 15 290
23 75 38 57 -3 8 0 0.00 0.0 0 1.1 9 300 M M 2 12 13 10
24 74 50 62 3 3 0 0.00 0.0 0 0.6 6 330 M M 0 1 7 170
25 73 51 62 3 3 0 0.00 0.0 0 1.2 9 180 M M 8 12 12 150
26 75 52 64 6 1 0 0.00 0.0 0 1.7 8 310 M M 6 1 12 210
27 78 52 65 7 0 0 0.00 0.0 0 1.3 12 200 M M 7 12 15 220
28 76 51 64 6 1 0 0.13 0.0 0 3.4 13 170 M M 6 12 19 170
29 68 50 59 2 6 0 0.58 0.0 0 3.4 20 290 M M 10 1 24 300
30 68 47 58 1 7 0 0.07 0.0 0 8.0 17 250 M M 5 1 29 260
================================================================================
SM 2276 1524 111 68 2.64 0.0 75.8 M 140
================================================================================
AV 75.9 50.8 2.5 FASTST M M 5 MAX(MPH)
MISC ----> 22 240 31 240
================================================================================
NOTES:
# LAST OF SEVERAL OCCURRENCES
COLUMN 17 PEAK WIND IN M.P.H.
PRELIMINARY LOCAL CLIMATOLOGICAL DATA (WS FORM: F-6) , PAGE 2
STATION: ELKINS WV
MONTH: SEPTEMBER
YEAR: 2020
LATITUDE: 38 52 N
LONGITUDE: 79 51 W
[TEMPERATURE DATA] [PRECIPITATION DATA] SYMBOLS USED IN COLUMN 16
AVERAGE MONTHLY: 63.3 TOTAL FOR MONTH: 2.64 1 = FOG OR MIST
DPTR FM NORMAL: 1.1 DPTR FM NORMAL: -0.99 2 = FOG REDUCING VISIBILITY
HIGHEST: 86 ON 8 GRTST 24HR 0.93 ON 1- 2 TO 1/4 MILE OR LESS
LOWEST: 33 ON 21 3 = THUNDER
SNOW, ICE PELLETS, HAIL 4 = ICE PELLETS
TOTAL MONTH: 0.0 INCH 5 = HAIL
GRTST 24HR 0.0 6 = FREEZING RAIN OR DRIZZLE
GRTST DEPTH: 0 7 = DUSTSTORM OR SANDSTORM:
VSBY 1/2 MILE OR LESS
8 = SMOKE OR HAZE
[NO. OF DAYS WITH] [WEATHER - DAYS WITH] 9 = BLOWING SNOW
X = TORNADO
MAX 32 OR BELOW: 0 0.01 INCH OR MORE: 8
MAX 90 OR ABOVE: 0 0.10 INCH OR MORE: 6
MIN 32 OR BELOW: 0 0.50 INCH OR MORE: 2
MIN 0 OR BELOW: 0 1.00 INCH OR MORE: 0
[HDD (BASE 65) ]
TOTAL THIS MO. 111 CLEAR (SCALE 0-3) 9
DPTR FM NORMAL -19 PTCLDY (SCALE 4-7) 18
TOTAL FM JUL 1 111 CLOUDY (SCALE 8-10) 3
DPTR FM NORMAL -49
[CDD (BASE 65) ]
TOTAL THIS MO. 68
DPTR FM NORMAL 23 [PRESSURE DATA]
TOTAL FM JAN 1 750 HIGHEST SLP 30.56 ON 21
DPTR FM NORMAL 279 LOWEST SLP 29.78 ON 29
[REMARKS]
#FINAL-09-20#