000
CXUS56 KLKN 251210
CF6EKO
PRELIMINARY LOCAL CLIMATOLOGICAL DATA (WS FORM: F-6)
STATION: ELKO AIRPORT NV
MONTH: APRIL
YEAR: 2024
LATITUDE: 40 49 N
LONGITUDE: 115 47 W
TEMPERATURE IN F: :PCPN: SNOW: WIND :SUNSHINE: SKY :PK WND
================================================================================
1 2 3 4 5 6A 6B 7 8 9 10 11 12 13 14 15 16 17 18
12Z AVG MX 2MIN
DY MAX MIN AVG DEP HDD CDD WTR SNW DPTH SPD SPD DIR MIN PSBL S-S WX SPD DR
================================================================================
1 51 24 38 -5 27 0 0.00 0.0 3 5.4 15 310 M M 3 22 260
2 61 29 45 2 20 0 0.00 0.0 0 3.5 14 210 M M 0 20 260
3 71 32 52 9 13 0 0.00 0.0 0 6.5 20 190 M M 2 28 190
4 65 33 49 6 16 0 T T 0 17.6 40 170 M M 6 1 64 190
5 42 27 35 -9 30 0 0.02 0.4 T 11.3 23 280 M M 6 1 44 240
6 40 28 34 -10 31 0 0.01 0.1 T 12.2 25 250 M M 10 1 39 260
7 47 23 35 -9 30 0 T T 0 3.5 16 210 M M 5 8 22 250
8 51 22 37 -7 28 0 0.00 0.0 0 3.4 14 330 M M 3 19 330
9 60 24 42 -2 23 0 0.00 0.0 0 4.4 16 270 M M 2 23 270
10 65 30 48 4 17 0 0.00 0.0 0 3.6 15 290 M M 0 19 290
11 73 32 53 9 12 0 0.00 0.0 0 3.8 17 250 M M 1 22 240
12 77 41 59 15 6 0 0.00 0.0 0 10.4 32 220 M M 2 51 200
13 75 39 57 12 8 0 0.00 0.0 0 10.7 28 180 M M 0 41 170
14 56 38 47 2 18 0 T 0.0 0 10.2 24 150 M M 4 35 190
15 57 32 45 0 20 0 0.00 0.0 0 12.3 25 250 M M 6 31 250
16 64 33 49 4 16 0 0.00 0.0 0 7.6 21 260 M M 1 30 250
17 57 32 45 -1 20 0 0.00 0.0 0 7.8 22 280 M M 0 31 280
18 61 24 43 -3 22 0 0.00 0.0 0 4.1 16 280 M M 2 8 21 290
19 67 30 49 3 16 0 0.00 0.0 0 4.1 16 270 M M 2 22 280
20 71 35 53 7 12 0 0.00 0.0 0 4.4 18 270 M M 2 25 290
21 76 36 56 10 9 0 0.00 0.0 0 6.6 25 240 M M 0 35 240
22 74 36 55 8 10 0 0.00 0.0 0 5.2 20 280 M M 1 26 250
23 73 48 61 14 4 0 0.01 0.0 0 7.0 29 210 M M 7 3 43 210
24 70 44 57 10 8 0 0.00 0.0 0 7.2 29 270 M M 4 38 270
================================================================================
SM 1504 772 416 0 0.04 0.5 172.8 M 69
================================================================================
AV 62.7 32.2 7.2 FASTST M M 3 MAX(MPH)
MISC ----> 40 170 64 190
================================================================================
NOTES:
# LAST OF SEVERAL OCCURRENCES
COLUMN 17 PEAK WIND IN M.P.H.
PRELIMINARY LOCAL CLIMATOLOGICAL DATA (WS FORM: F-6) , PAGE 2
STATION: ELKO AIRPORT NV
MONTH: APRIL
YEAR: 2024
LATITUDE: 40 49 N
LONGITUDE: 115 47 W
[TEMPERATURE DATA] [PRECIPITATION DATA] SYMBOLS USED IN COLUMN 16
AVERAGE MONTHLY: 47.4 TOTAL FOR MONTH: 0.04 1 = FOG OR MIST
DPTR FM NORMAL: 2.6 DPTR FM NORMAL: -0.79 2 = FOG REDUCING VISIBILITY
HIGHEST: 77 ON 12 GRTST 24HR 0.13 ON 31- 1 TO 1/4 MILE OR LESS
LOWEST: 22 ON 8 3 = THUNDER
SNOW, ICE PELLETS, HAIL 4 = ICE PELLETS
TOTAL MONTH: 6.2 INCHES 5 = HAIL
GRTST 24HR 0.4 ON 5- 5 6 = FREEZING RAIN OR DRIZZLE
GRTST DEPTH: 3 ON 1 7 = DUSTSTORM OR SANDSTORM:
VSBY 1/2 MILE OR LESS
8 = SMOKE OR HAZE
[NO. OF DAYS WITH] [WEATHER - DAYS WITH] 9 = BLOWING SNOW
X = TORNADO
MAX 32 OR BELOW: 0 0.01 INCH OR MORE: 3
MAX 90 OR ABOVE: 0 0.10 INCH OR MORE: 0
MIN 32 OR BELOW: 14 0.50 INCH OR MORE: 0
MIN 0 OR BELOW: 0 1.00 INCH OR MORE: 0
[HDD (BASE 65) ]
TOTAL THIS MO. 416 CLEAR (SCALE 0-3) 16
DPTR FM NORMAL -68 PTCLDY (SCALE 4-7) 7
TOTAL FM JUL 1 5503 CLOUDY (SCALE 8-10) 1
DPTR FM NORMAL -686
[CDD (BASE 65) ]
TOTAL THIS MO. 0
DPTR FM NORMAL 0 [PRESSURE DATA]
TOTAL FM JAN 1 0 HIGHEST SLP M ON M
DPTR FM NORMAL 0 LOWEST SLP 29.26 ON 4
[REMARKS]