000
CXUS54 KEPZ 011134
CF6ELP
PRELIMINARY LOCAL CLIMATOLOGICAL DATA (WS FORM: F-6)
STATION: EL PASO
MONTH: DECEMBER
YEAR: 2022
LATITUDE: 31 47 N
LONGITUDE: 106 24 W
TEMPERATURE IN F: :PCPN: SNOW: WIND :SUNSHINE: SKY :PK WND
================================================================================
1 2 3 4 5 6A 6B 7 8 9 10 11 12 13 14 15 16 17 18
12Z AVG MX 2MIN
DY MAX MIN AVG DEP HDD CDD WTR SNW DPTH SPD SPD DIR MIN PSBL S-S WX SPD DR
================================================================================
1 67 35 51 2 14 0 0.00 0.0 0 4.1 9 130 M M 1 11 210
2 79 43 61 13 4 0 0.00 0.0 0 10.5 30 260 M M 6 39 260
3 68 46 57 9 8 0 T 0.0 0 5.6 14 360 M M 7 19 90
4 64 44 54 6 11 0 0.09 0.0 0 3.6 12 170 M M 9 15 170
5 72 54 63 15 2 0 T 0.0 0 8.7 15 220 M M 6 24 240
6 72 49 61 13 4 0 0.00 0.0 0 5.4 21 250 M M 5 26 260
7 63 50 57 10 8 0 0.01 0.0 0 4.4 13 280 M M 8 1 15 280
8 68 45 57 10 8 0 0.00 0.0 0 4.2 14 260 M M 4 18 19 250
9 62 47 55 8 10 0 0.00 0.0 0 6.6 15 360 M M 8 19 350
10 69 41 55 8 10 0 0.00 0.0 0 5.1 13 280 M M 2 15 340
11 69 33 51 5 14 0 0.00 0.0 0 4.2 12 190 M M 2 15 200
12 71 38 55 9 10 0 0.00 0.0 0 15.8 44 260 M M 3 78 65 250
13 51 30 41 -5 24 0 0.05 0.0 0 17.0 30 310 M M 5 46 300
14 51 37 44 -2 21 0 0.00 0.0 0 12.5 29 260 M M 1 42 290
15 53 28 41 -5 24 0 0.00 0.0 0 8.3 18 250 M M 1 25 230
16 50 35 43 -3 22 0 0.00 0.0 0 8.8 17 30 M M 6 22 20
17 51 29 40 -6 25 0 0.00 0.0 0 7.1 16 360 M M 2 20 10
18 51 33 42 -3 23 0 0.03 0.0 0 6.0 13 60 M M 7 16 30
19 58 26 42 -3 23 0 0.00 0.0 0 3.9 14 290 M M 1 19 290
20 59 29 44 -1 21 0 0.00 0.0 0 4.9 12 350 M M 5 15 340
21 61 33 47 2 18 0 0.00 0.0 0 6.7 17 250 M M 3 22 260
22 68 27 48 3 17 0 0.00 0.0 0 13.6 32 280 M M 1 39 270
23 37 18 28 -17 37 0 0.00 0.0 0 6.9 18 130 M M 3 25 130
24 50 21 36 -9 29 0 0.00 0.0 0 2.8 9 80 M M 0 11 190
25 58 22 40 -5 25 0 0.00 0.0 0 4.1 10 230 M M 3 13 240
26 64 26 45 0 20 0 0.00 0.0 0 4.8 14 120 M M 3 18 120
27 65 31 48 3 17 0 0.00 0.0 0 6.4 18 240 M M 6 22 230
28 68 49 59 14 6 0 0.00 0.0 0 16.1 39 260 M M 9 60 250
29 61 41 51 6 14 0 T 0.0 0 7.0 17 290 M M 7 8 22 270
30 58 43 51 6 14 0 0.16 0.0 0 8.1 22 270 M M 7 1 30 260
31 64 45 55 10 10 0 0.00 0.0 0 11.8 26 260 M M 4 35 260
================================================================================
SM 1902 1128 493 0 0.34 0.0 235.0 M 135
================================================================================
AV 61.4 36.4 7.6 FASTST M M 4 MAX(MPH)
MISC ----> 44 260 65 250
================================================================================
NOTES:
# LAST OF SEVERAL OCCURRENCES
COLUMN 17 PEAK WIND IN M.P.H.
PRELIMINARY LOCAL CLIMATOLOGICAL DATA (WS FORM: F-6) , PAGE 2
STATION: EL PASO
MONTH: DECEMBER
YEAR: 2022
LATITUDE: 31 47 N
LONGITUDE: 106 24 W
[TEMPERATURE DATA] [PRECIPITATION DATA] SYMBOLS USED IN COLUMN 16
AVERAGE MONTHLY: 48.9 TOTAL FOR MONTH: 0.34 1 = FOG OR MIST
DPTR FM NORMAL: 2.8 DPTR FM NORMAL: -0.29 2 = FOG REDUCING VISIBILITY
HIGHEST: 79 ON 2 GRTST 24HR 0.16 ON 29-30 TO 1/4 MILE OR LESS
LOWEST: 18 ON 23 3 = THUNDER
SNOW, ICE PELLETS, HAIL 4 = ICE PELLETS
TOTAL MONTH: 0.0 INCH 5 = HAIL
GRTST 24HR 0.0 6 = FREEZING RAIN OR DRIZZLE
GRTST DEPTH: 0 7 = DUSTSTORM OR SANDSTORM:
VSBY 1/2 MILE OR LESS
8 = SMOKE OR HAZE
[NO. OF DAYS WITH] [WEATHER - DAYS WITH] 9 = BLOWING SNOW
X = TORNADO
MAX 32 OR BELOW: 0 0.01 INCH OR MORE: 5
MAX 90 OR ABOVE: 0 0.10 INCH OR MORE: 1
MIN 32 OR BELOW: 11 0.50 INCH OR MORE: 0
MIN 0 OR BELOW: 0 1.00 INCH OR MORE: 0
[HDD (BASE 65) ]
TOTAL THIS MO. 493 CLEAR (SCALE 0-3) 12
DPTR FM NORMAL -93 PTCLDY (SCALE 4-7) 17
TOTAL FM JUL 1 928 CLOUDY (SCALE 8-10) 2
DPTR FM NORMAL -45
[CDD (BASE 65) ]
TOTAL THIS MO. 0
DPTR FM NORMAL 0 [PRESSURE DATA]
TOTAL FM JAN 1 2936 HIGHEST SLP 30.44 ON 23
DPTR FM NORMAL 275 LOWEST SLP 29.51 ON 12
[REMARKS]
#FINAL-12-22#