000
CXUS54 KEPZ 021136
CF6ELP
PRELIMINARY LOCAL CLIMATOLOGICAL DATA (WS FORM: F-6)
STATION: EL PASO
MONTH: FEBRUARY
YEAR: 2021
LATITUDE: 31 47 N
LONGITUDE: 106 24 W
TEMPERATURE IN F: :PCPN: SNOW: WIND :SUNSHINE: SKY :PK WND
================================================================================
1 2 3 4 5 6A 6B 7 8 9 10 11 12 13 14 15 16 17 18
12Z AVG MX 2MIN
DY MAX MIN AVG DEP HDD CDD WTR SNW DPTH SPD SPD DIR MIN PSBL S-S WX SPD DR
================================================================================
1 66 36 51 4 14 0 0.00 0.0 0 6.2 12 360 M M 5 15 10
2 72 45 59 11 6 0 0.00 0.0 0 4.7 12 260 M M 6 17 270
3 77 46 62 14 3 0 0.00 0.0 0 10.8 28 270 M M 5 41 270
4 73 58 66 18 0 1 0.00 0.0 0 16.1 32 300 M M 3 45 320
5 68 42 55 7 10 0 0.00 0.0 0 9.4 25 300 M M 0 35 240
6 65 44 55 7 10 0 0.00 0.0 0 10.0 24 280 M M 0 30 280
7 73 40 57 9 8 0 0.00 0.0 0 8.1 24 250 M M 1 31 250
8 74 49 62 13 3 0 0.00 0.0 0 9.1 23 250 M M 2 32 250
9 74 46 60 11 5 0 0.00 0.0 0 7.9 20 240 M M 2 24 250
10 72 42 57 8 8 0 0.00 0.0 0 9.9 26 250 M M 7 39 270
11 70 39 55 6 10 0 0.00 0.0 0 4.3 14 270 M M 2 18 270
12 70 43 57 7 8 0 T 0.0 0 7.9 21 240 M M 5 26 230
13 65 39 52 2 13 0 T 0.0 0 9.5 18 190 M M 6 25 190
14 40 14 27 -23 38 0 0.38 3.2 T 8.8 18 100 M M 9 128 29 120
15 34 14 24 -26 41 0 T T T 8.8 13 230 M M 8 18 17 220
16 49 24 37 -13 28 0 0.02 0.0 0 9.3 30 310 M M 8 8 44 310
17 56 32 44 -7 21 0 T 0.0 0 11.9 26 300 M M 5 36 310
18 50 32 41 -10 24 0 0.00 0.0 0 6.6 15 350 M M 4 19 330
19 59 28 44 -7 21 0 0.00 0.0 0 4.6 13 220 M M 0 19 200
20 73 33 53 2 12 0 0.00 0.0 0 9.7 22 240 M M 0 35 230
21 65 39 52 0 13 0 0.00 0.0 0 13.1 25 300 M M 1 36 300
22 67 29 48 -4 17 0 0.00 0.0 0 3.8 8 330 M M 1 8 330
23 73 31 52 0 13 0 0.00 0.0 0 3.9 18 260 M M 2 24 270
24 76 36 56 4 9 0 0.00 0.0 0 7.8 18 240 M M 2 25 200
25 76 38 57 5 8 0 0.00 0.0 0 8.3 26 270 M M 2 36 280
26 69 34 52 -1 13 0 0.00 0.0 0 5.7 15 260 M M 4 22 250
27 73 37 55 2 10 0 0.00 0.0 0 13.9 28 260 M M 6 35 270
28 69 43 56 3 9 0 0.00 0.0 0 12.6 31 260 M M 3 43 250
================================================================================
SM 1848 1033 375 1 0.40 3.2 242.7 M 99
================================================================================
AV 66.0 36.9 8.7 FASTST M M 4 MAX(MPH)
MISC ----> 32 300 45 320
================================================================================
NOTES:
# LAST OF SEVERAL OCCURRENCES
COLUMN 17 PEAK WIND IN M.P.H.
PRELIMINARY LOCAL CLIMATOLOGICAL DATA (WS FORM: F-6) , PAGE 2
STATION: EL PASO
MONTH: FEBRUARY
YEAR: 2021
LATITUDE: 31 47 N
LONGITUDE: 106 24 W
[TEMPERATURE DATA] [PRECIPITATION DATA] SYMBOLS USED IN COLUMN 16
AVERAGE MONTHLY: 51.4 TOTAL FOR MONTH: 0.40 1 = FOG OR MIST
DPTR FM NORMAL: 1.3 DPTR FM NORMAL: -0.06 2 = FOG REDUCING VISIBILITY
HIGHEST: 77 ON 3 GRTST 24HR 0.70 ON 14-14 TO 1/4 MILE OR LESS
LOWEST: 14 ON 15,14 3 = THUNDER
SNOW, ICE PELLETS, HAIL 4 = ICE PELLETS
TOTAL MONTH: 3.2 INCHES 5 = HAIL
GRTST 24HR 3.2 ON 14-14 6 = FREEZING RAIN OR DRIZZLE
GRTST DEPTH: T 7 = DUSTSTORM OR SANDSTORM:
VSBY 1/2 MILE OR LESS
8 = SMOKE OR HAZE
[NO. OF DAYS WITH] [WEATHER - DAYS WITH] 9 = BLOWING SNOW
X = TORNADO
MAX 32 OR BELOW: 0 0.01 INCH OR MORE: 2
MAX 90 OR ABOVE: 0 0.10 INCH OR MORE: 1
MIN 32 OR BELOW: 8 0.50 INCH OR MORE: 0
MIN 0 OR BELOW: 0 1.00 INCH OR MORE: 0
[HDD (BASE 65) ]
TOTAL THIS MO. 375 CLEAR (SCALE 0-3) 14
DPTR FM NORMAL -43 PTCLDY (SCALE 4-7) 12
TOTAL FM JUL 1 1882 CLOUDY (SCALE 8-10) 2
DPTR FM NORMAL -221
[CDD (BASE 65) ]
TOTAL THIS MO. 1
DPTR FM NORMAL 1 [PRESSURE DATA]
TOTAL FM JAN 1 1 HIGHEST SLP 30.36 ON 19
DPTR FM NORMAL 1 LOWEST SLP 29.49 ON 13
[REMARKS]
#FINAL-02-21#