000
CXUS56 KLKN 070741
CF6ELY
PRELIMINARY LOCAL CLIMATOLOGICAL DATA (WS FORM: F-6)
STATION: ELY AIRPORT NV
MONTH: OCTOBER
YEAR: 2020
LATITUDE: 39 16 N
LONGITUDE: 114 51 W
TEMPERATURE IN F: :PCPN: SNOW: WIND :SUNSHINE: SKY :PK WND
================================================================================
1 2 3 4 5 6A 6B 7 8 9 10 11 12 13 14 15 16 17 18
12Z AVG MX 2MIN
DY MAX MIN AVG DEP HDD CDD WTR SNW DPTH SPD SPD DIR MIN PSBL S-S WX SPD DR
================================================================================
1 83 31 57 7 8 0 0.00 0.0 0 10.2 17 180 M M 0 19 180
2 83 30 57 7 8 0 0.00 0.0 0 10.2 18 30 M M 0 24 30
3 80 30 55 5 10 0 0.00 0.0 0 10.0 17 190 M M 0 22 20
4 81 31 56 7 9 0 0.00 0.0 0 9.5 17 290 M M 0 8 25 280
5 81 33 57 8 8 0 0.00 0.0 0 10.0 17 180 M M 0 20 50
6 83 30 57 8 8 0 0.00 0.0 0 9.2 17 180 M M 0 23 270
7 80 32 56 8 9 0 0.00 0.0 0 10.1 22 220 M M 0 27 220
8 78 35 57 9 8 0 0.00 0.0 0 8.6 20 240 M M 0 25 240
9 77 35 56 8 9 0 0.00 0.0 0 9.2 16 220 M M 0 23 220
10 73 35 54 7 11 0 0.00 0.0 0 11.3 23 210 M M 0 30 240
11 63 30 47 0 18 0 0.00 0.0 0 6.5 22 330 M M 2 27 320
12 74 25 50 4 15 0 0.00 0.0 0 11.6 20 300 M M 0 25 260
13 77 30 54 8 11 0 0.00 0.0 0 9.8 17 290 M M 0 28 300
14 74 32 53 7 12 0 0.00 0.0 0 9.7 20 310 M M 0 29 300
15 67 25 46 0 19 0 0.00 0.0 0 8.4 22 30 M M 0 28 30
16 71 22 47 2 18 0 0.00 0.0 0 8.0 17 30 M M 0 22 20
17 75 27 51 6 14 0 0.00 0.0 0 9.9 20 280 M M 0 25 280
18 74 31 53 8 12 0 0.00 0.0 0 9.0 21 330 M M 0 26 270
19 73 26 50 6 15 0 0.00 0.0 0 9.5 18 30 M M 0 25 350
20 75 26 51 7 14 0 0.00 0.0 0 8.6 16 180 M M 0 20 180
21 74 29 52 8 13 0 0.00 0.0 0 9.7 17 260 M M 0 25 230
22 64 27 46 3 19 0 0.00 0.0 0 13.7 23 20 M M 0 29 30
23 62 12 37 -6 28 0 0.00 0.0 0 5.4 14 180 M M 0 16 190
24 68 25 47 4 18 0 0.00 0.0 0 8.8 23 240 M M 0 31 220
25 41 13 27 -15 38 0 0.00 0.0 0 16.0 30 360 M M 3 38 360
26 43 8 26 -16 39 0 0.00 0.0 0 15.4 30 10 M M 0 38 360
27 53 11 32 -10 33 0 0.00 0.0 0 9.6 22 10 M M 0 27 360
28 64 13 39 -2 26 0 0.00 0.0 0 10.1 22 10 M M 0 29 10
29 66 17 42 1 23 0 0.00 0.0 0 8.9 17 180 M M 0 20 180
30 67 19 43 3 22 0 0.00 0.0 0 10.2 16 170 M M 0 20 260
31 69 22 46 6 19 0 0.00 0.0 0 8.1 18 180 M M 0 22 180
================================================================================
SM 2193 792 514 0 0.00 0.0 305.2 M 5
================================================================================
AV 70.7 25.6 9.8 FASTST M M 0 MAX(MPH)
MISC ----> # 30 360 # 38 360
================================================================================
NOTES:
# LAST OF SEVERAL OCCURRENCES
COLUMN 17 PEAK WIND IN M.P.H.
PRELIMINARY LOCAL CLIMATOLOGICAL DATA (WS FORM: F-6) , PAGE 2
STATION: ELY AIRPORT NV
MONTH: OCTOBER
YEAR: 2020
LATITUDE: 39 16 N
LONGITUDE: 114 51 W
[TEMPERATURE DATA] [PRECIPITATION DATA] SYMBOLS USED IN COLUMN 16
AVERAGE MONTHLY: 48.2 TOTAL FOR MONTH: 0.00 1 = FOG OR MIST
DPTR FM NORMAL: 2.8 DPTR FM NORMAL: -1.00 2 = FOG REDUCING VISIBILITY
HIGHEST: 83 ON 6, 2 GRTST 24HR 0.00 ON 31-31 TO 1/4 MILE OR LESS
LOWEST: 8 ON 26 3 = THUNDER
SNOW, ICE PELLETS, HAIL 4 = ICE PELLETS
TOTAL MONTH: 0.0 INCH 5 = HAIL
GRTST 24HR 0.0 6 = FREEZING RAIN OR DRIZZLE
GRTST DEPTH: 0 7 = DUSTSTORM OR SANDSTORM:
VSBY 1/2 MILE OR LESS
8 = SMOKE OR HAZE
[NO. OF DAYS WITH] [WEATHER - DAYS WITH] 9 = BLOWING SNOW
X = TORNADO
MAX 32 OR BELOW: 0 0.01 INCH OR MORE: 0
MAX 90 OR ABOVE: 0 0.10 INCH OR MORE: 0
MIN 32 OR BELOW: 27 0.50 INCH OR MORE: 0
MIN 0 OR BELOW: 0 1.00 INCH OR MORE: 0
[HDD (BASE 65) ]
TOTAL THIS MO. 514 CLEAR (SCALE 0-3) 31
DPTR FM NORMAL -98 PTCLDY (SCALE 4-7) 0
TOTAL FM JUL 1 688 CLOUDY (SCALE 8-10) 0
DPTR FM NORMAL -240
[CDD (BASE 65) ]
TOTAL THIS MO. 0
DPTR FM NORMAL 0 [PRESSURE DATA]
TOTAL FM JAN 1 372 HIGHEST SLP 30.52 ON 26
DPTR FM NORMAL 154 LOWEST SLP 29.78 ON 10
[REMARKS]
#FINAL-10-20#