000
CXUS56 KOTX 010900
CF6EPH
PRELIMINARY LOCAL CLIMATOLOGICAL DATA (WS FORM: F-6)
STATION: EPHRATA WA AIRPORT
MONTH: MARCH
YEAR: 2020
LATITUDE: 47 18 N
LONGITUDE: 119 31 W
TEMPERATURE IN F: :PCPN: SNOW: WIND :SUNSHINE: SKY :PK WND
================================================================================
1 2 3 4 5 6A 6B 7 8 9 10 11 12 13 14 15 16 17 18
12Z AVG MX 2MIN
DY MAX MIN AVG DEP HDD CDD WTR SNW DPTH SPD SPD DIR MIN PSBL S-S WX SPD DR
================================================================================
1 50 28 39 1 26 0 T M M 10.0 33 320 M M 1 39 320
2 60 27 44 6 21 0 0.00 M M 7.9 21 270 M M 2 27 270
3 63 39 51 12 14 0 0.00 M M 13.3 29 240 M M 1 36 240
4 54 35 45 6 20 0 0.00 M M 12.7 30 290 M M 0 39 280
5 51 30 41 2 24 0 0.00 M M 5.1 12 20 M M 0 13 10
6 53 31 42 2 23 0 0.03 M M 3.3 12 310 M M 5 15 310
7 51 31 41 1 24 0 0.29 M M 6.0 23 230 M M 7 1 31 230
8 50 24 37 -3 28 0 0.00 M M 3.6 12 220 M M 1 1 15 250
9 51 29 40 -1 25 0 0.00 M M 6.0 14 340 M M 2 17 340
10 54 26 40 -1 25 0 0.00 M M 6.0 21 200 M M 2 27 210
11 57 34 46 4 19 0 0.00 M M 13.4 29 310 M M 0 36 310
12 52 32 42 0 23 0 0.00 M M 7.5 18 300 M M 1 23 320
13 40 29 35 -7 30 0 0.24 M M 12.3 23 30 M M 10 1 28 40
14 31 24 28 -14 37 0 T M M 15.0 25 20 M M 9 1 30 20
15 41 23 32 -11 33 0 0.00 M M 15.0 23 360 M M 3 27 10
16 51 30 41 -2 24 0 0.00 M M 11.1 23 340 M M 0 28 340
17 55 23 39 -5 26 0 0.00 M M 4.9 13 300 M M 0 15 310
18 60 34 47 3 18 0 0.00 M M 6.7 14 350 M M 0 16 350
19 60 29 45 1 20 0 0.00 M M 5.2 10 300 M M 0 14 40
20 65 31 48 4 17 0 0.00 M M 7.7 18 310 M M 0 22 310
21 65 33 49 4 16 0 0.00 M M 5.5 17 300 M M 0 20 310
22 61 28 45 0 20 0 0.00 M M 5.8 18 180 M M 0 24 190
23 56 30 43 -2 22 0 T M M 8.6 22 230 M M 1 28 210
24 52 24 38 -8 27 0 0.00 M M 6.4 15 240 M M 1 18 230
25 54 29 42 -4 23 0 T M M 8.4 17 290 M M 5 20 300
26 56 21 39 -7 26 0 0.00 M M 7.8 18 280 M M 2 25 280
27 56 31 44 -2 21 0 0.00 M M 4.6 16 220 M M 4 20 230
28 62 30 46 0 19 0 0.00 M M 10.6 24 200 M M 6 29 200
29 62 42 52 5 13 0 T M M 11.5 25 200 M M 5 30 210
30 56 29 43 -4 22 0 T M M 13.5 32 210 M M 3 40 210
31 55 31 43 -4 22 0 T M M 7.9 23 290 M M 4 29 290
================================================================================
SM 1684 917 708 0 0.56 M 263.3 M 75
================================================================================
AV 54.3 29.6 8.5 FASTST M M 2 MAX(MPH)
MISC ----> # 33 320 # 40 210
================================================================================
NOTES:
# LAST OF SEVERAL OCCURRENCES
COLUMN 17 PEAK WIND IN M.P.H.
PRELIMINARY LOCAL CLIMATOLOGICAL DATA (WS FORM: F-6) , PAGE 2
STATION: EPHRATA WA AIRPORT
MONTH: MARCH
YEAR: 2020
LATITUDE: 47 18 N
LONGITUDE: 119 31 W
[TEMPERATURE DATA] [PRECIPITATION DATA] SYMBOLS USED IN COLUMN 16
AVERAGE MONTHLY: 42.0 TOTAL FOR MONTH: 0.56 1 = FOG OR MIST
DPTR FM NORMAL: -1.0 DPTR FM NORMAL: -0.12 2 = FOG REDUCING VISIBILITY
HIGHEST: 65 ON 21,20 GRTST 24HR 0.29 ON 7- 7 TO 1/4 MILE OR LESS
LOWEST: 21 ON 26 3 = THUNDER
SNOW, ICE PELLETS, HAIL 4 = ICE PELLETS
TOTAL MONTH: M 5 = HAIL
GRTST 24HR M ON M 6 = FREEZING RAIN OR DRIZZLE
GRTST DEPTH: M ON M 7 = DUSTSTORM OR SANDSTORM:
VSBY 1/2 MILE OR LESS
8 = SMOKE OR HAZE
[NO. OF DAYS WITH] [WEATHER - DAYS WITH] 9 = BLOWING SNOW
X = TORNADO
MAX 32 OR BELOW: 1 0.01 INCH OR MORE: 3
MAX 90 OR ABOVE: 0 0.10 INCH OR MORE: 2
MIN 32 OR BELOW: 25 0.50 INCH OR MORE: 0
MIN 0 OR BELOW: 0 1.00 INCH OR MORE: 0
[HDD (BASE 65) ]
TOTAL THIS MO. 708 CLEAR (SCALE 0-3) 20
DPTR FM NORMAL 24 PTCLDY (SCALE 4-7) 9
TOTAL FM JUL 1 5020 CLOUDY (SCALE 8-10) 2
DPTR FM NORMAL -237
[CDD (BASE 65) ]
TOTAL THIS MO. 0
DPTR FM NORMAL 0 [PRESSURE DATA]
TOTAL FM JAN 1 0 HIGHEST SLP 0.00 ON 28
DPTR FM NORMAL 0 LOWEST SLP 29.49 ON 13
[REMARKS]
#FINAL-03-20#