000
CXUS56 KPQR 011200
CF6EUG
PRELIMINARY LOCAL CLIMATOLOGICAL DATA (WS FORM: F-6)
STATION: EUGENE OR
MONTH: MARCH
YEAR: 2020
LATITUDE: 44 7 N
LONGITUDE: 123 13 W
TEMPERATURE IN F: :PCPN: SNOW: WIND :SUNSHINE: SKY :PK WND
================================================================================
1 2 3 4 5 6A 6B 7 8 9 10 11 12 13 14 15 16 17 18
12Z AVG MX 2MIN
DY MAX MIN AVG DEP HDD CDD WTR SNW DPTH SPD SPD DIR MIN PSBL S-S WX SPD DR
================================================================================
1 49 32 41 -4 24 0 0.00 0.0 0 3.7 13 20 M M 8 12 16 30
2 53 34 44 -1 21 0 0.00 0.0 0 5.7 10 150 M M 9 16 190
3 61 44 53 8 12 0 0.00 0.0 0 7.2 15 230 M M 8 17 230
4 58 40 49 4 16 0 0.00 0.0 0 4.7 12 10 M M 8 20 110
5 64 33 49 4 16 0 0.00 0.0 0 7.3 15 260 M M 5 19 210
6 52 40 46 1 19 0 0.57 0.0 0 7.2 14 200 M M 9 1 17 230
7 49 37 43 -3 22 0 0.09 0.0 0 6.5 17 270 M M 7 1 22 260
8 43 33 38 -8 27 0 0.00 0.0 0 4.0 9 360 M M 8 12 12 330
9 54 34 44 -2 21 0 0.00 0.0 0 3.5 8 360 M M 6 12 11 10
10 61 28 45 -1 20 0 0.00 0.0 0 2.9 10 40 M M 5 12 14 20
11 58 31 45 -1 20 0 0.00 0.0 0 6.9 16 30 M M 4 12 19 20
12 54 30 42 -4 23 0 0.00 0.0 0 9.8 21 20 M M 2 26 10
13 46 29 38 -8 27 0 0.32 0.0 0 5.7 15 180 M M 7 1 18 190
14 49 35 42 -4 23 0 0.20 0.0 0 9.8 18 210 M M 7 1 25 180
15 53 31 42 -5 23 0 0.00 0.0 0 12.9 21 340 M M 5 26 350
16 61 31 46 -1 19 0 0.00 0.0 0 11.2 26 360 M M 4 33 20
17 63 30 47 0 18 0 0.00 0.0 0 7.3 22 260 M M 3 27 250
18 59 30 45 -2 20 0 0.00 0.0 0 3.3 9 330 M M 2 1 12 340
19 66 31 49 2 16 0 0.00 0.0 0 3.9 10 40 M M 1 1 12 10
20 64 33 49 2 16 0 0.00 0.0 0 4.5 16 10 M M 1 1 19 30
21 64 32 48 1 17 0 0.00 0.0 0 4.6 14 20 M M 1 12 16 10
22 69 30 50 2 15 0 0.00 0.0 0 4.9 18 260 M M 4 1 21 250
23 52 41 47 -1 18 0 0.11 0.0 0 11.1 21 210 M M 9 25 220
24 51 36 44 -4 21 0 0.22 0.0 0 8.7 20 200 M M 9 1 24 260
25 54 33 44 -4 21 0 0.06 0.0 0 5.0 15 280 M M 6 18 260
26 54 30 42 -6 23 0 0.01 0.0 0 5.1 14 340 M M 6 16 330
27 54 41 48 0 17 0 0.10 0.0 0 5.5 14 170 M M 10 18 170
28 55 46 51 3 14 0 0.21 0.0 0 7.1 17 180 M M 9 1 21 180
29 57 48 53 5 12 0 0.17 0.0 0 10.1 21 240 M M 10 1 27 240
30 49 45 47 -1 18 0 0.77 0.0 0 11.0 23 190 M M 10 1 29 190
31 54 36 45 -3 20 0 0.17 0.0 0 8.8 26 290 M M 7 1 31 280
================================================================================
SM 1730 1084 599 0 3.00 0.0 209.9 M 190
================================================================================
AV 55.8 35.0 6.8 FASTST M M 6 MAX(MPH)
MISC ----> # 26 360 # 33 20
================================================================================
NOTES:
# LAST OF SEVERAL OCCURRENCES
COLUMN 17 PEAK WIND IN M.P.H.
PRELIMINARY LOCAL CLIMATOLOGICAL DATA (WS FORM: F-6) , PAGE 2
STATION: EUGENE OR
MONTH: MARCH
YEAR: 2020
LATITUDE: 44 7 N
LONGITUDE: 123 13 W
[TEMPERATURE DATA] [PRECIPITATION DATA] SYMBOLS USED IN COLUMN 16
AVERAGE MONTHLY: 45.4 TOTAL FOR MONTH: 3.00 1 = FOG OR MIST
DPTR FM NORMAL: -1.3 DPTR FM NORMAL: -1.99 2 = FOG REDUCING VISIBILITY
HIGHEST: 69 ON 22 GRTST 24HR 0.77 ON 30-30 TO 1/4 MILE OR LESS
LOWEST: 28 ON 10 3 = THUNDER
SNOW, ICE PELLETS, HAIL 4 = ICE PELLETS
TOTAL MONTH: 0.0 INCH 5 = HAIL
GRTST 24HR 0.0 6 = FREEZING RAIN OR DRIZZLE
GRTST DEPTH: 0 7 = DUSTSTORM OR SANDSTORM:
VSBY 1/2 MILE OR LESS
8 = SMOKE OR HAZE
[NO. OF DAYS WITH] [WEATHER - DAYS WITH] 9 = BLOWING SNOW
X = TORNADO
MAX 32 OR BELOW: 0 0.01 INCH OR MORE: 13
MAX 90 OR ABOVE: 0 0.10 INCH OR MORE: 10
MIN 32 OR BELOW: 13 0.50 INCH OR MORE: 2
MIN 0 OR BELOW: 0 1.00 INCH OR MORE: 0
[HDD (BASE 65) ]
TOTAL THIS MO. 599 CLEAR (SCALE 0-3) 5
DPTR FM NORMAL 30 PTCLDY (SCALE 4-7) 14
TOTAL FM JUL 1 3735 CLOUDY (SCALE 8-10) 12
DPTR FM NORMAL -161
[CDD (BASE 65) ]
TOTAL THIS MO. 0
DPTR FM NORMAL 0 [PRESSURE DATA]
TOTAL FM JAN 1 0 HIGHEST SLP 30.47 ON 1
DPTR FM NORMAL 0 LOWEST SLP 29.57 ON 14
[REMARKS]
#FINAL-03-20#