000
CDUS43 KPAH 302127
CLIEVV


CLIMATE REPORT
NATIONAL WEATHER SERVICE PADUCAH KY
427 PM CDT SAT JUL 30 2016


...................................

...THE EVANSVILLE IN CLIMATE SUMMARY FOR JULY 30 2016...
VALID TODAY AS OF 0400 PM LOCAL TIME.

CLIMATE NORMAL PERIOD 1981 TO 2010
CLIMATE RECORD PERIOD 1896 TO 2016


WEATHER ITEM   OBSERVED TIME   RECORD YEAR NORMAL DEPARTURE LAST
                VALUE   (LST)  VALUE       VALUE  FROM      YEAR
                                                  NORMAL
..................................................................
TEMPERATURE (F)
 TODAY
  MAXIMUM         86    243 PM 101    1913  88     -2       89
  MINIMUM         71    118 AM  51    1965  67      4       69
  AVERAGE         79                        78      1       79

PRECIPITATION (IN)
  TODAY            0.00          1.42 2009   0.11  -0.11     0.00
  MONTH TO DATE    9.19                      3.81   5.38     4.67
  SINCE JUN 1     13.56                      7.59   5.97    12.06
  SINCE JAN 1     35.31                     27.83   7.48    34.50

SNOWFALL (IN)
  TODAY            0.0                                       0.0
  MONTH TO DATE    0.0                                       0.0
  SINCE JUL 1      0.0                                       0.0
  SNOW DEPTH       0

..................................................................


WIND (MPH)
  HIGHEST WIND SPEED    12   HIGHEST WIND DIRECTION     W (280)
  HIGHEST GUST SPEED    16   HIGHEST GUST DIRECTION    NW (320)




..........................................................


THE EVANSVILLE IN CLIMATE NORMALS FOR TOMORROW
                         NORMAL    RECORD    YEAR
 MAXIMUM TEMPERATURE (F)   88       102      1935
 MINIMUM TEMPERATURE (F)   67        52      1971


SUNRISE AND SUNSET
JULY 30 2016..........SUNRISE   552 AM CDT   SUNSET   801 PM CDT
JULY 31 2016..........SUNRISE   553 AM CDT   SUNSET   800 PM CDT


-  INDICATES NEGATIVE NUMBERS.
R  INDICATES RECORD WAS SET OR TIED.
MM INDICATES DATA IS MISSING.
T  INDICATES TRACE AMOUNT.




$$
