000
CDUS43 KPAH 172127
CLIEVV


CLIMATE REPORT
NATIONAL WEATHER SERVICE PADUCAH KY
425 PM CDT TUE OCT 17 2017


...................................

...THE EVANSVILLE IN CLIMATE SUMMARY FOR OCTOBER 17 2017...
VALID TODAY AS OF 0400 PM LOCAL TIME.

CLIMATE NORMAL PERIOD 1981 TO 2010
CLIMATE RECORD PERIOD 1896 TO 2017


WEATHER ITEM   OBSERVED TIME   RECORD YEAR NORMAL DEPARTURE LAST
                VALUE   (LST)  VALUE       VALUE  FROM      YEAR
                                                  NORMAL
..................................................................
TEMPERATURE (F)
 TODAY
  MAXIMUM         67    247 PM  86    2016  70     -3       86
                                      1950
                                      1938
  MINIMUM         39    612 AM  28    1948  45     -6       66
  AVERAGE         53                        57     -4       76

PRECIPITATION (IN)
  TODAY            0.00          1.87 1937   0.10  -0.10     0.00
  MONTH TO DATE    1.55                      1.72  -0.17     0.34
  SINCE SEP 1      4.79                      4.77   0.02     4.35
  SINCE JAN 1     37.20                     35.69   1.51    42.81

SNOWFALL (IN)
  TODAY            0.0                                       0.0
  MONTH TO DATE    0.0                                       0.0
  SINCE JUL 1      0.0                                       0.0
  SNOW DEPTH       0

..................................................................


WIND (MPH)
  HIGHEST WIND SPEED    10   HIGHEST WIND DIRECTION    SW (210)
  HIGHEST GUST SPEED    17   HIGHEST GUST DIRECTION    SE (130)




..........................................................


THE EVANSVILLE IN CLIMATE NORMALS FOR TOMORROW
                         NORMAL    RECORD    YEAR
 MAXIMUM TEMPERATURE (F)   69        87      2016
 MINIMUM TEMPERATURE (F)   45        26      1948


SUNRISE AND SUNSET
OCTOBER 17 2017.......SUNRISE   701 AM CDT   SUNSET   609 PM CDT
OCTOBER 18 2017.......SUNRISE   702 AM CDT   SUNSET   608 PM CDT


-  INDICATES NEGATIVE NUMBERS.
R  INDICATES RECORD WAS SET OR TIED.
MM INDICATES DATA IS MISSING.
T  INDICATES TRACE AMOUNT.




$$
