000
CDUS43 KPAH 140643
CLIEVV


CLIMATE REPORT
NATIONAL WEATHER SERVICE PADUCAH KY
1240 AM CST FRI NOV 14 2014


...................................

...THE EVANSVILLE IN CLIMATE SUMMARY FOR NOVEMBER 13 2014...

CLIMATE NORMAL PERIOD 1981 TO 2010
CLIMATE RECORD PERIOD 1896 TO 2014


WEATHER ITEM   OBSERVED TIME   RECORD YEAR NORMAL DEPARTURE LAST
                VALUE   (LST)  VALUE       VALUE  FROM      YEAR
                                                  NORMAL
..................................................................
TEMPERATURE (F)
 YESTERDAY
  MAXIMUM         32    117 PM  82    1955  58    -26       42
  MINIMUM         25    710 AM  14    1986  37    -12       21
  AVERAGE         29                        48    -19       32

PRECIPITATION (IN)
  YESTERDAY        T             2.61 1957   0.15  -0.15     0.00
  MONTH TO DATE    0.53                      1.73  -1.20     0.37
  SINCE SEP 1      7.28                      8.03  -0.75     9.25
  SINCE JAN 1     41.46                     38.95   2.51    44.58

SNOWFALL (IN)
  YESTERDAY        T   R         T    1996   0.0    0.0      0.0
  MONTH TO DATE    T                         0.0    0.0       T
  SINCE SEP 1      T                         0.2   -0.2       T
  SINCE JUL 1      T                         0.2   -0.2       T
  SNOW DEPTH       0

DEGREE DAYS
 HEATING
  YESTERDAY       36                        17     19       33
  MONTH TO DATE  266                       195     71      239
  SINCE SEP 1    520                       497     23      498
  SINCE JUL 1    520                       498     22      498

 COOLING
  YESTERDAY        0                         0      0        0
  MONTH TO DATE    0                         0      0        0
  SINCE SEP 1    197                       196      1      272
  SINCE JAN 1   1477                      1395     82     1464
..................................................................


WIND (MPH)
  HIGHEST WIND SPEED    17   HIGHEST WIND DIRECTION    NW (330)
  HIGHEST GUST SPEED    26   HIGHEST GUST DIRECTION    NW (310)
  AVERAGE WIND SPEED     9.1


SKY COVER
  AVERAGE SKY COVER 0.8


WEATHER CONDITIONS
 THE FOLLOWING WEATHER WAS RECORDED YESTERDAY.
  LIGHT SNOW


RELATIVE HUMIDITY (PERCENT)
 HIGHEST    68
 LOWEST     43
 AVERAGE    56

..........................................................


THE EVANSVILLE IN CLIMATE NORMALS FOR TODAY
                         NORMAL    RECORD    YEAR
 MAXIMUM TEMPERATURE (F)   57        77      1971
 MINIMUM TEMPERATURE (F)   37        11      1986


SUNRISE AND SUNSET
NOVEMBER 14 2014......SUNRISE   630 AM CST   SUNSET   439 PM CST
NOVEMBER 15 2014......SUNRISE   631 AM CST   SUNSET   438 PM CST


-  INDICATES NEGATIVE NUMBERS.
R  INDICATES RECORD WAS SET OR TIED.
MM INDICATES DATA IS MISSING.
T  INDICATES TRACE AMOUNT.




$$
