000
CDUS43 KPAH 102228
CLIEVV


CLIMATE REPORT
NATIONAL WEATHER SERVICE PADUCAH KY
427 PM CST SAT FEB 10 2018

...................................

...THE EVANSVILLE IN CLIMATE SUMMARY FOR FEBRUARY 10 2018...
VALID TODAY AS OF 0400 PM LOCAL TIME.

CLIMATE NORMAL PERIOD 1981 TO 2010
CLIMATE RECORD PERIOD 1896 TO 2018

WEATHER ITEM   OBSERVED TIME   RECORD YEAR NORMAL DEPARTURE LAST
                VALUE   (LST)  VALUE       VALUE  FROM      YEAR
                                                  NORMAL
..................................................................
TEMPERATURE (F)
 TODAY
  MAXIMUM         47   1221 AM  70    1898  44      3       61
  MINIMUM         35    946 AM  -7    1899  26      9       24
  AVERAGE         41                        35      6       43

PRECIPITATION (IN)
  TODAY            T             1.79 1985   0.11  -0.11     0.00
  MONTH TO DATE    0.61                      1.17  -0.56     0.48
  SINCE DEC 1      6.00                      8.03  -2.03     6.67
  SINCE JAN 1      3.58                      4.27  -0.69     2.75

SNOWFALL (IN)
  TODAY            0.0                                       0.0
  MONTH TO DATE    0.4                                        T
  SINCE JUL 1      7.5                                       0.4
  SNOW DEPTH       0
..................................................................

WIND (MPH)
  HIGHEST WIND SPEED    15   HIGHEST WIND DIRECTION    NW (330)
  HIGHEST GUST SPEED    20   HIGHEST GUST DIRECTION     N (360)
..........................................................

THE EVANSVILLE IN CLIMATE NORMALS FOR TOMORROW
                         NORMAL    RECORD    YEAR
 MAXIMUM TEMPERATURE (F)   45        75      1999
 MINIMUM TEMPERATURE (F)   26         1      1955
                                             1899

SUNRISE AND SUNSET
FEBRUARY 10 2018......SUNRISE   646 AM CST   SUNSET   523 PM CST
FEBRUARY 11 2018......SUNRISE   645 AM CST   SUNSET   524 PM CST

-  INDICATES NEGATIVE NUMBERS.
R  INDICATES RECORD WAS SET OR TIED.
MM INDICATES DATA IS MISSING.
T  INDICATES TRACE AMOUNT.

$$
