000
CDUS43 KPAH 250630
CLIEVV


CLIMATE REPORT
NATIONAL WEATHER SERVICE PADUCAH KY
1229 AM CST FRI NOV 25 2016


...................................

...THE EVANSVILLE IN CLIMATE SUMMARY FOR NOVEMBER 24 2016...

CLIMATE NORMAL PERIOD 1981 TO 2010
CLIMATE RECORD PERIOD 1896 TO 2016


WEATHER ITEM   OBSERVED TIME   RECORD YEAR NORMAL DEPARTURE LAST
                VALUE   (LST)  VALUE       VALUE  FROM      YEAR
                                                  NORMAL
..................................................................
TEMPERATURE (F)
 YESTERDAY
  MAXIMUM         54   1224 AM  70    1966  52      2       60
  MINIMUM         44   1159 PM  -1    1950  33     11       30
  AVERAGE         49                        43      6       45

PRECIPITATION (IN)
  YESTERDAY        0.01          1.95 2010   0.15  -0.14     0.00
  MONTH TO DATE    1.28                      3.43  -2.15     3.87
  SINCE SEP 1      5.78                      9.73  -3.95     7.93
  SINCE JAN 1     44.24                     40.65   3.59    45.49

SNOWFALL (IN)
  YESTERDAY        0.0           1.1  1971   0.1   -0.1      0.0
  MONTH TO DATE    0.0                       0.1   -0.1      0.0
  SINCE SEP 1      0.0                       0.3   -0.3      0.0
  SINCE JUL 1      0.0                       0.3   -0.3      0.0
  SNOW DEPTH       0

DEGREE DAYS
 HEATING
  YESTERDAY       16                        22     -6       20
  MONTH TO DATE  313                       416   -103      345
  SINCE SEP 1    421                       718   -297      536
  SINCE JUL 1    421                       719   -298      536

 COOLING
  YESTERDAY        0                         0      0        0
  MONTH TO DATE   11                         0     11        5
  SINCE SEP 1    389                       196    193      277
  SINCE JAN 1   1775                      1395    380     1576
..................................................................


WIND (MPH)
  HIGHEST WIND SPEED    15   HIGHEST WIND DIRECTION    NW (320)
  HIGHEST GUST SPEED    20   HIGHEST GUST DIRECTION    NW (320)
  AVERAGE WIND SPEED     3.9


SKY COVER
  AVERAGE SKY COVER 1.0


WEATHER CONDITIONS
 THE FOLLOWING WEATHER WAS RECORDED YESTERDAY.
  FOG


RELATIVE HUMIDITY (PERCENT)
 HIGHEST    93
 LOWEST     76
 AVERAGE    85

..........................................................


THE EVANSVILLE IN CLIMATE NORMALS FOR TODAY
                         NORMAL    RECORD    YEAR
 MAXIMUM TEMPERATURE (F)   52        73      1908
 MINIMUM TEMPERATURE (F)   33        -3      1950


SUNRISE AND SUNSET
NOVEMBER 25 2016......SUNRISE   642 AM CST   SUNSET   432 PM CST
NOVEMBER 26 2016......SUNRISE   643 AM CST   SUNSET   432 PM CST


-  INDICATES NEGATIVE NUMBERS.
R  INDICATES RECORD WAS SET OR TIED.
MM INDICATES DATA IS MISSING.
T  INDICATES TRACE AMOUNT.




$$
