000
CDUS43 KPAH 102126
CLIEVV


CLIMATE REPORT
NATIONAL WEATHER SERVICE PADUCAH KY
425 PM CDT SUN JUL 10 2016

...................................

...THE EVANSVILLE IN CLIMATE SUMMARY FOR JULY 10 2016...
VALID TODAY AS OF 0400 PM LOCAL TIME.

CLIMATE NORMAL PERIOD 1981 TO 2010
CLIMATE RECORD PERIOD 1896 TO 2016

WEATHER ITEM   OBSERVED TIME   RECORD YEAR NORMAL DEPARTURE LAST
                VALUE   (LST)  VALUE       VALUE  FROM      YEAR
                                                  NORMAL
..................................................................
TEMPERATURE (F)
 TODAY
  MAXIMUM         89    227 PM 104    1936  89      0       82
  MINIMUM         66    454 AM  52    1963  68     -2       68
                                      1961
  AVERAGE         78                        78      0       75

PRECIPITATION (IN)
  TODAY            0.00          3.00 1967   0.13  -0.13     0.66
  MONTH TO DATE    4.85                      1.32   3.53     3.53
  SINCE JUN 1      9.22                      5.10   4.12    10.92
  SINCE JAN 1     30.97                     25.34   5.63    33.36

SNOWFALL (IN)
  TODAY            0.0                                       0.0
  MONTH TO DATE    0.0                                       0.0
  SINCE JUL 1      0.0                                       0.0
  SNOW DEPTH       0
..................................................................

WIND (MPH)
  HIGHEST WIND SPEED     7   HIGHEST WIND DIRECTION    NW (330)
  HIGHEST GUST SPEED    10   HIGHEST GUST DIRECTION     E (80)
..........................................................

THE EVANSVILLE IN CLIMATE NORMALS FOR TOMORROW
                         NORMAL    RECORD    YEAR
 MAXIMUM TEMPERATURE (F)   89       104      1901
 MINIMUM TEMPERATURE (F)   68        51      1963

SUNRISE AND SUNSET
JULY 10 2016..........SUNRISE   536 AM CDT   SUNSET   814 PM CDT
JULY 11 2016..........SUNRISE   537 AM CDT   SUNSET   814 PM CDT

-  INDICATES NEGATIVE NUMBERS.
R  INDICATES RECORD WAS SET OR TIED.
MM INDICATES DATA IS MISSING.
T  INDICATES TRACE AMOUNT.

$$
