000
CDUS43 KPAH 070635
CLIEVV


CLIMATE REPORT
NATIONAL WEATHER SERVICE PADUCAH KY
1232 AM CST SUN FEB 7 2016


...................................

...THE EVANSVILLE IN CLIMATE SUMMARY FOR FEBRUARY 6 2016...

CLIMATE NORMAL PERIOD 1981 TO 2010
CLIMATE RECORD PERIOD 1896 TO 2016


WEATHER ITEM   OBSERVED TIME   RECORD YEAR NORMAL DEPARTURE LAST
                VALUE   (LST)  VALUE       VALUE  FROM      YEAR
                                                  NORMAL
..................................................................
TEMPERATURE (F)
 YESTERDAY
  MAXIMUM         55    411 PM  68    1925  43     12       45
  MINIMUM         27    435 AM  -4    1982  25      2       17
  AVERAGE         41                        34      7       31

PRECIPITATION (IN)
  YESTERDAY        0.00          0.72 1972   0.12  -0.12     0.00
  MONTH TO DATE    1.75                      0.72   1.03     0.67
  SINCE DEC 1      8.95                      7.58   1.37     7.07
  SINCE JAN 1      3.75                      3.82  -0.07     3.64

SNOWFALL (IN)
  YESTERDAY        0.0           1.5  2003   0.2   -0.2      0.0
  MONTH TO DATE    0.0                       0.9   -0.9      0.2
  SINCE DEC 1     10.9                       7.5    3.4      0.4
  SINCE JUL 1     10.9                       7.8    3.1      2.8
  SNOW DEPTH       0

DEGREE DAYS
 HEATING
  YESTERDAY       24                        31     -7       34
  MONTH TO DATE  126                       187    -61      199
  SINCE DEC 1   1607                      2105   -498     1963
  SINCE JUL 1   2216                      2966   -750     2966

 COOLING
  YESTERDAY        0                         0      0        0
  MONTH TO DATE    0                         0      0        0
  SINCE DEC 1      3                         0      3        0
  SINCE JAN 1      0                         0      0        0
..................................................................


WIND (MPH)
  HIGHEST WIND SPEED     9   HIGHEST WIND DIRECTION    SW (240)
  HIGHEST GUST SPEED    13   HIGHEST GUST DIRECTION    SW (210)
  AVERAGE WIND SPEED     2.6


SKY COVER
  AVERAGE SKY COVER 0.2


WEATHER CONDITIONS
 THE FOLLOWING WEATHER WAS RECORDED YESTERDAY.
  HAZE


RELATIVE HUMIDITY (PERCENT)
 HIGHEST    78
 LOWEST     30
 AVERAGE    54

..........................................................


THE EVANSVILLE IN CLIMATE NORMALS FOR TODAY
                         NORMAL    RECORD    YEAR
 MAXIMUM TEMPERATURE (F)   44        70      1925
 MINIMUM TEMPERATURE (F)   25        -4      1982


SUNRISE AND SUNSET
FEBRUARY  7 2016......SUNRISE   649 AM CST   SUNSET   519 PM CST
FEBRUARY  8 2016......SUNRISE   648 AM CST   SUNSET   521 PM CST


-  INDICATES NEGATIVE NUMBERS.
R  INDICATES RECORD WAS SET OR TIED.
MM INDICATES DATA IS MISSING.
T  INDICATES TRACE AMOUNT.




$$
