000
CDUS43 KPAH 060630
CLIEVV


CLIMATE REPORT
NATIONAL WEATHER SERVICE PADUCAH KY
129 AM CDT SUN APR 6 2014


...................................

...THE EVANSVILLE IN CLIMATE SUMMARY FOR APRIL 5 2014...

CLIMATE NORMAL PERIOD 1981 TO 2010
CLIMATE RECORD PERIOD 1896 TO 2014


WEATHER ITEM   OBSERVED TIME   RECORD YEAR NORMAL DEPARTURE LAST
                VALUE   (LST)  VALUE       VALUE  FROM      YEAR
                                                  NORMAL
..................................................................
TEMPERATURE (F)
 YESTERDAY
  MAXIMUM         53    418 PM  87    1988  64    -11       67
  MINIMUM         40   1148 PM  24    1944  41     -1       32
  AVERAGE         47                        53     -6       50

PRECIPITATION (IN)
  YESTERDAY        0.00          1.41 1939   0.13  -0.13     0.00
  MONTH TO DATE    6.24                      0.66   5.58     0.00
  SINCE MAR 1      9.09                      4.90   4.19     4.08
  SINCE JAN 1     13.04                     11.17   1.87    13.61

SNOWFALL (IN)
  YESTERDAY        0.0           T    1996   0.0    0.0      0.0
  MONTH TO DATE    0.0                       0.0    0.0      0.0
  SINCE MAR 1      2.6                       1.0    1.6       T
  SINCE JUL 1     12.6                      11.7    0.9     12.3
  SNOW DEPTH       0

DEGREE DAYS
 HEATING
  YESTERDAY       18                        13      5       15
  MONTH TO DATE   43                        67    -24      106
  SINCE MAR 1    756                       659     97      887
  SINCE JUL 1   4718                      4233    485     4250

 COOLING
  YESTERDAY        0                         0      0        0
  MONTH TO DATE    0                         0      0        0
  SINCE MAR 1      0                         3     -3        0
  SINCE JAN 1      0                         3     -3        0
..................................................................


WIND (MPH)
  HIGHEST WIND SPEED    15   HIGHEST WIND DIRECTION    NE (40)
  HIGHEST GUST SPEED    18   HIGHEST GUST DIRECTION     W (290)
  AVERAGE WIND SPEED     5.7


SKY COVER
  AVERAGE SKY COVER 0.5


WEATHER CONDITIONS
 THE FOLLOWING WEATHER WAS RECORDED YESTERDAY.
  HAZE


RELATIVE HUMIDITY (PERCENT)
 HIGHEST    76
 LOWEST     44
 AVERAGE    60

..........................................................


THE EVANSVILLE IN CLIMATE NORMALS FOR TODAY
                         NORMAL    RECORD    YEAR
 MAXIMUM TEMPERATURE (F)   65        83      2010
                                             1967
 MINIMUM TEMPERATURE (F)   42        27      1982


SUNRISE AND SUNSET
APRIL  6 2014.........SUNRISE   628 AM CDT   SUNSET   718 PM CDT
APRIL  7 2014.........SUNRISE   626 AM CDT   SUNSET   719 PM CDT


-  INDICATES NEGATIVE NUMBERS.
R  INDICATES RECORD WAS SET OR TIED.
MM INDICATES DATA IS MISSING.
T  INDICATES TRACE AMOUNT.




$$
