000
CDUS43 KPAH 062233
CLIEVV


CLIMATE REPORT
NATIONAL WEATHER SERVICE PADUCAH KY
431 PM CST MON FEB 6 2017


...................................

...THE EVANSVILLE IN CLIMATE SUMMARY FOR FEBRUARY 6 2017...
VALID TODAY AS OF 0400 PM LOCAL TIME.

CLIMATE NORMAL PERIOD 1981 TO 2010
CLIMATE RECORD PERIOD 1896 TO 2017


WEATHER ITEM   OBSERVED TIME   RECORD YEAR NORMAL DEPARTURE LAST
                VALUE   (LST)  VALUE       VALUE  FROM      YEAR
                                                  NORMAL
..................................................................
TEMPERATURE (F)
 TODAY
  MAXIMUM         56    359 PM  68    1925  43     13       55
  MINIMUM         31    527 AM  -4    1982  25      6       27
  AVERAGE         44                        34     10       41

PRECIPITATION (IN)
  TODAY            0.00          0.72 1972   0.12  -0.12     0.00
  MONTH TO DATE    0.00                      0.72  -0.72     1.75
  SINCE DEC 1      6.19                      7.58  -1.39     8.95
  SINCE JAN 1      2.27                      3.82  -1.55     3.75

SNOWFALL (IN)
  TODAY            0.0                                       0.0
  MONTH TO DATE    0.0                                       0.0
  SINCE JUL 1      0.4                                      10.9
  SNOW DEPTH       0

..................................................................


WIND (MPH)
  HIGHEST WIND SPEED     9   HIGHEST WIND DIRECTION     S (170)
  HIGHEST GUST SPEED    13   HIGHEST GUST DIRECTION    SE (150)




..........................................................


THE EVANSVILLE IN CLIMATE NORMALS FOR TOMORROW
                         NORMAL    RECORD    YEAR
 MAXIMUM TEMPERATURE (F)   44        70      1925
 MINIMUM TEMPERATURE (F)   25        -4      1982


SUNRISE AND SUNSET
FEBRUARY  6 2017......SUNRISE   650 AM CST   SUNSET   519 PM CST
FEBRUARY  7 2017......SUNRISE   649 AM CST   SUNSET   520 PM CST


-  INDICATES NEGATIVE NUMBERS.
R  INDICATES RECORD WAS SET OR TIED.
MM INDICATES DATA IS MISSING.
T  INDICATES TRACE AMOUNT.




$$
