000
CDUS43 KPAH 300633
CLIEVV


CLIMATE REPORT
NATIONAL WEATHER SERVICE PADUCAH KY
129 AM CDT SAT APR 30 2016


...................................

...THE EVANSVILLE IN CLIMATE SUMMARY FOR APRIL 29 2016...

CLIMATE NORMAL PERIOD 1981 TO 2010
CLIMATE RECORD PERIOD 1896 TO 2016


WEATHER ITEM   OBSERVED TIME   RECORD YEAR NORMAL DEPARTURE LAST
                VALUE   (LST)  VALUE       VALUE  FROM      YEAR
                                                  NORMAL
..................................................................
TEMPERATURE (F)
 YESTERDAY
  MAXIMUM         67    223 PM  90    1899  72     -5       71
  MINIMUM         51    524 AM  35    1988  49      2       44
                                      1976
  AVERAGE         59                        61     -2       58

PRECIPITATION (IN)
  YESTERDAY        0.02          2.41 1983   0.16  -0.14     0.00
  MONTH TO DATE    5.11                      4.20   0.91     6.62
  SINCE MAR 1     10.98                      8.44   2.54    13.47
  SINCE JAN 1     17.32                     14.71   2.61    19.00

SNOWFALL (IN)
  YESTERDAY        0.0                       0.0    0.0      0.0
  MONTH TO DATE    0.0                       0.1   -0.1      0.0
  SINCE MAR 1      T                         1.1   -1.1      8.5
  SINCE JUL 1     14.2                      11.8    2.4     18.5
  SNOW DEPTH       0

DEGREE DAYS
 HEATING
  YESTERDAY        6                         6      0        7
  MONTH TO DATE  240                       283    -43      189
  SINCE MAR 1    645                       875   -230      808
  SINCE JUL 1   3463                      4449   -986     4644

 COOLING
  YESTERDAY        0                         1     -1        0
  MONTH TO DATE   21                        21      0       28
  SINCE MAR 1     22                        24     -2       28
  SINCE JAN 1     22                        24     -2       28
..................................................................


WIND (MPH)
  HIGHEST WIND SPEED    10   HIGHEST WIND DIRECTION    NE (40)
  HIGHEST GUST SPEED    13   HIGHEST GUST DIRECTION    NE (60)
  AVERAGE WIND SPEED     3.6


SKY COVER
  AVERAGE SKY COVER 0.3


WEATHER CONDITIONS
 THE FOLLOWING WEATHER WAS RECORDED YESTERDAY.
  LIGHT RAIN


RELATIVE HUMIDITY (PERCENT)
 HIGHEST    93
 LOWEST     52
 AVERAGE    73

..........................................................


THE EVANSVILLE IN CLIMATE NORMALS FOR TODAY
                         NORMAL    RECORD    YEAR
 MAXIMUM TEMPERATURE (F)   72        89      1942
 MINIMUM TEMPERATURE (F)   49        33      1988
                                             1969


SUNRISE AND SUNSET
APRIL 30 2016.........SUNRISE   554 AM CDT   SUNSET   741 PM CDT
MAY  1 2016...........SUNRISE   553 AM CDT   SUNSET   742 PM CDT


-  INDICATES NEGATIVE NUMBERS.
R  INDICATES RECORD WAS SET OR TIED.
MM INDICATES DATA IS MISSING.
T  INDICATES TRACE AMOUNT.




$$
