372
CDUS43 KPAH 160629
CLIEVV


CLIMATE REPORT
NATIONAL WEATHER SERVICE PADUCAH KY
128 AM CDT SAT MAY 16 2015


...................................

...THE EVANSVILLE IN CLIMATE SUMMARY FOR MAY 15 2015...

CLIMATE NORMAL PERIOD 1981 TO 2010
CLIMATE RECORD PERIOD 1896 TO 2015


WEATHER ITEM   OBSERVED TIME   RECORD YEAR NORMAL DEPARTURE LAST
                VALUE   (LST)  VALUE       VALUE  FROM      YEAR
                                                  NORMAL
..................................................................
TEMPERATURE (F)
 YESTERDAY
  MAXIMUM         86    259 PM  92    1988  77      9       61
  MINIMUM         60    443 AM  38    1997  54      6       47
  AVERAGE         73                        65      8       54

PRECIPITATION (IN)
  YESTERDAY        0.43          1.75 1923   0.17   0.26     0.29
  MONTH TO DATE    1.86                      2.63  -0.77     3.64
  SINCE MAR 1     15.33                     11.24   4.09    17.46
  SINCE JAN 1     20.86                     17.51   3.35    21.41

SNOWFALL (IN)
  YESTERDAY        0.0           0.0  2002   0.0    0.0      0.0
                                      2001
  MONTH TO DATE    0.0                       0.0    0.0      0.0
  SINCE MAR 1      8.5                       1.1    7.4      2.6
  SINCE JUL 1     18.5                      11.8    6.7     12.6
  SNOW DEPTH       0

DEGREE DAYS
 HEATING
  YESTERDAY        0                         3     -3       11
  MONTH TO DATE   22                        58    -36       53
  SINCE MAR 1    837                       939   -102      979
  SINCE JUL 1   4673                      4513    160     4941

 COOLING
  YESTERDAY        8                         3      5        0
  MONTH TO DATE   77                        32     45       74
  SINCE MAR 1    105                        59     46       84
  SINCE JAN 1    105                        59     46       84
..................................................................


WIND (MPH)
  HIGHEST WIND SPEED    31   HIGHEST WIND DIRECTION    SW (240)
  HIGHEST GUST SPEED    37   HIGHEST GUST DIRECTION    SW (240)
  AVERAGE WIND SPEED     8.7


SKY COVER
  AVERAGE SKY COVER 0.3


WEATHER CONDITIONS
 THE FOLLOWING WEATHER WAS RECORDED YESTERDAY.
  THUNDERSTORM
  HEAVY RAIN
  RAIN
  LIGHT RAIN
  FOG


RELATIVE HUMIDITY (PERCENT)
 HIGHEST    87
 LOWEST     51
 AVERAGE    69

..........................................................


THE EVANSVILLE IN CLIMATE NORMALS FOR TODAY
                         NORMAL    RECORD    YEAR
 MAXIMUM TEMPERATURE (F)   77        92      1962
 MINIMUM TEMPERATURE (F)   55        34      1997


SUNRISE AND SUNSET
MAY 16 2015...........SUNRISE   539 AM CDT   SUNSET   754 PM CDT
MAY 17 2015...........SUNRISE   538 AM CDT   SUNSET   755 PM CDT


-  INDICATES NEGATIVE NUMBERS.
R  INDICATES RECORD WAS SET OR TIED.
MM INDICATES DATA IS MISSING.
T  INDICATES TRACE AMOUNT.




$$
