000
CDUS43 KPAH 240640
CLIEVV


CLIMATE REPORT
NATIONAL WEATHER SERVICE PADUCAH KY
1237 AM CST FRI FEB 24 2017


...................................

...THE EVANSVILLE IN CLIMATE SUMMARY FOR FEBRUARY 23 2017...

CLIMATE NORMAL PERIOD 1981 TO 2010
CLIMATE RECORD PERIOD 1896 TO 2017


WEATHER ITEM   OBSERVED TIME   RECORD YEAR NORMAL DEPARTURE LAST
                VALUE   (LST)  VALUE       VALUE  FROM      YEAR
                                                  NORMAL
..................................................................
TEMPERATURE (F)
 YESTERDAY
  MAXIMUM         74    253 PM  77    1985  49     25       58
  MINIMUM         52    700 AM   6    1963  29     23       35
  AVERAGE         63                        39     24       47

PRECIPITATION (IN)
  YESTERDAY        0.00          1.68 1909   0.11  -0.11     0.65
  MONTH TO DATE    0.64                      2.61  -1.97     3.07
  SINCE DEC 1      6.83                      9.47  -2.64    10.27
  SINCE JAN 1      2.91                      5.71  -2.80     5.07

SNOWFALL (IN)
  YESTERDAY        0.0           3.0  2003   0.2   -0.2      0.0
  MONTH TO DATE    T                         3.3   -3.3      3.3
  SINCE DEC 1      0.4                       9.9   -9.5     14.2
  SINCE JUL 1      0.4                      10.2   -9.8     14.2
  SNOW DEPTH       0

DEGREE DAYS
 HEATING
  YESTERDAY        2                        26    -24       18
  MONTH TO DATE  432                       670   -238      593
  SINCE DEC 1   2095                      2588   -493     2074
  SINCE JUL 1   2625                      3449   -824     2683

 COOLING
  YESTERDAY        0                         0      0        0
  MONTH TO DATE    0                         0      0        0
  SINCE DEC 1      0                         0      0        3
  SINCE JAN 1      0                         0      0        0
..................................................................


WIND (MPH)
  HIGHEST WIND SPEED    20   HIGHEST WIND DIRECTION    SW (220)
  HIGHEST GUST SPEED    24   HIGHEST GUST DIRECTION    SW (230)
  AVERAGE WIND SPEED     6.8


SKY COVER
  AVERAGE SKY COVER 0.4


WEATHER CONDITIONS
 THE FOLLOWING WEATHER WAS RECORDED YESTERDAY.
  FOG


RELATIVE HUMIDITY (PERCENT)
 HIGHEST    96
 LOWEST     53
 AVERAGE    75

..........................................................


THE EVANSVILLE IN CLIMATE NORMALS FOR TODAY
                         NORMAL    RECORD    YEAR
 MAXIMUM TEMPERATURE (F)   49        72      2000
 MINIMUM TEMPERATURE (F)   30         2      1967


SUNRISE AND SUNSET
FEBRUARY 24 2017......SUNRISE   628 AM CST   SUNSET   539 PM CST
FEBRUARY 25 2017......SUNRISE   627 AM CST   SUNSET   540 PM CST


-  INDICATES NEGATIVE NUMBERS.
R  INDICATES RECORD WAS SET OR TIED.
MM INDICATES DATA IS MISSING.
T  INDICATES TRACE AMOUNT.




$$
