000
CDUS43 KPAH 100629
CLIEVV


CLIMATE REPORT
NATIONAL WEATHER SERVICE PADUCAH KY
1227 AM CST WED FEB 10 2016


...................................

...THE EVANSVILLE IN CLIMATE SUMMARY FOR FEBRUARY 9 2016...

CLIMATE NORMAL PERIOD 1981 TO 2010
CLIMATE RECORD PERIOD 1896 TO 2016


WEATHER ITEM   OBSERVED TIME   RECORD YEAR NORMAL DEPARTURE LAST
                VALUE   (LST)  VALUE       VALUE  FROM      YEAR
                                                  NORMAL
..................................................................
TEMPERATURE (F)
 YESTERDAY
  MAXIMUM         25    144 PM  72    1965  44    -19       45
  MINIMUM         20   1159 PM -15    1899  26     -6       32
  AVERAGE         23                        35    -12       39

PRECIPITATION (IN)
  YESTERDAY        0.01          2.46 1965   0.12  -0.11     0.00
  MONTH TO DATE    1.92                      1.06   0.86     0.67
  SINCE DEC 1      9.12                      7.92   1.20     7.07
  SINCE JAN 1      3.92                      4.16  -0.24     3.64

SNOWFALL (IN)
  YESTERDAY        0.6           1.5  2010   0.1    0.5      0.0
  MONTH TO DATE    0.9                       1.3   -0.4      0.2
  SINCE DEC 1     11.8                       7.9    3.9      0.4
  SINCE JUL 1     11.8                       8.2    3.6      2.8
  SNOW DEPTH       T

DEGREE DAYS
 HEATING
  YESTERDAY       42                        30     12       26
  MONTH TO DATE  218                       278    -60      257
  SINCE DEC 1   1699                      2196   -497     2021
  SINCE JUL 1   2308                      3057   -749     3024

 COOLING
  YESTERDAY        0                         0      0        0
  MONTH TO DATE    0                         0      0        0
  SINCE DEC 1      3                         0      3        0
  SINCE JAN 1      0                         0      0        0
..................................................................


WIND (MPH)
  HIGHEST WIND SPEED    17   HIGHEST WIND DIRECTION     W (290)
  HIGHEST GUST SPEED    26   HIGHEST GUST DIRECTION     W (280)
  AVERAGE WIND SPEED     9.5


SKY COVER
  AVERAGE SKY COVER 1.0


WEATHER CONDITIONS
 THE FOLLOWING WEATHER WAS RECORDED YESTERDAY.
  SNOW
  LIGHT SNOW


RELATIVE HUMIDITY (PERCENT)
 HIGHEST    71
 LOWEST     60
 AVERAGE    66

..........................................................


THE EVANSVILLE IN CLIMATE NORMALS FOR TODAY
                         NORMAL    RECORD    YEAR
 MAXIMUM TEMPERATURE (F)   44        70      1898
 MINIMUM TEMPERATURE (F)   26        -7      1899


SUNRISE AND SUNSET
FEBRUARY 10 2016......SUNRISE   646 AM CST   SUNSET   523 PM CST
FEBRUARY 11 2016......SUNRISE   645 AM CST   SUNSET   524 PM CST


-  INDICATES NEGATIVE NUMBERS.
R  INDICATES RECORD WAS SET OR TIED.
MM INDICATES DATA IS MISSING.
T  INDICATES TRACE AMOUNT.




$$
