000
CDUS43 KPAH 192234
CLIEVV


CLIMATE REPORT
NATIONAL WEATHER SERVICE PADUCAH KY
433 PM CST MON FEB 19 2018

...................................

...THE EVANSVILLE IN CLIMATE SUMMARY FOR FEBRUARY 19 2018...
VALID TODAY AS OF 0400 PM LOCAL TIME.

CLIMATE NORMAL PERIOD 1981 TO 2010
CLIMATE RECORD PERIOD 1896 TO 2018

WEATHER ITEM   OBSERVED TIME   RECORD YEAR NORMAL DEPARTURE LAST
                VALUE   (LST)  VALUE       VALUE  FROM      YEAR
                                                  NORMAL
..................................................................
TEMPERATURE (F)
 TODAY
  MAXIMUM         74R   340 PM  73    1994  47     27       59
  MINIMUM         49   1216 AM  -6    2015  28     21       43
  AVERAGE         62                        38     24       51

PRECIPITATION (IN)
  TODAY            0.02          0.94 1952   0.11  -0.09     0.00
  MONTH TO DATE    3.03                      2.18   0.85     0.64
  SINCE DEC 1      8.42                      9.04  -0.62     6.83
  SINCE JAN 1      6.00                      5.28   0.72     2.91

SNOWFALL (IN)
  TODAY            0.0                                       0.0
  MONTH TO DATE    0.9                                        T
  SINCE JUL 1      8.0                                       0.4
  SNOW DEPTH       0
..................................................................

WIND (MPH)
  HIGHEST WIND SPEED    25   HIGHEST WIND DIRECTION    SW (210)
  HIGHEST GUST SPEED    36   HIGHEST GUST DIRECTION    SW (220)
..........................................................

THE EVANSVILLE IN CLIMATE NORMALS FOR TOMORROW
                         NORMAL    RECORD    YEAR
 MAXIMUM TEMPERATURE (F)   48        75      2016
 MINIMUM TEMPERATURE (F)   28        -7      2015

SUNRISE AND SUNSET
FEBRUARY 19 2018......SUNRISE   635 AM CST   SUNSET   533 PM CST
FEBRUARY 20 2018......SUNRISE   634 AM CST   SUNSET   534 PM CST

-  INDICATES NEGATIVE NUMBERS.
R  INDICATES RECORD WAS SET OR TIED.
MM INDICATES DATA IS MISSING.
T  INDICATES TRACE AMOUNT.

$$
