000
CDUS43 KPAH 240631
CLIEVV


CLIMATE REPORT
NATIONAL WEATHER SERVICE PADUCAH KY
1229 AM CST THU NOV 24 2016


...................................

...THE EVANSVILLE IN CLIMATE SUMMARY FOR NOVEMBER 23 2016...

CLIMATE NORMAL PERIOD 1981 TO 2010
CLIMATE RECORD PERIOD 1896 TO 2016


WEATHER ITEM   OBSERVED TIME   RECORD YEAR NORMAL DEPARTURE LAST
                VALUE   (LST)  VALUE       VALUE  FROM      YEAR
                                                  NORMAL
..................................................................
TEMPERATURE (F)
 YESTERDAY
  MAXIMUM         54   1159 PM  76    1931  53      1       52
  MINIMUM         44    533 AM  13    1950  34     10       27
  AVERAGE         49                        43      6       40

PRECIPITATION (IN)
  YESTERDAY        0.56          1.73 1983   0.15   0.41     0.00
  MONTH TO DATE    1.27                      3.28  -2.01     3.87
  SINCE SEP 1      5.77                      9.58  -3.81     7.93
  SINCE JAN 1     44.23                     40.50   3.73    45.49

SNOWFALL (IN)
  YESTERDAY        0.0           1.8  1950   0.0    0.0      0.0
  MONTH TO DATE    0.0                       0.0    0.0      0.0
  SINCE SEP 1      0.0                       0.2   -0.2      0.0
  SINCE JUL 1      0.0                       0.2   -0.2      0.0
  SNOW DEPTH       0

DEGREE DAYS
 HEATING
  YESTERDAY       16                        22     -6       25
  MONTH TO DATE  297                       394    -97      325
  SINCE SEP 1    405                       696   -291      516
  SINCE JUL 1    405                       697   -292      516

 COOLING
  YESTERDAY        0                         0      0        0
  MONTH TO DATE   11                         0     11        5
  SINCE SEP 1    389                       196    193      277
  SINCE JAN 1   1775                      1395    380     1576
..................................................................


WIND (MPH)
  HIGHEST WIND SPEED    15   HIGHEST WIND DIRECTION     S (180)
  HIGHEST GUST SPEED    22   HIGHEST GUST DIRECTION     S (190)
  AVERAGE WIND SPEED     7.0


SKY COVER
  AVERAGE SKY COVER 0.9


WEATHER CONDITIONS
 THE FOLLOWING WEATHER WAS RECORDED YESTERDAY.
  RAIN
  LIGHT RAIN
  FOG
  HAZE


RELATIVE HUMIDITY (PERCENT)
 HIGHEST    96
 LOWEST     76
 AVERAGE    86

..........................................................


THE EVANSVILLE IN CLIMATE NORMALS FOR TODAY
                         NORMAL    RECORD    YEAR
 MAXIMUM TEMPERATURE (F)   52        70      1966
 MINIMUM TEMPERATURE (F)   33        -1      1950


SUNRISE AND SUNSET
NOVEMBER 24 2016......SUNRISE   641 AM CST   SUNSET   433 PM CST
NOVEMBER 25 2016......SUNRISE   642 AM CST   SUNSET   432 PM CST


-  INDICATES NEGATIVE NUMBERS.
R  INDICATES RECORD WAS SET OR TIED.
MM INDICATES DATA IS MISSING.
T  INDICATES TRACE AMOUNT.




$$
