000
CDUS43 KPAH 160627
CLIEVV


CLIMATE REPORT
NATIONAL WEATHER SERVICE PADUCAH KY
1226 AM CST MON JAN 16 2017


...................................

...THE EVANSVILLE IN CLIMATE SUMMARY FOR JANUARY 15 2017...

CLIMATE NORMAL PERIOD 1981 TO 2010
CLIMATE RECORD PERIOD 1896 TO 2017


WEATHER ITEM   OBSERVED TIME   RECORD YEAR NORMAL DEPARTURE LAST
                VALUE   (LST)  VALUE       VALUE  FROM      YEAR
                                                  NORMAL
..................................................................
TEMPERATURE (F)
 YESTERDAY
  MAXIMUM         41   1159 PM  70    1949  41      0       51
  MINIMUM         36    440 AM  -7    1979  24     12       35
  AVERAGE         39                        32      7       43

PRECIPITATION (IN)
  YESTERDAY        0.09          1.13 1950   0.10  -0.01     0.13
  MONTH TO DATE    1.46                      1.47  -0.01     1.50
  SINCE DEC 1      5.38                      5.23   0.15     6.70
  SINCE JAN 1      1.46                      1.47  -0.01     1.50

SNOWFALL (IN)
  YESTERDAY        0.0           2.1  1965   0.1   -0.1      0.0
  MONTH TO DATE    0.4                       1.6   -1.2      2.5
  SINCE DEC 1      0.4                       4.8   -4.4      2.5
  SINCE JUL 1      0.4                       5.1   -4.7      2.5
  SNOW DEPTH       0

DEGREE DAYS
 HEATING
  YESTERDAY       26                        33     -7       22
  MONTH TO DATE  444                       490    -46      449
  SINCE DEC 1   1344                      1401    -57      978
  SINCE JUL 1   1874                      2262   -388     1587

 COOLING
  YESTERDAY        0                         0      0        0
  MONTH TO DATE    0                         0      0        0
  SINCE DEC 1      0                         0      0        3
  SINCE JAN 1      0                         0      0        0
..................................................................


WIND (MPH)
  HIGHEST WIND SPEED     9   HIGHEST WIND DIRECTION    NE (60)
  HIGHEST GUST SPEED    11   HIGHEST GUST DIRECTION    NE (30)
  AVERAGE WIND SPEED     4.9


SKY COVER
  AVERAGE SKY COVER 1.0


WEATHER CONDITIONS
 THE FOLLOWING WEATHER WAS RECORDED YESTERDAY.
  RAIN
  LIGHT RAIN
  FOG


RELATIVE HUMIDITY (PERCENT)
 HIGHEST    93
 LOWEST     85
 AVERAGE    89

..........................................................


THE EVANSVILLE IN CLIMATE NORMALS FOR TODAY
                         NORMAL    RECORD    YEAR
 MAXIMUM TEMPERATURE (F)   41        71      1928
 MINIMUM TEMPERATURE (F)   24       -17      1982


SUNRISE AND SUNSET
JANUARY 16 2017.......SUNRISE   705 AM CST   SUNSET   456 PM CST
JANUARY 17 2017.......SUNRISE   704 AM CST   SUNSET   457 PM CST


-  INDICATES NEGATIVE NUMBERS.
R  INDICATES RECORD WAS SET OR TIED.
MM INDICATES DATA IS MISSING.
T  INDICATES TRACE AMOUNT.




$$
