000
CDUS43 KPAH 142139
CLIEVV


CLIMATE REPORT
NATIONAL WEATHER SERVICE PADUCAH KY
436 PM CDT THU AUG 14 2014


...................................

...THE EVANSVILLE IN CLIMATE SUMMARY FOR AUGUST 14 2014...
VALID TODAY AS OF 0400 PM LOCAL TIME.

CLIMATE NORMAL PERIOD 1981 TO 2010
CLIMATE RECORD PERIOD 1896 TO 2014


WEATHER ITEM   OBSERVED TIME   RECORD YEAR NORMAL DEPARTURE LAST
                VALUE   (LST)  VALUE       VALUE  FROM      YEAR
                                                  NORMAL
..................................................................
TEMPERATURE (F)
 TODAY
  MAXIMUM         84    201 PM  99    2010  88     -4       76
  MINIMUM         61    531 AM  48    2004  66     -5       55
  AVERAGE         73                        77     -4       66

PRECIPITATION (IN)
  TODAY            0.00          2.00 1906   0.10  -0.10     0.00
  MONTH TO DATE    1.59                      1.34   0.25     0.62
  SINCE JUN 1      9.48                      9.04   0.44    11.76
  SINCE JAN 1     30.97                     29.28   1.69    34.31

SNOWFALL (IN)
  TODAY            0.0                                       0.0
  MONTH TO DATE    0.0                                       0.0
  SINCE JUL 1      0.0                                       0.0
  SNOW DEPTH       0

..................................................................


WIND (MPH)
  HIGHEST WIND SPEED    13   HIGHEST WIND DIRECTION     W (260)
  HIGHEST GUST SPEED    15   HIGHEST GUST DIRECTION     W (280)




..........................................................


THE EVANSVILLE IN CLIMATE NORMALS FOR TOMORROW
                         NORMAL    RECORD    YEAR
 MAXIMUM TEMPERATURE (F)   88       104      2007
 MINIMUM TEMPERATURE (F)   66        50      2004


SUNRISE AND SUNSET
AUGUST 14 2014........SUNRISE   604 AM CDT   SUNSET   745 PM CDT
AUGUST 15 2014........SUNRISE   605 AM CDT   SUNSET   743 PM CDT


-  INDICATES NEGATIVE NUMBERS.
R  INDICATES RECORD WAS SET OR TIED.
MM INDICATES DATA IS MISSING.
T  INDICATES TRACE AMOUNT.




$$
