000
CDUS43 KPAH 142127
CLIEVV


CLIMATE REPORT
NATIONAL WEATHER SERVICE PADUCAH KY
426 PM CDT SAT MAY 14 2016

...................................

...THE EVANSVILLE IN CLIMATE SUMMARY FOR MAY 14 2016...
VALID TODAY AS OF 0400 PM LOCAL TIME.

CLIMATE NORMAL PERIOD 1981 TO 2010
CLIMATE RECORD PERIOD 1896 TO 2016

WEATHER ITEM   OBSERVED TIME   RECORD YEAR NORMAL DEPARTURE LAST
                VALUE   (LST)  VALUE       VALUE  FROM      YEAR
                                                  NORMAL
..................................................................
TEMPERATURE (F)
 TODAY
  MAXIMUM         64   1237 AM  90    1982  76    -12       75
                                      1962
  MINIMUM         47    911 AM  39    1996  54     -7       53
  AVERAGE         56                        65     -9       64

PRECIPITATION (IN)
  TODAY            0.01          1.60 1961   0.18  -0.17     0.00
  MONTH TO DATE    3.07                      2.46   0.61     1.43
  SINCE MAR 1     14.43                     11.07   3.36    14.90
  SINCE JAN 1     20.77                     17.34   3.43    20.43

SNOWFALL (IN)
  TODAY            0.0                                       0.0
  MONTH TO DATE    0.0                                       0.0
  SINCE JUL 1     14.2                                      18.5
  SNOW DEPTH       0
..................................................................

WIND (MPH)
  HIGHEST WIND SPEED    30   HIGHEST WIND DIRECTION    NW (310)
  HIGHEST GUST SPEED    41   HIGHEST GUST DIRECTION     W (290)

..........................................................

THE EVANSVILLE IN CLIMATE NORMALS FOR TOMORROW
                         NORMAL    RECORD    YEAR
 MAXIMUM TEMPERATURE (F)   77        92      1988
 MINIMUM TEMPERATURE (F)   54        38      1997

SUNRISE AND SUNSET
MAY 14 2016...........SUNRISE   540 AM CDT   SUNSET   753 PM CDT
MAY 15 2016...........SUNRISE   539 AM CDT   SUNSET   754 PM CDT

-  INDICATES NEGATIVE NUMBERS.
R  INDICATES RECORD WAS SET OR TIED.
MM INDICATES DATA IS MISSING.
T  INDICATES TRACE AMOUNT.

$$
