000
CDUS43 KPAH 200633
CLIEVV


CLIMATE REPORT
NATIONAL WEATHER SERVICE PADUCAH KY
132 AM CDT WED JUL 20 2016


...................................

...THE EVANSVILLE IN CLIMATE SUMMARY FOR JULY 19 2016...

CLIMATE NORMAL PERIOD 1981 TO 2010
CLIMATE RECORD PERIOD 1896 TO 2016


WEATHER ITEM   OBSERVED TIME   RECORD YEAR NORMAL DEPARTURE LAST
                VALUE   (LST)  VALUE       VALUE  FROM      YEAR
                                                  NORMAL
..................................................................
TEMPERATURE (F)
 YESTERDAY
  MAXIMUM         94    212 PM 103    1930  89      5       94
  MINIMUM         72    451 AM  56    1984  68      4       73
  AVERAGE         83                        78      5       84

PRECIPITATION (IN)
  YESTERDAY        0.00          1.45 1921   0.13  -0.13     0.08
  MONTH TO DATE    6.08                      2.50   3.58     3.61
  SINCE JUN 1     10.45                      6.28   4.17    11.00
  SINCE JAN 1     32.20                     26.52   5.68    33.44

SNOWFALL (IN)
  YESTERDAY        0.0          MM      MM   0.0    0.0      0.0
  MONTH TO DATE    0.0                       0.0    0.0      0.0
  SINCE JUN 1      0.0                       0.0    0.0      0.0
  SINCE JUL 1      0.0                       0.0    0.0      0.0
  SNOW DEPTH       0

DEGREE DAYS
 HEATING
  YESTERDAY        0                         0      0        0
  MONTH TO DATE    0                         0      0        0
  SINCE JUN 1      0                         6     -6        7
  SINCE JUL 1      0                         0      0        0

 COOLING
  YESTERDAY       18                        13      5       19
  MONTH TO DATE  253                       247      6      264
  SINCE JUN 1    639                       545     94      616
  SINCE JAN 1    744                       680     64      807
..................................................................


WIND (MPH)
  HIGHEST WIND SPEED     8   HIGHEST WIND DIRECTION     E (80)
  HIGHEST GUST SPEED    10   HIGHEST GUST DIRECTION    SE (130)
  AVERAGE WIND SPEED     2.6


SKY COVER
  AVERAGE SKY COVER 0.0


WEATHER CONDITIONS
 THE FOLLOWING WEATHER WAS RECORDED YESTERDAY.
  FOG


RELATIVE HUMIDITY (PERCENT)
 HIGHEST   100
 LOWEST     49
 AVERAGE    75

..........................................................


THE EVANSVILLE IN CLIMATE NORMALS FOR TODAY
                         NORMAL    RECORD    YEAR
 MAXIMUM TEMPERATURE (F)   89       103      1930
 MINIMUM TEMPERATURE (F)   68        53      1947


SUNRISE AND SUNSET
JULY 20 2016..........SUNRISE   544 AM CDT   SUNSET   809 PM CDT
JULY 21 2016..........SUNRISE   544 AM CDT   SUNSET   808 PM CDT


-  INDICATES NEGATIVE NUMBERS.
R  INDICATES RECORD WAS SET OR TIED.
MM INDICATES DATA IS MISSING.
T  INDICATES TRACE AMOUNT.




$$
