000
CDUS43 KPAH 160634
CLIEVV


CLIMATE REPORT
NATIONAL WEATHER SERVICE PADUCAH KY
132 AM CDT THU OCT 16 2014


...................................

...THE EVANSVILLE IN CLIMATE SUMMARY FOR OCTOBER 15 2014...

CLIMATE NORMAL PERIOD 1981 TO 2010
CLIMATE RECORD PERIOD 1896 TO 2014


WEATHER ITEM   OBSERVED TIME   RECORD YEAR NORMAL DEPARTURE LAST
                VALUE   (LST)  VALUE       VALUE  FROM      YEAR
                                                  NORMAL
..................................................................
TEMPERATURE (F)
 YESTERDAY
  MAXIMUM         57   1111 AM  90    1963  70    -13       72
  MINIMUM         52   1115 PM  29    1961  46      6       57
  AVERAGE         55                        58     -3       65

PRECIPITATION (IN)
  YESTERDAY        0.22          1.56 1928   0.11   0.11     0.16
  MONTH TO DATE    3.60                      1.52   2.08     4.43
  SINCE SEP 1      6.15                      4.57   1.58     7.24
  SINCE JAN 1     40.33                     35.49   4.84    42.57

SNOWFALL (IN)
  YESTERDAY        0.0           0.0  2002   0.0    0.0      0.0
                                      2001
  MONTH TO DATE    0.0                       0.0    0.0      0.0
  SINCE SEP 1      0.0                       0.0    0.0      0.0
  SINCE JUL 1      0.0                       0.0    0.0      0.0
  SNOW DEPTH       0

DEGREE DAYS
 HEATING
  YESTERDAY       10                         8      2        0
  MONTH TO DATE   77                        95    -18       28
  SINCE SEP 1    113                       141    -28       38
  SINCE JUL 1    113                       142    -29       38

 COOLING
  YESTERDAY        0                         1     -1        0
  MONTH TO DATE   28                        22      6       55
  SINCE SEP 1    191                       189      2      270
  SINCE JAN 1   1471                      1388     83     1462
..................................................................


WIND (MPH)
  HIGHEST WIND SPEED    15   HIGHEST WIND DIRECTION     W (270)
  HIGHEST GUST SPEED    21   HIGHEST GUST DIRECTION     W (270)
  AVERAGE WIND SPEED     8.3


SKY COVER
  AVERAGE SKY COVER 1.0


WEATHER CONDITIONS
 THE FOLLOWING WEATHER WAS RECORDED YESTERDAY.
  LIGHT RAIN
  FOG


RELATIVE HUMIDITY (PERCENT)
 HIGHEST    93
 LOWEST     86
 AVERAGE    90

..........................................................


THE EVANSVILLE IN CLIMATE NORMALS FOR TODAY
                         NORMAL    RECORD    YEAR
 MAXIMUM TEMPERATURE (F)   70        88      1938
 MINIMUM TEMPERATURE (F)   45        27      1991


SUNRISE AND SUNSET
OCTOBER 16 2014.......SUNRISE   700 AM CDT   SUNSET   611 PM CDT
OCTOBER 17 2014.......SUNRISE   701 AM CDT   SUNSET   610 PM CDT


-  INDICATES NEGATIVE NUMBERS.
R  INDICATES RECORD WAS SET OR TIED.
MM INDICATES DATA IS MISSING.
T  INDICATES TRACE AMOUNT.




$$
