959
CDUS43 KPAH 050632
CLIEVV


CLIMATE REPORT
NATIONAL WEATHER SERVICE PADUCAH KY
1230 AM CST TUE DEC 5 2017


...................................

...THE EVANSVILLE IN CLIMATE SUMMARY FOR DECEMBER 4 2017...

CLIMATE NORMAL PERIOD 1981 TO 2010
CLIMATE RECORD PERIOD 1896 TO 2017


WEATHER ITEM   OBSERVED TIME   RECORD YEAR NORMAL DEPARTURE LAST
                VALUE   (LST)  VALUE       VALUE  FROM      YEAR
                                                  NORMAL
..................................................................
TEMPERATURE (F)
 YESTERDAY
  MAXIMUM         68    259 PM  73    1998  48     20       45
  MINIMUM         44    155 AM  11    1942  30     14       39
  AVERAGE         56                        39     17       42

PRECIPITATION (IN)
  YESTERDAY        T             2.21 1922   0.13  -0.13     0.16
  MONTH TO DATE    T                         0.52  -0.52     0.16
  SINCE DEC 1      T                         0.52  -0.52     0.16
  SINCE JAN 1     41.06                     42.07  -1.01    45.82

SNOWFALL (IN)
  YESTERDAY        0.0           T    2010   0.1   -0.1      0.0
                                      2008
                                      1991
  MONTH TO DATE    0.0                       0.2   -0.2      0.0
  SINCE DEC 1      0.0                       0.2   -0.2      0.0
  SINCE JUL 1      0.0                       0.5   -0.5      0.0
  SNOW DEPTH       0

DEGREE DAYS
 HEATING
  YESTERDAY        9                        26    -17       23
  MONTH TO DATE   66                       103    -37      104
  SINCE DEC 1     66                       103    -37      104
  SINCE JUL 1    846                       964   -118      634

 COOLING
  YESTERDAY        0                         0      0        0
  MONTH TO DATE    0                         0      0        0
  SINCE DEC 1      0                         0      0        0
  SINCE JAN 1   1567                      1397    170     1775
..................................................................


WIND (MPH)
  HIGHEST WIND SPEED    23   HIGHEST WIND DIRECTION     S (190)
  HIGHEST GUST SPEED    36   HIGHEST GUST DIRECTION    SW (210)
  AVERAGE WIND SPEED    11.0


SKY COVER
  AVERAGE SKY COVER 0.2


WEATHER CONDITIONS
 THE FOLLOWING WEATHER WAS RECORDED YESTERDAY.
  LIGHT RAIN


RELATIVE HUMIDITY (PERCENT)
 HIGHEST    83
 LOWEST     48
 AVERAGE    66

..........................................................


THE EVANSVILLE IN CLIMATE NORMALS FOR TODAY
                         NORMAL    RECORD    YEAR
 MAXIMUM TEMPERATURE (F)   47        70      2001
 MINIMUM TEMPERATURE (F)   30        11      1937


SUNRISE AND SUNSET
DECEMBER  5 2017......SUNRISE   651 AM CST   SUNSET   430 PM CST
DECEMBER  6 2017......SUNRISE   652 AM CST   SUNSET   430 PM CST


-  INDICATES NEGATIVE NUMBERS.
R  INDICATES RECORD WAS SET OR TIED.
MM INDICATES DATA IS MISSING.
T  INDICATES TRACE AMOUNT.




$$
