000
CDUS43 KPAH 170629
CLIEVV


CLIMATE REPORT
NATIONAL WEATHER SERVICE PADUCAH KY
127 AM CDT SAT JUN 17 2017


...................................

...THE EVANSVILLE IN CLIMATE SUMMARY FOR JUNE 16 2017...

CLIMATE NORMAL PERIOD 1981 TO 2010
CLIMATE RECORD PERIOD 1896 TO 2017


WEATHER ITEM   OBSERVED TIME   RECORD YEAR NORMAL DEPARTURE LAST
                VALUE   (LST)  VALUE       VALUE  FROM      YEAR
                                                  NORMAL
..................................................................
TEMPERATURE (F)
 YESTERDAY
  MAXIMUM         89    217 PM 101    1918  86      3       99
  MINIMUM         69    503 AM  46    1917  64      5       67
  AVERAGE         79                        75      4       83

PRECIPITATION (IN)
  YESTERDAY        0.00          1.44 2000   0.12  -0.12     0.00
  MONTH TO DATE    1.24                      2.19  -0.95     1.39
  SINCE JUN 1      1.24                      2.19  -0.95     1.39
  SINCE JAN 1     22.24                     22.43  -0.19    23.14

SNOWFALL (IN)
  YESTERDAY        0.0          MM      MM   0.0    0.0      0.0
  MONTH TO DATE    0.0                       0.0    0.0      0.0
  SINCE JUN 1      0.0                       0.0    0.0      0.0
  SINCE JUL 1      1.4                      11.8  -10.4     14.2
  SNOW DEPTH       0

DEGREE DAYS
 HEATING
  YESTERDAY        0                         0      0        0
  MONTH TO DATE    0                         4     -4        0
  SINCE JUN 1      0                         4     -4        0
  SINCE JUL 1   3392                      4545  -1153     3578

 COOLING
  YESTERDAY       14                        10      4       18
  MONTH TO DATE  177                       133     44      174
  SINCE JUN 1    177                       133     44      174
  SINCE JAN 1    402                       268    134      279
..................................................................


WIND (MPH)
  HIGHEST WIND SPEED    14   HIGHEST WIND DIRECTION     S (190)
  HIGHEST GUST SPEED    19   HIGHEST GUST DIRECTION    SE (150)
  AVERAGE WIND SPEED     5.0


SKY COVER
  AVERAGE SKY COVER 0.1


WEATHER CONDITIONS
 THE FOLLOWING WEATHER WAS RECORDED YESTERDAY.
  FOG
  HAZE


RELATIVE HUMIDITY (PERCENT)
 HIGHEST    97
 LOWEST     51
 AVERAGE    74

..........................................................


THE EVANSVILLE IN CLIMATE NORMALS FOR TODAY
                         NORMAL    RECORD    YEAR
 MAXIMUM TEMPERATURE (F)   86       100      1936
                                             1918
                                             1913
 MINIMUM TEMPERATURE (F)   65        50      1961


SUNRISE AND SUNSET
JUNE 17 2017..........SUNRISE   527 AM CDT   SUNSET   815 PM CDT
JUNE 18 2017..........SUNRISE   527 AM CDT   SUNSET   816 PM CDT


-  INDICATES NEGATIVE NUMBERS.
R  INDICATES RECORD WAS SET OR TIED.
MM INDICATES DATA IS MISSING.
T  INDICATES TRACE AMOUNT.




$$
