000
CDUS43 KPAH 110631
CLIEVV


CLIMATE REPORT
NATIONAL WEATHER SERVICE PADUCAH KY
128 AM CDT FRI APR 11 2014

...................................

...THE EVANSVILLE IN CLIMATE SUMMARY FOR APRIL 10 2014...

CLIMATE NORMAL PERIOD 1981 TO 2010
CLIMATE RECORD PERIOD 1896 TO 2014

WEATHER ITEM   OBSERVED TIME   RECORD YEAR NORMAL DEPARTURE LAST
                VALUE   (LST)  VALUE       VALUE  FROM      YEAR
                                                  NORMAL
..................................................................
TEMPERATURE (F)
 YESTERDAY
  MAXIMUM         78    352 PM  85    2011  66     12       84
                                      1992
                                      1977
  MINIMUM         50    516 AM  24    1966  43      7       68
  AVERAGE         64                        54     10       76

PRECIPITATION (IN)
  YESTERDAY        0.00          1.67 2008   0.14  -0.14      T
  MONTH TO DATE    6.99                      1.34   5.65      T
  SINCE MAR 1      9.84                      5.58   4.26     4.08
  SINCE JAN 1     13.79                     11.85   1.94    13.61

SNOWFALL (IN)
  YESTERDAY        0.0           0.3  1973   0.0    0.0      0.0
  MONTH TO DATE    0.0                       0.1   -0.1      0.0
  SINCE MAR 1      2.6                       1.1    1.5       T
  SINCE JUL 1     12.6                      11.8    0.8     12.3
  SNOW DEPTH       0

DEGREE DAYS
 HEATING
  YESTERDAY        1                        11    -10        0
  MONTH TO DATE   98                       126    -28      113
  SINCE MAR 1    811                       718     93      894
  SINCE JUL 1   4773                      4292    481     4257

 COOLING
  YESTERDAY        0                         1     -1       11
  MONTH TO DATE    0                         2     -2       19
  SINCE MAR 1      0                         5     -5       19
  SINCE JAN 1      0                         5     -5       19
..................................................................

WIND (MPH)
  HIGHEST WIND SPEED    29   HIGHEST WIND DIRECTION    SW (210)
  HIGHEST GUST SPEED    42   HIGHEST GUST DIRECTION    SW (210)
  AVERAGE WIND SPEED    14.0

SKY COVER
  AVERAGE SKY COVER 0.0

WEATHER CONDITIONS
 THE FOLLOWING WEATHER WAS RECORDED YESTERDAY.
  HAZE

RELATIVE HUMIDITY (PERCENT)
 HIGHEST    59
 LOWEST     30
 AVERAGE    45
..........................................................

THE EVANSVILLE IN CLIMATE NORMALS FOR TODAY
                         NORMAL    RECORD    YEAR
 MAXIMUM TEMPERATURE (F)   66        88      1930
 MINIMUM TEMPERATURE (F)   43        26      1989
                                             1973

SUNRISE AND SUNSET
APRIL 11 2014.........SUNRISE   620 AM CDT   SUNSET   722 PM CDT
APRIL 12 2014.........SUNRISE   619 AM CDT   SUNSET   723 PM CDT

-  INDICATES NEGATIVE NUMBERS.
R  INDICATES RECORD WAS SET OR TIED.
MM INDICATES DATA IS MISSING.
T  INDICATES TRACE AMOUNT.

$$
