000
CDUS43 KPAH 260634
CLIEVV


CLIMATE REPORT
NATIONAL WEATHER SERVICE PADUCAH KY
131 AM CDT TUE AUG 26 2014


...................................

...THE EVANSVILLE IN CLIMATE SUMMARY FOR AUGUST 25 2014...

CLIMATE NORMAL PERIOD 1981 TO 2010
CLIMATE RECORD PERIOD 1896 TO 2014


WEATHER ITEM   OBSERVED TIME   RECORD YEAR NORMAL DEPARTURE LAST
                VALUE   (LST)  VALUE       VALUE  FROM      YEAR
                                                  NORMAL
..................................................................
TEMPERATURE (F)
 YESTERDAY
  MAXIMUM         93    226 PM 102    1943  88      5       89
  MINIMUM         73    604 AM  49    1942  64      9       63
  AVERAGE         83                        76      7       76

PRECIPITATION (IN)
  YESTERDAY        0.00          1.51 1918   0.09  -0.09     0.00
  MONTH TO DATE    3.97                      2.42   1.55     1.36
  SINCE JUN 1     11.86                     10.12   1.74    12.50
  SINCE JAN 1     33.35                     30.36   2.99    35.05

SNOWFALL (IN)
  YESTERDAY        0.0                       0.0    0.0      0.0
  MONTH TO DATE    0.0                       0.0    0.0      0.0
  SINCE JUN 1      0.0                       0.0    0.0      0.0
  SINCE JUL 1      0.0                       0.0    0.0      0.0
  SNOW DEPTH       0

DEGREE DAYS
 HEATING
  YESTERDAY        0                         0      0        0
  MONTH TO DATE    0                         0      0        0
  SINCE JUN 1      0                         6     -6        1
  SINCE JUL 1      0                         0      0        0

 COOLING
  YESTERDAY       18                        11      7       11
  MONTH TO DATE  314                       299     15      268
  SINCE JUN 1    971                      1000    -29      915
  SINCE JAN 1   1182                      1135     47     1086
..................................................................


WIND (MPH)
  HIGHEST WIND SPEED     8   HIGHEST WIND DIRECTION     E (90)
  HIGHEST GUST SPEED    11   HIGHEST GUST DIRECTION     E (90)
  AVERAGE WIND SPEED     1.7


SKY COVER
  AVERAGE SKY COVER 0.2


WEATHER CONDITIONS
 THE FOLLOWING WEATHER WAS RECORDED YESTERDAY.
  FOG
  FOG W/VISIBILITY <= 1/4 MILE
  HAZE


RELATIVE HUMIDITY (PERCENT)
 HIGHEST    94
 LOWEST     49
 AVERAGE    72

..........................................................


THE EVANSVILLE IN CLIMATE NORMALS FOR TODAY
                         NORMAL    RECORD    YEAR
 MAXIMUM TEMPERATURE (F)   88       102      1943
 MINIMUM TEMPERATURE (F)   64        50      1958
                                             1945


SUNRISE AND SUNSET
AUGUST 26 2014........SUNRISE   615 AM CDT   SUNSET   728 PM CDT
AUGUST 27 2014........SUNRISE   616 AM CDT   SUNSET   727 PM CDT


-  INDICATES NEGATIVE NUMBERS.
R  INDICATES RECORD WAS SET OR TIED.
MM INDICATES DATA IS MISSING.
T  INDICATES TRACE AMOUNT.




$$
