000
CDUS43 KPAH 200648
CLIEVV


CLIMATE REPORT
NATIONAL WEATHER SERVICE PADUCAH KY
145 AM CDT FRI MAR 20 2015


...................................

...THE EVANSVILLE IN CLIMATE SUMMARY FOR MARCH 19 2015...

CLIMATE NORMAL PERIOD 1981 TO 2010
CLIMATE RECORD PERIOD 1896 TO 2015


WEATHER ITEM   OBSERVED TIME   RECORD YEAR NORMAL DEPARTURE LAST
                VALUE   (LST)  VALUE       VALUE  FROM      YEAR
                                                  NORMAL
..................................................................
TEMPERATURE (F)
 YESTERDAY
  MAXIMUM         49    336 PM  83    2012  58     -9       56
  MINIMUM         41    649 AM  10    1923  36      5       36
  AVERAGE         45                        47     -2       46

PRECIPITATION (IN)
  YESTERDAY        0.06          4.16 1943   0.15  -0.09     0.04
  MONTH TO DATE    5.76                      2.47   3.29     1.35
  SINCE MAR 1      5.76                      2.47   3.29     1.35
  SINCE JAN 1     11.29                      8.74   2.55     5.30

SNOWFALL (IN)
  YESTERDAY       MM             6.6  1996   0.0   MM       MM
  MONTH TO DATE    8.5                       0.8    7.7      2.4
  SINCE MAR 1      8.5                       0.8    7.7      2.4
  SINCE JUL 1     18.5                      11.5    7.0     12.4
  SNOW DEPTH       0

DEGREE DAYS
 HEATING
  YESTERDAY       20                        18      2       19
  MONTH TO DATE  427                       399     28      468
  SINCE MAR 1    427                       399     28      468
  SINCE JUL 1   4263                      3973    290     4430

 COOLING
  YESTERDAY        0                         0      0        0
  MONTH TO DATE    0                         0      0        0
  SINCE MAR 1      0                         0      0        0
  SINCE JAN 1      0                         0      0        0
..................................................................


WIND (MPH)
  HIGHEST WIND SPEED    17   HIGHEST WIND DIRECTION     E (80)
  HIGHEST GUST SPEED    22   HIGHEST GUST DIRECTION     E (80)
  AVERAGE WIND SPEED     5.9


SKY COVER
  AVERAGE SKY COVER 1.0


WEATHER CONDITIONS
 THE FOLLOWING WEATHER WAS RECORDED YESTERDAY.
  LIGHT RAIN
  FOG


RELATIVE HUMIDITY (PERCENT)
 HIGHEST    89
 LOWEST     58
 AVERAGE    74

..........................................................


THE EVANSVILLE IN CLIMATE NORMALS FOR TODAY
                         NORMAL    RECORD    YEAR
 MAXIMUM TEMPERATURE (F)   58        84      2012
 MINIMUM TEMPERATURE (F)   36        12      1965


SUNRISE AND SUNSET
MARCH 20 2015.........SUNRISE   654 AM CDT   SUNSET   702 PM CDT
MARCH 21 2015.........SUNRISE   653 AM CDT   SUNSET   703 PM CDT


-  INDICATES NEGATIVE NUMBERS.
R  INDICATES RECORD WAS SET OR TIED.
MM INDICATES DATA IS MISSING.
T  INDICATES TRACE AMOUNT.




$$
