000
CDUS43 KPAH 040630
CLIEVV


CLIMATE REPORT
NATIONAL WEATHER SERVICE PADUCAH KY
127 AM CDT FRI APR 4 2014

...................................

...THE EVANSVILLE IN CLIMATE SUMMARY FOR APRIL 3 2014...

CLIMATE NORMAL PERIOD 1981 TO 2010
CLIMATE RECORD PERIOD 1896 TO 2014

WEATHER ITEM   OBSERVED TIME   RECORD YEAR NORMAL DEPARTURE LAST
                VALUE   (LST)  VALUE       VALUE  FROM      YEAR
                                                  NORMAL
..................................................................
TEMPERATURE (F)
 YESTERDAY
  MAXIMUM         65    818 AM  84    1946  63      2       53
  MINIMUM         57   1226 AM  23    1987  41     16       26
  AVERAGE         61                        52      9       40

PRECIPITATION (IN)
  YESTERDAY        4.96R         2.86 1989   0.13   4.83     0.00
  MONTH TO DATE    5.49                      0.41   5.08     0.00
  SINCE MAR 1      8.34                      4.65   3.69     4.08
  SINCE JAN 1     12.29                     10.92   1.37    13.61

SNOWFALL (IN)
  YESTERDAY        0.0           T    1975   0.0    0.0      0.0
  MONTH TO DATE    0.0                       0.0    0.0      0.0
  SINCE MAR 1      2.6                       1.0    1.6       T
  SINCE JUL 1     12.6                      11.7    0.9     12.3
  SNOW DEPTH       0

DEGREE DAYS
 HEATING
  YESTERDAY        4                        13     -9       25
  MONTH TO DATE   14                        41    -27       74
  SINCE MAR 1    727                       633     94      855
  SINCE JUL 1   4689                      4207    482     4218

 COOLING
  YESTERDAY        0                         0      0        0
  MONTH TO DATE    0                         0      0        0
  SINCE MAR 1      0                         3     -3        0
  SINCE JAN 1      0                         3     -3        0
..................................................................

WIND (MPH)
  HIGHEST WIND SPEED    24   HIGHEST WIND DIRECTION    NW (320)
  HIGHEST GUST SPEED    30   HIGHEST GUST DIRECTION    NW (320)
  AVERAGE WIND SPEED     8.0

SKY COVER
  AVERAGE SKY COVER 0.8

WEATHER CONDITIONS
 THE FOLLOWING WEATHER WAS RECORDED YESTERDAY.
  THUNDERSTORM
  HEAVY RAIN
  RAIN
  LIGHT RAIN
  FOG

RELATIVE HUMIDITY (PERCENT)
 HIGHEST   100
 LOWEST     84
 AVERAGE    92
..........................................................

THE EVANSVILLE IN CLIMATE NORMALS FOR TODAY
                         NORMAL    RECORD    YEAR
 MAXIMUM TEMPERATURE (F)   64        86      1934
 MINIMUM TEMPERATURE (F)   41        26      1987

SUNRISE AND SUNSET
APRIL  4 2014.........SUNRISE   631 AM CDT   SUNSET   716 PM CDT
APRIL  5 2014.........SUNRISE   629 AM CDT   SUNSET   717 PM CDT

-  INDICATES NEGATIVE NUMBERS.
R  INDICATES RECORD WAS SET OR TIED.
MM INDICATES DATA IS MISSING.
T  INDICATES TRACE AMOUNT.

$$
