612
CDUS43 KPAH 270629
CLIEVV


CLIMATE REPORT
NATIONAL WEATHER SERVICE PADUCAH KY
1228 AM CST SUN NOV 27 2016


...................................

...THE EVANSVILLE IN CLIMATE SUMMARY FOR NOVEMBER 26 2016...

CLIMATE NORMAL PERIOD 1981 TO 2010
CLIMATE RECORD PERIOD 1896 TO 2016


WEATHER ITEM   OBSERVED TIME   RECORD YEAR NORMAL DEPARTURE LAST
                VALUE   (LST)  VALUE       VALUE  FROM      YEAR
                                                  NORMAL
..................................................................
TEMPERATURE (F)
 YESTERDAY
  MAXIMUM         50    241 PM  78    1965  51     -1       70
  MINIMUM         33   1154 PM  12    1977  33      0       53
  AVERAGE         42                        42      0       62

PRECIPITATION (IN)
  YESTERDAY        0.00          2.06 1973   0.15  -0.15      T
  MONTH TO DATE    1.28                      3.73  -2.45     3.87
  SINCE SEP 1      5.78                     10.03  -4.25     7.93
  SINCE JAN 1     44.24                     40.95   3.29    45.49

SNOWFALL (IN)
  YESTERDAY        0.0           1.7  1975   0.0    0.0      0.0
  MONTH TO DATE    0.0                       0.1   -0.1      0.0
  SINCE SEP 1      0.0                       0.3   -0.3      0.0
  SINCE JUL 1      0.0                       0.3   -0.3      0.0
  SNOW DEPTH       0

DEGREE DAYS
 HEATING
  YESTERDAY       23                        23      0        3
  MONTH TO DATE  357                       462   -105      364
  SINCE SEP 1    465                       764   -299      555
  SINCE JUL 1    465                       765   -300      555

 COOLING
  YESTERDAY        0                         0      0        0
  MONTH TO DATE   11                         0     11        5
  SINCE SEP 1    389                       196    193      277
  SINCE JAN 1   1775                      1395    380     1576
..................................................................


WIND (MPH)
  HIGHEST WIND SPEED     9   HIGHEST WIND DIRECTION    SW (210)
  HIGHEST GUST SPEED    12   HIGHEST GUST DIRECTION    SW (220)
  AVERAGE WIND SPEED     2.0


SKY COVER
  AVERAGE SKY COVER 0.5


WEATHER CONDITIONS
 THE FOLLOWING WEATHER WAS RECORDED YESTERDAY.
  FOG


RELATIVE HUMIDITY (PERCENT)
 HIGHEST    82
 LOWEST     54
 AVERAGE    68

..........................................................


THE EVANSVILLE IN CLIMATE NORMALS FOR TODAY
                         NORMAL    RECORD    YEAR
 MAXIMUM TEMPERATURE (F)   51        75      1990
 MINIMUM TEMPERATURE (F)   32        13      1930


SUNRISE AND SUNSET
NOVEMBER 27 2016......SUNRISE   644 AM CST   SUNSET   432 PM CST
NOVEMBER 28 2016......SUNRISE   645 AM CST   SUNSET   431 PM CST


-  INDICATES NEGATIVE NUMBERS.
R  INDICATES RECORD WAS SET OR TIED.
MM INDICATES DATA IS MISSING.
T  INDICATES TRACE AMOUNT.




$$
