000
CDUS43 KPAH 240630
CLIEVV


CLIMATE REPORT
NATIONAL WEATHER SERVICE PADUCAH KY
128 AM CDT SUN MAY 24 2015


...................................

...THE EVANSVILLE IN CLIMATE SUMMARY FOR MAY 23 2015...

CLIMATE NORMAL PERIOD 1981 TO 2010
CLIMATE RECORD PERIOD 1896 TO 2015


WEATHER ITEM   OBSERVED TIME   RECORD YEAR NORMAL DEPARTURE LAST
                VALUE   (LST)  VALUE       VALUE  FROM      YEAR
                                                  NORMAL
..................................................................
TEMPERATURE (F)
 YESTERDAY
  MAXIMUM         79    256 PM  95    1975  79      0       82
  MINIMUM         58    432 AM  34    1963  57      1       62
  AVERAGE         69                        68      1       72

PRECIPITATION (IN)
  YESTERDAY        0.00          2.07 1915   0.17  -0.17     0.02
  MONTH TO DATE    2.43                      3.99  -1.56     3.66
  SINCE MAR 1     15.90                     12.60   3.30    17.48
  SINCE JAN 1     21.43                     18.87   2.56    21.43

SNOWFALL (IN)
  YESTERDAY        0.0           0.0  2002   0.0    0.0      0.0
                                      2001
  MONTH TO DATE    0.0                       0.0    0.0      0.0
  SINCE MAR 1      8.5                       1.1    7.4      2.6
  SINCE JUL 1     18.5                      11.8    6.7     12.6
  SNOW DEPTH       0

DEGREE DAYS
 HEATING
  YESTERDAY        0                         2     -2        0
  MONTH TO DATE   52                        76    -24       92
  SINCE MAR 1    867                       957    -90     1018
  SINCE JUL 1   4703                      4531    172     4980

 COOLING
  YESTERDAY        4                         5     -1        7
  MONTH TO DATE  103                        64     39      114
  SINCE MAR 1    131                        91     40      124
  SINCE JAN 1    131                        91     40      124
..................................................................


WIND (MPH)
  HIGHEST WIND SPEED    12   HIGHEST WIND DIRECTION    SE (140)
  HIGHEST GUST SPEED    18   HIGHEST GUST DIRECTION     S (160)
  AVERAGE WIND SPEED     3.5


SKY COVER
  AVERAGE SKY COVER 0.1


WEATHER CONDITIONS
 THE FOLLOWING WEATHER WAS RECORDED YESTERDAY.
  FOG
  HAZE


RELATIVE HUMIDITY (PERCENT)
 HIGHEST    90
 LOWEST     32
 AVERAGE    61

..........................................................


THE EVANSVILLE IN CLIMATE NORMALS FOR TODAY
                         NORMAL    RECORD    YEAR
 MAXIMUM TEMPERATURE (F)   79        93      1939
                                             1921
 MINIMUM TEMPERATURE (F)   57        39      1963


SUNRISE AND SUNSET
MAY 24 2015...........SUNRISE   533 AM CDT   SUNSET   801 PM CDT
MAY 25 2015...........SUNRISE   533 AM CDT   SUNSET   802 PM CDT


-  INDICATES NEGATIVE NUMBERS.
R  INDICATES RECORD WAS SET OR TIED.
MM INDICATES DATA IS MISSING.
T  INDICATES TRACE AMOUNT.




$$
