000
CDUS43 KPAH 100631
CLIEVV


CLIMATE REPORT
NATIONAL WEATHER SERVICE PADUCAH KY
127 AM CDT TUE OCT 10 2017


...................................

...THE EVANSVILLE IN CLIMATE SUMMARY FOR OCTOBER 9 2017...

CLIMATE NORMAL PERIOD 1981 TO 2010
CLIMATE RECORD PERIOD 1896 TO 2017


WEATHER ITEM   OBSERVED TIME   RECORD YEAR NORMAL DEPARTURE LAST
                VALUE   (LST)  VALUE       VALUE  FROM      YEAR
                                                  NORMAL
..................................................................
TEMPERATURE (F)
 YESTERDAY
  MAXIMUM         79    352 PM  89    1939  72      7       75
  MINIMUM         66    801 AM  29    2000  47     19       43
  AVERAGE         73                        60     13       59

PRECIPITATION (IN)
  YESTERDAY        0.00          2.51 1999   0.09  -0.09     0.00
  MONTH TO DATE    0.44                      0.93  -0.49     0.34
  SINCE SEP 1      3.68                      3.98  -0.30     4.35
  SINCE JAN 1     36.09                     34.90   1.19    42.81

SNOWFALL (IN)
  YESTERDAY        0.0           0.0  2002   0.0    0.0      0.0
                                      2001
  MONTH TO DATE    0.0                       0.0    0.0      0.0
  SINCE SEP 1      0.0                       0.0    0.0      0.0
  SINCE JUL 1      0.0                       0.0    0.0      0.0
  SNOW DEPTH       0

DEGREE DAYS
 HEATING
  YESTERDAY        0                         7     -7        6
  MONTH TO DATE    2                        51    -49       10
  SINCE SEP 1     17                        97    -80       19
  SINCE JUL 1     17                        98    -81       19

 COOLING
  YESTERDAY        8                         1      7        0
  MONTH TO DATE   61                        16     45       35
  SINCE SEP 1    259                       183     76      316
  SINCE JAN 1   1549                      1382    167     1702
..................................................................


WIND (MPH)
  HIGHEST WIND SPEED     8   HIGHEST WIND DIRECTION    SE (120)
  HIGHEST GUST SPEED    11   HIGHEST GUST DIRECTION    SE (140)
  AVERAGE WIND SPEED     3.6


SKY COVER
  AVERAGE SKY COVER 0.7


WEATHER CONDITIONS
 THE FOLLOWING WEATHER WAS RECORDED YESTERDAY.
  FOG
  HAZE


RELATIVE HUMIDITY (PERCENT)
 HIGHEST    93
 LOWEST     67
 AVERAGE    80

..........................................................


THE EVANSVILLE IN CLIMATE NORMALS FOR TODAY
                         NORMAL    RECORD    YEAR
 MAXIMUM TEMPERATURE (F)   72        88      2010
                                             1980
 MINIMUM TEMPERATURE (F)   47        26      1964


SUNRISE AND SUNSET
OCTOBER 10 2017.......SUNRISE   654 AM CDT   SUNSET   619 PM CDT
OCTOBER 11 2017.......SUNRISE   655 AM CDT   SUNSET   618 PM CDT


-  INDICATES NEGATIVE NUMBERS.
R  INDICATES RECORD WAS SET OR TIED.
MM INDICATES DATA IS MISSING.
T  INDICATES TRACE AMOUNT.




$$
