000
CDUS43 KPAH 150629
CLIEVV


CLIMATE REPORT
NATIONAL WEATHER SERVICE PADUCAH KY
127 AM CDT WED MAR 15 2017


...................................

...THE EVANSVILLE IN CLIMATE SUMMARY FOR MARCH 14 2017...

CLIMATE NORMAL PERIOD 1981 TO 2010
CLIMATE RECORD PERIOD 1896 TO 2017


WEATHER ITEM   OBSERVED TIME   RECORD YEAR NORMAL DEPARTURE LAST
                VALUE   (LST)  VALUE       VALUE  FROM      YEAR
                                                  NORMAL
..................................................................
TEMPERATURE (F)
 YESTERDAY
  MAXIMUM         38    142 PM  82    2012  56    -18       67
  MINIMUM         24   1159 PM   3    1960  35    -11       51
  AVERAGE         31                        45    -14       59

PRECIPITATION (IN)
  YESTERDAY        T             1.53 1922   0.13  -0.13     0.60
  MONTH TO DATE    2.51                      1.76   0.75     3.77
  SINCE MAR 1      2.51                      1.76   0.75     3.77
  SINCE JAN 1      5.78                      8.03  -2.25    10.11

SNOWFALL (IN)
  YESTERDAY        T             3.8  1975   0.1   -0.1      0.0
  MONTH TO DATE    1.0                       0.7    0.3       T
  SINCE MAR 1      1.0                       0.7    0.3       T
  SINCE JUL 1      1.4                      11.4  -10.0     14.2
  SNOW DEPTH       0

DEGREE DAYS
 HEATING
  YESTERDAY       34                        20     14        6
  MONTH TO DATE  275                       306    -31      197
  SINCE MAR 1    275                       306    -31      197
  SINCE JUL 1   2974                      3880   -906     3015

 COOLING
  YESTERDAY        0                         0      0        0
  MONTH TO DATE    0                         0      0        0
  SINCE MAR 1      0                         0      0        0
  SINCE JAN 1      0                         0      0        0
..................................................................


WIND (MPH)
  HIGHEST WIND SPEED    20   HIGHEST WIND DIRECTION     N (350)
  HIGHEST GUST SPEED    26   HIGHEST GUST DIRECTION     N (10)
  AVERAGE WIND SPEED    11.5


SKY COVER
  AVERAGE SKY COVER 0.7


WEATHER CONDITIONS
 THE FOLLOWING WEATHER WAS RECORDED YESTERDAY.
  NO SIGNIFICANT WEATHER WAS OBSERVED.


RELATIVE HUMIDITY (PERCENT)
 HIGHEST    82
 LOWEST     40
 AVERAGE    61

..........................................................


THE EVANSVILLE IN CLIMATE NORMALS FOR TODAY
                         NORMAL    RECORD    YEAR
 MAXIMUM TEMPERATURE (F)   56        82      2016
 MINIMUM TEMPERATURE (F)   35        19      1969


SUNRISE AND SUNSET
MARCH 15 2017.........SUNRISE   701 AM CDT   SUNSET   658 PM CDT
MARCH 16 2017.........SUNRISE   659 AM CDT   SUNSET   659 PM CDT


-  INDICATES NEGATIVE NUMBERS.
R  INDICATES RECORD WAS SET OR TIED.
MM INDICATES DATA IS MISSING.
T  INDICATES TRACE AMOUNT.




$$
