000
CDUS43 KPAH 130629
CLIEVV


CLIMATE REPORT
NATIONAL WEATHER SERVICE PADUCAH KY
1227 AM CST TUE JAN 13 2015

...................................

...THE EVANSVILLE IN CLIMATE SUMMARY FOR JANUARY 12 2015...

CLIMATE NORMAL PERIOD 1981 TO 2010
CLIMATE RECORD PERIOD 1896 TO 2015

WEATHER ITEM   OBSERVED TIME   RECORD YEAR NORMAL DEPARTURE LAST
                VALUE   (LST)  VALUE       VALUE  FROM      YEAR
                                                  NORMAL
..................................................................
TEMPERATURE (F)
 YESTERDAY
  MAXIMUM         37    220 PM  69    2005  41     -4       53
                                      1960
                                      1916
  MINIMUM         27   1159 PM -16    1918  24      3       27
  AVERAGE         32                        32      0       40

PRECIPITATION (IN)
  YESTERDAY        0.16          1.93 2013   0.09   0.07     0.00
  MONTH TO DATE    2.52                      1.18   1.34     1.55
  SINCE DEC 1      5.95                      4.94   1.01     8.88
  SINCE JAN 1      2.52                      1.18   1.34     1.55

SNOWFALL (IN)
  YESTERDAY        0.0           4.3  1978   0.1   -0.1      0.0
  MONTH TO DATE    0.1                       1.3   -1.2       T
  SINCE DEC 1      0.1                       4.5   -4.4      7.2
  SINCE JUL 1      2.5                       4.8   -2.3      7.2
  SNOW DEPTH       0

DEGREE DAYS
 HEATING
  YESTERDAY       33                        33      0       25
  MONTH TO DATE  437                       391     46      436
  SINCE DEC 1   1218                      1302    -84     1356
  SINCE JUL 1   2221                      2163     58     2270

 COOLING
  YESTERDAY        0                         0      0        0
  MONTH TO DATE    0                         0      0        0
  SINCE DEC 1      0                         0      0        0
  SINCE JAN 1      0                         0      0        0
..................................................................

WIND (MPH)
  HIGHEST WIND SPEED    20   HIGHEST WIND DIRECTION     N (360)
  HIGHEST GUST SPEED    25   HIGHEST GUST DIRECTION     N (360)
  AVERAGE WIND SPEED     9.3

SKY COVER
  AVERAGE SKY COVER 1.0

WEATHER CONDITIONS
 THE FOLLOWING WEATHER WAS RECORDED YESTERDAY.
  RAIN
  LIGHT RAIN
  FOG

RELATIVE HUMIDITY (PERCENT)
 HIGHEST    92
 LOWEST     64
 AVERAGE    78
..........................................................

THE EVANSVILLE IN CLIMATE NORMALS FOR TODAY
                         NORMAL    RECORD    YEAR
 MAXIMUM TEMPERATURE (F)   41        67      1995
 MINIMUM TEMPERATURE (F)   24        -8      1977

SUNRISE AND SUNSET
JANUARY 13 2015.......SUNRISE   706 AM CST   SUNSET   452 PM CST
JANUARY 14 2015.......SUNRISE   705 AM CST   SUNSET   453 PM CST

-  INDICATES NEGATIVE NUMBERS.
R  INDICATES RECORD WAS SET OR TIED.
MM INDICATES DATA IS MISSING.
T  INDICATES TRACE AMOUNT.

$$
