000
CDUS43 KPAH 060631
CLIEVV


CLIMATE REPORT
NATIONAL WEATHER SERVICE PADUCAH KY
1229 AM CST SAT DEC 6 2014


...................................

...THE EVANSVILLE IN CLIMATE SUMMARY FOR DECEMBER 5 2014...

CLIMATE NORMAL PERIOD 1981 TO 2010
CLIMATE RECORD PERIOD 1896 TO 2014


WEATHER ITEM   OBSERVED TIME   RECORD YEAR NORMAL DEPARTURE LAST
                VALUE   (LST)  VALUE       VALUE  FROM      YEAR
                                                  NORMAL
..................................................................
TEMPERATURE (F)
 YESTERDAY
  MAXIMUM         59    826 PM  70    2001  47     12       64
  MINIMUM         42    441 AM  11    1937  30     12       28
  AVERAGE         51                        38     13       46

PRECIPITATION (IN)
  YESTERDAY        1.28          1.35 2011   0.13   1.15     0.73
  MONTH TO DATE    1.87                      0.65   1.22     0.74
  SINCE DEC 1      1.87                      0.65   1.22     0.74
  SINCE JAN 1     45.65                     42.20   3.45    46.99

SNOWFALL (IN)
  YESTERDAY       MM             6.6  1984   0.0   MM         T
  MONTH TO DATE    0.0                       0.2   -0.2       T
  SINCE DEC 1      0.0                       0.2   -0.2       T
  SINCE JUL 1      2.4                       0.5    1.9       T
  SNOW DEPTH       0

DEGREE DAYS
 HEATING
  YESTERDAY       14                        27    -13       19
  MONTH TO DATE  118                       130    -12       79
  SINCE DEC 1    118                       130    -12       79
  SINCE JUL 1   1121                       991    130      993

 COOLING
  YESTERDAY        0                         0      0        0
  MONTH TO DATE    0                         0      0        0
  SINCE DEC 1      0                         0      0        0
  SINCE JAN 1   1477                      1397     80     1464
..................................................................


WIND (MPH)
  HIGHEST WIND SPEED    13   HIGHEST WIND DIRECTION     N (350)
  HIGHEST GUST SPEED    17   HIGHEST GUST DIRECTION     N (340)
  AVERAGE WIND SPEED     3.0


SKY COVER
  AVERAGE SKY COVER 1.0


WEATHER CONDITIONS
 THE FOLLOWING WEATHER WAS RECORDED YESTERDAY.
  THUNDERSTORM
  HEAVY RAIN
  RAIN
  LIGHT RAIN
  FOG
  FOG W/VISIBILITY <= 1/4 MILE


RELATIVE HUMIDITY (PERCENT)
 HIGHEST    96
 LOWEST     89
 AVERAGE    93

..........................................................


THE EVANSVILLE IN CLIMATE NORMALS FOR TODAY
                         NORMAL    RECORD    YEAR
 MAXIMUM TEMPERATURE (F)   47        73      1998
 MINIMUM TEMPERATURE (F)   29         6      1984


SUNRISE AND SUNSET
DECEMBER  6 2014......SUNRISE   652 AM CST   SUNSET   430 PM CST
DECEMBER  7 2014......SUNRISE   653 AM CST   SUNSET   430 PM CST


-  INDICATES NEGATIVE NUMBERS.
R  INDICATES RECORD WAS SET OR TIED.
MM INDICATES DATA IS MISSING.
T  INDICATES TRACE AMOUNT.




$$
