000
CDUS43 KPAH 180645
CLIEVV


CLIMATE REPORT
NATIONAL WEATHER SERVICE PADUCAH KY
145 AM CDT SAT MAR 18 2017


...................................

...THE EVANSVILLE IN CLIMATE SUMMARY FOR MARCH 17 2017...

CLIMATE NORMAL PERIOD 1981 TO 2010
CLIMATE RECORD PERIOD 1896 TO 2017


WEATHER ITEM   OBSERVED TIME   RECORD YEAR NORMAL DEPARTURE LAST
                VALUE   (LST)  VALUE       VALUE  FROM      YEAR
                                                  NORMAL
..................................................................
TEMPERATURE (F)
 YESTERDAY
  MAXIMUM         54    624 PM  80    2012  57     -3       65
  MINIMUM         43    111 AM  13    1900  36      7       42
  AVERAGE         49                        46      3       54

PRECIPITATION (IN)
  YESTERDAY        0.22          2.92 1951   0.15   0.07     0.00
  MONTH TO DATE    2.73                      2.18   0.55     3.77
  SINCE MAR 1      2.73                      2.18   0.55     3.77
  SINCE JAN 1      6.00                      8.45  -2.45    10.11

SNOWFALL (IN)
  YESTERDAY       MM             8.3  1970   0.0   MM        0.0
  MONTH TO DATE    1.0                       0.7    0.3       T
  SINCE MAR 1      1.0                       0.7    0.3       T
  SINCE JUL 1      1.4                      11.4  -10.0     14.2
  SNOW DEPTH       0

DEGREE DAYS
 HEATING
  YESTERDAY       16                        19     -3       11
  MONTH TO DATE  357                       363     -6      214
  SINCE MAR 1    357                       363     -6      214
  SINCE JUL 1   3056                      3937   -881     3032

 COOLING
  YESTERDAY        0                         0      0        0
  MONTH TO DATE    0                         0      0        1
  SINCE MAR 1      0                         0      0        1
  SINCE JAN 1      0                         0      0        1
..................................................................


WIND (MPH)
  HIGHEST WIND SPEED    16   HIGHEST WIND DIRECTION     S (190)
  HIGHEST GUST SPEED    22   HIGHEST GUST DIRECTION     S (180)
  AVERAGE WIND SPEED     7.0


SKY COVER
  AVERAGE SKY COVER 1.0


WEATHER CONDITIONS
 THE FOLLOWING WEATHER WAS RECORDED YESTERDAY.
  THUNDERSTORM
  HEAVY RAIN
  RAIN
  LIGHT RAIN
  FOG
  FOG W/VISIBILITY <= 1/4 MILE


RELATIVE HUMIDITY (PERCENT)
 HIGHEST   100
 LOWEST     39
 AVERAGE    70

..........................................................


THE EVANSVILLE IN CLIMATE NORMALS FOR TODAY
                         NORMAL    RECORD    YEAR
 MAXIMUM TEMPERATURE (F)   58        82      2012
 MINIMUM TEMPERATURE (F)   36        13      1902


SUNRISE AND SUNSET
MARCH 18 2017.........SUNRISE   656 AM CDT   SUNSET   700 PM CDT
MARCH 19 2017.........SUNRISE   655 AM CDT   SUNSET   701 PM CDT


-  INDICATES NEGATIVE NUMBERS.
R  INDICATES RECORD WAS SET OR TIED.
MM INDICATES DATA IS MISSING.
T  INDICATES TRACE AMOUNT.




$$
