000
CDUS43 KPAH 272229
CLIEVV


CLIMATE REPORT
NATIONAL WEATHER SERVICE PADUCAH KY
428 PM CST TUE DEC 27 2016


...................................

...THE EVANSVILLE IN CLIMATE SUMMARY FOR DECEMBER 27 2016...
VALID TODAY AS OF 0400 PM LOCAL TIME.

CLIMATE NORMAL PERIOD 1981 TO 2010
CLIMATE RECORD PERIOD 1896 TO 2016


WEATHER ITEM   OBSERVED TIME   RECORD YEAR NORMAL DEPARTURE LAST
                VALUE   (LST)  VALUE       VALUE  FROM      YEAR
                                                  NORMAL
..................................................................
TEMPERATURE (F)
 TODAY
  MAXIMUM         48   1203 AM  73    2008  42      6       70
  MINIMUM         32    555 AM   0    1925  25      7       44
  AVERAGE         40                        33      7       57

PRECIPITATION (IN)
  TODAY            0.00          1.96 1968   0.12  -0.12     1.36
                                      1922
  MONTH TO DATE    3.88                      3.34   0.54     3.88
  SINCE DEC 1      3.88                      3.34   0.54     3.88
  SINCE JAN 1     49.54                     44.89   4.65    50.62

SNOWFALL (IN)
  TODAY            0.0                                       0.0
  MONTH TO DATE    T                                          T
  SINCE JUL 1      T                                          T
  SNOW DEPTH       0

..................................................................


WIND (MPH)
  HIGHEST WIND SPEED    18   HIGHEST WIND DIRECTION    NW (320)
  HIGHEST GUST SPEED    24   HIGHEST GUST DIRECTION    NW (320)




..........................................................


THE EVANSVILLE IN CLIMATE NORMALS FOR TOMORROW
                         NORMAL    RECORD    YEAR
 MAXIMUM TEMPERATURE (F)   42        68      1996
 MINIMUM TEMPERATURE (F)   25       -10      1924


SUNRISE AND SUNSET
DECEMBER 27 2016......SUNRISE   705 AM CST   SUNSET   438 PM CST
DECEMBER 28 2016......SUNRISE   706 AM CST   SUNSET   438 PM CST


-  INDICATES NEGATIVE NUMBERS.
R  INDICATES RECORD WAS SET OR TIED.
MM INDICATES DATA IS MISSING.
T  INDICATES TRACE AMOUNT.




$$
