000
CDUS43 KPAH 040630
CLIEVV


CLIMATE REPORT
NATIONAL WEATHER SERVICE PADUCAH KY
126 AM CDT THU MAY 4 2017

...................................

...THE EVANSVILLE IN CLIMATE SUMMARY FOR MAY 3 2017...

CLIMATE NORMAL PERIOD 1981 TO 2010
CLIMATE RECORD PERIOD 1896 TO 2017

WEATHER ITEM   OBSERVED TIME   RECORD YEAR NORMAL DEPARTURE LAST
                VALUE   (LST)  VALUE       VALUE  FROM      YEAR
                                                  NORMAL
..................................................................
TEMPERATURE (F)
 YESTERDAY
  MAXIMUM         60    219 PM  89    1959  73    -13       64
  MINIMUM         49    242 AM  34    2005  50     -1       50
  AVERAGE         55                        62     -7       57

PRECIPITATION (IN)
  YESTERDAY        0.21          2.46 1942   0.18   0.03     0.00
  MONTH TO DATE    0.21                      0.51  -0.30     0.13
  SINCE MAR 1     13.95                      9.12   4.83    11.49
  SINCE JAN 1     17.22                     15.39   1.83    17.83

SNOWFALL (IN)
  YESTERDAY        0.0           0.0  2002   0.0    0.0      0.0
                                      2001
  MONTH TO DATE    0.0                       0.0    0.0      0.0
  SINCE MAR 1      1.0                       1.1   -0.1       T
  SINCE JUL 1      1.4                      11.8  -10.4     14.2
  SNOW DEPTH       0

DEGREE DAYS
 HEATING
  YESTERDAY       10                         5      5        8
  MONTH TO DATE   23                        15      8       14
  SINCE MAR 1    643                       896   -253      660
  SINCE JUL 1   3342                      4470  -1128     3478

 COOLING
  YESTERDAY        0                         1     -1        0
  MONTH TO DATE    0                         3     -3        2
  SINCE MAR 1     61                        30     31       24
  SINCE JAN 1     61                        30     31       24
..................................................................

WIND (MPH)
  HIGHEST WIND SPEED    20   HIGHEST WIND DIRECTION    NE (50)
  HIGHEST GUST SPEED    25   HIGHEST GUST DIRECTION    NE (40)
  AVERAGE WIND SPEED    11.1

SKY COVER
  AVERAGE SKY COVER 0.7

WEATHER CONDITIONS
 THE FOLLOWING WEATHER WAS RECORDED YESTERDAY.
  THUNDERSTORM
  RAIN
  LIGHT RAIN
  FOG

RELATIVE HUMIDITY (PERCENT)
 HIGHEST    86
 LOWEST     55
 AVERAGE    71
..........................................................

THE EVANSVILLE IN CLIMATE NORMALS FOR TODAY
                         NORMAL    RECORD    YEAR
 MAXIMUM TEMPERATURE (F)   74        91      1959
 MINIMUM TEMPERATURE (F)   51        32      1976

SUNRISE AND SUNSET
MAY  4 2017...........SUNRISE   550 AM CDT   SUNSET   744 PM CDT
MAY  5 2017...........SUNRISE   549 AM CDT   SUNSET   745 PM CDT

-  INDICATES NEGATIVE NUMBERS.
R  INDICATES RECORD WAS SET OR TIED.
MM INDICATES DATA IS MISSING.
T  INDICATES TRACE AMOUNT.

$$
