000
CDUS43 KPAH 230632
CLIEVV


CLIMATE REPORT
NATIONAL WEATHER SERVICE PADUCAH KY
130 AM CDT SAT APR 23 2016


...................................

...THE EVANSVILLE IN CLIMATE SUMMARY FOR APRIL 22 2016...

CLIMATE NORMAL PERIOD 1981 TO 2010
CLIMATE RECORD PERIOD 1896 TO 2016


WEATHER ITEM   OBSERVED TIME   RECORD YEAR NORMAL DEPARTURE LAST
                VALUE   (LST)  VALUE       VALUE  FROM      YEAR
                                                  NORMAL
..................................................................
TEMPERATURE (F)
 YESTERDAY
  MAXIMUM         72    441 PM  87    1965  70      2       58
  MINIMUM         52    536 AM  32    1978  47      5       39
                                      1936
  AVERAGE         62                        58      4       49

PRECIPITATION (IN)
  YESTERDAY        0.00          0.89 1977   0.16  -0.16      T
  MONTH TO DATE    2.54                      3.09  -0.55     6.26
  SINCE MAR 1      8.41                      7.33   1.08    13.11
  SINCE JAN 1     14.75                     13.60   1.15    18.64

SNOWFALL (IN)
  YESTERDAY        0.0           0.0  2002   0.0    0.0      0.0
                                      2001
  MONTH TO DATE    0.0                       0.1   -0.1      0.0
  SINCE MAR 1      T                         1.1   -1.1      8.5
  SINCE JUL 1     14.2                      11.8    2.4     18.5
  SNOW DEPTH       0

DEGREE DAYS
 HEATING
  YESTERDAY        3                         8     -5       16
  MONTH TO DATE  221                       238    -17      120
  SINCE MAR 1    626                       830   -204      739
  SINCE JUL 1   3444                      4404   -960     4575

 COOLING
  YESTERDAY        0                         1     -1        0
  MONTH TO DATE    9                        14     -5       28
  SINCE MAR 1     10                        17     -7       28
  SINCE JAN 1     10                        17     -7       28
..................................................................


WIND (MPH)
  HIGHEST WIND SPEED    16   HIGHEST WIND DIRECTION    NW (320)
  HIGHEST GUST SPEED    22   HIGHEST GUST DIRECTION    NW (300)
  AVERAGE WIND SPEED     6.7


SKY COVER
  AVERAGE SKY COVER 0.4


WEATHER CONDITIONS
 THE FOLLOWING WEATHER WAS RECORDED YESTERDAY.
  FOG
  FOG W/VISIBILITY <= 1/4 MILE


RELATIVE HUMIDITY (PERCENT)
 HIGHEST   100
 LOWEST     49
 AVERAGE    75

..........................................................


THE EVANSVILLE IN CLIMATE NORMALS FOR TODAY
                         NORMAL    RECORD    YEAR
 MAXIMUM TEMPERATURE (F)   70        89      1925
 MINIMUM TEMPERATURE (F)   47        29      1986


SUNRISE AND SUNSET
APRIL 23 2016.........SUNRISE   603 AM CDT   SUNSET   734 PM CDT
APRIL 24 2016.........SUNRISE   602 AM CDT   SUNSET   735 PM CDT


-  INDICATES NEGATIVE NUMBERS.
R  INDICATES RECORD WAS SET OR TIED.
MM INDICATES DATA IS MISSING.
T  INDICATES TRACE AMOUNT.




$$
