000
CDUS43 KPAH 062130
CLIEVV


CLIMATE REPORT
NATIONAL WEATHER SERVICE PADUCAH KY
428 PM CDT TUE SEP 6 2016


...................................

...THE EVANSVILLE IN CLIMATE SUMMARY FOR SEPTEMBER 6 2016...
VALID TODAY AS OF 0400 PM LOCAL TIME.

CLIMATE NORMAL PERIOD 1981 TO 2010
CLIMATE RECORD PERIOD 1896 TO 2016


WEATHER ITEM   OBSERVED TIME   RECORD YEAR NORMAL DEPARTURE LAST
                VALUE   (LST)  VALUE       VALUE  FROM      YEAR
                                                  NORMAL
..................................................................
TEMPERATURE (F)
 TODAY
  MAXIMUM         94    101 PM 104    1925  85      9       94
  MINIMUM         70    546 AM  45    1988  61      9       68
  AVERAGE                                   73              81

PRECIPITATION (IN)
  TODAY            0.00          2.10 1971   0.09  -0.09     0.00
  MONTH TO DATE    0.00                      0.57  -0.57     0.00
  SINCE SEP 1      0.00                      0.57  -0.57     0.00
  SINCE JAN 1     38.46                     31.49   6.97    37.56

SNOWFALL (IN)
  TODAY            0.0                                       0.0
  MONTH TO DATE    0.0                                       0.0
  SINCE JUL 1      0.0                                       0.0
  SNOW DEPTH       0

..................................................................


WIND (MPH)
  HIGHEST WIND SPEED    17   HIGHEST WIND DIRECTION    SW (220)
  HIGHEST GUST SPEED    23   HIGHEST GUST DIRECTION    SW (230)




..........................................................


THE EVANSVILLE IN CLIMATE NORMALS FOR TOMORROW
                         NORMAL    RECORD    YEAR
 MAXIMUM TEMPERATURE (F)   85       101      1925
 MINIMUM TEMPERATURE (F)   61        43      1988


SUNRISE AND SUNSET
SEPTEMBER  6 2016.....SUNRISE   625 AM CDT   SUNSET   711 PM CDT
SEPTEMBER  7 2016.....SUNRISE   625 AM CDT   SUNSET   710 PM CDT


-  INDICATES NEGATIVE NUMBERS.
R  INDICATES RECORD WAS SET OR TIED.
MM INDICATES DATA IS MISSING.
T  INDICATES TRACE AMOUNT.




$$
