000
CDUS43 KPAH 010630
CLIEVV


CLIMATE REPORT
NATIONAL WEATHER SERVICE PADUCAH KY
1228 AM CST MON FEB 1 2016


...................................

...THE EVANSVILLE IN CLIMATE SUMMARY FOR JANUARY 31 2016...

CLIMATE NORMAL PERIOD 1981 TO 2010
CLIMATE RECORD PERIOD 1896 TO 2016


WEATHER ITEM   OBSERVED TIME   RECORD YEAR NORMAL DEPARTURE LAST
                VALUE   (LST)  VALUE       VALUE  FROM      YEAR
                                                  NORMAL
..................................................................
TEMPERATURE (F)
 YESTERDAY
  MAXIMUM         68R   204 PM  68    1989  42     26       43
  MINIMUM         50   1159 PM -14    1965  24     26       24
  AVERAGE         59                        33     26       34

PRECIPITATION (IN)
  YESTERDAY        T             2.08 1915   0.11  -0.11     0.00
  MONTH TO DATE    2.00                      3.10  -1.10     2.97
  SINCE DEC 1      7.20                      6.86   0.34     6.40
  SINCE JAN 1      2.00                      3.10  -1.10     2.97

SNOWFALL (IN)
  YESTERDAY        0.0           3.7  1951   0.1   -0.1      0.0
  MONTH TO DATE   10.9                       3.4    7.5      0.2
  SINCE DEC 1     10.9                       6.6    4.3      0.2
  SINCE JUL 1     10.9                       6.9    4.0      2.6
  SNOW DEPTH       0

DEGREE DAYS
 HEATING
  YESTERDAY        6                        32    -26       31
  MONTH TO DATE  952                      1010    -58      983
  SINCE DEC 1   1481                      1918   -437     1764
  SINCE JUL 1   2090                      2779   -689     2767

 COOLING
  YESTERDAY        0                         0      0        0
  MONTH TO DATE    0                         0      0        0
  SINCE DEC 1      3                         0      3        0
  SINCE JAN 1      0                         0      0        0
..................................................................


WIND (MPH)
  HIGHEST WIND SPEED    25   HIGHEST WIND DIRECTION    SW (220)
  HIGHEST GUST SPEED    30   HIGHEST GUST DIRECTION    SW (210)
  AVERAGE WIND SPEED    14.0


SKY COVER
  AVERAGE SKY COVER 0.7


WEATHER CONDITIONS
 THE FOLLOWING WEATHER WAS RECORDED YESTERDAY.
  LIGHT RAIN


RELATIVE HUMIDITY (PERCENT)
 HIGHEST    77
 LOWEST     58
 AVERAGE    68

..........................................................


THE EVANSVILLE IN CLIMATE NORMALS FOR TODAY
                         NORMAL    RECORD    YEAR
 MAXIMUM TEMPERATURE (F)   42        71      1911
 MINIMUM TEMPERATURE (F)   25        -5      1951


SUNRISE AND SUNSET
FEBRUARY  1 2016......SUNRISE   655 AM CST   SUNSET   513 PM CST
FEBRUARY  2 2016......SUNRISE   654 AM CST   SUNSET   514 PM CST


-  INDICATES NEGATIVE NUMBERS.
R  INDICATES RECORD WAS SET OR TIED.
MM INDICATES DATA IS MISSING.
T  INDICATES TRACE AMOUNT.




$$
