000
CDUS43 KPAH 270632
CLIEVV


CLIMATE REPORT
NATIONAL WEATHER SERVICE PADUCAH KY
127 AM CDT SUN AUG 27 2017


...................................

...THE EVANSVILLE IN CLIMATE SUMMARY FOR AUGUST 26 2017...

CLIMATE NORMAL PERIOD 1981 TO 2010
CLIMATE RECORD PERIOD 1896 TO 2017


WEATHER ITEM   OBSERVED TIME   RECORD YEAR NORMAL DEPARTURE LAST
                VALUE   (LST)  VALUE       VALUE  FROM      YEAR
                                                  NORMAL
..................................................................
TEMPERATURE (F)
 YESTERDAY
  MAXIMUM         82    215 PM 102    1943  88     -6       93
  MINIMUM         60    535 AM  50    1958  64     -4       71
                                      1945
  AVERAGE         71                        76     -5       82

PRECIPITATION (IN)
  YESTERDAY        0.00          2.42 2004   0.09  -0.09      T
  MONTH TO DATE    2.15                      2.51  -0.36     3.00
  SINCE JUN 1     11.41                     10.21   1.20    16.57
  SINCE JAN 1     32.41                     30.45   1.96    38.32

SNOWFALL (IN)
  YESTERDAY        0.0           0.0  2002   0.0    0.0      0.0
                                      2001
  MONTH TO DATE    0.0                       0.0    0.0      0.0
  SINCE JUN 1      0.0                       0.0    0.0      0.0
  SINCE JUL 1      0.0                       0.0    0.0      0.0
  SNOW DEPTH       0

DEGREE DAYS
 HEATING
  YESTERDAY        0                         0      0        0
  MONTH TO DATE    0                         0      0        0
  SINCE JUN 1      0                         6     -6        0
  SINCE JUL 1      0                         0      0        0

 COOLING
  YESTERDAY        6                        11     -5       17
  MONTH TO DATE  253                       310    -57      364
  SINCE JUN 1   1016                      1011      5     1196
  SINCE JAN 1   1241                      1146     95     1301
..................................................................


WIND (MPH)
  HIGHEST WIND SPEED    12   HIGHEST WIND DIRECTION     E (100)
  HIGHEST GUST SPEED    16   HIGHEST GUST DIRECTION     E (90)
  AVERAGE WIND SPEED     4.3


SKY COVER
  AVERAGE SKY COVER 0.0


WEATHER CONDITIONS
 THE FOLLOWING WEATHER WAS RECORDED YESTERDAY.
  NO SIGNIFICANT WEATHER WAS OBSERVED.


RELATIVE HUMIDITY (PERCENT)
 HIGHEST    84
 LOWEST     39
 AVERAGE    62

..........................................................


THE EVANSVILLE IN CLIMATE NORMALS FOR TODAY
                         NORMAL    RECORD    YEAR
 MAXIMUM TEMPERATURE (F)   87       102      1936
 MINIMUM TEMPERATURE (F)   64        51      1946


SUNRISE AND SUNSET
AUGUST 27 2017........SUNRISE   616 AM CDT   SUNSET   727 PM CDT
AUGUST 28 2017........SUNRISE   617 AM CDT   SUNSET   725 PM CDT


-  INDICATES NEGATIVE NUMBERS.
R  INDICATES RECORD WAS SET OR TIED.
MM INDICATES DATA IS MISSING.
T  INDICATES TRACE AMOUNT.




$$
