000
CXUS51 KOKX 010910
CF6EWR
PRELIMINARY LOCAL CLIMATOLOGICAL DATA (WS FORM: F-6)
STATION: NEWARK NJ
MONTH: JULY
YEAR: 2021
LATITUDE: 40 42 N
LONGITUDE: 74 10 W
TEMPERATURE IN F: :PCPN: SNOW: WIND :SUNSHINE: SKY :PK WND
================================================================================
1 2 3 4 5 6A 6B 7 8 9 10 11 12 13 14 15 16 17 18
12Z AVG MX 2MIN
DY MAX MIN AVG DEP HDD CDD WTR SNW DPTH SPD SPD DIR MIN PSBL S-S WX SPD DR
================================================================================
1 89 73 81 4 0 16 0.94 0.0 0 5.7 23 290 M M 9 138 30 290
2 81 64 73 -4 0 8 1.53 T 0 7.6 22 300 M M 10 1358 28 70
3 70 61 66 -11 0 1 0.05 0.0 0 8.9 18 30 M M 10 18 24 360
4 84 64 74 -4 0 9 0.00 0.0 0 6.1 15 110 M M 7 19 350
5 89 66 78 0 0 13 0.00 0.0 0 7.8 20 240 M M 5 18 24 230
6 97 73 85 7 0 20 0.55 0.0 0 13.4 45 310 M M 7 138 58 320
7 97 72 85 7 0 20 T 0.0 M 9.4 17 270 M M 4 8 24 250
8 88 75 82 4 0 17 0.08 0.0 0 6.7 21 360 M M 9 38 26 30
9 91 73 82 4 0 17 1.60 0.0 0 11.1 26 340 M M 9 13 31 230
10 86 72 79 1 0 14 T 0.0 0 7.0 16 10 M M 6 20 10
11 82 73 78 0 0 13 T 0.0 0 7.7 16 140 M M 9 1 21 100
12 93 72 83 5 0 18 0.69 0.0 0 5.7 23 270 M M 9 138 26 270
13 78 71 75 -3 0 10 0.01 0.0 0 5.9 10 20 M M 10 18 14 100
14 93 72 83 5 0 18 0.07 0.0 0 6.3 24 290 M M 8 138 32 280
15 91 74 83 5 0 18 T 0.0 0 5.9 16 170 M M 6 20 180
16 96 77 87 9 0 22 0.00 0.0 0 8.3 20 260 M M 5 23 260
17 93 71 82 4 0 17 2.28 T 0 6.6 44 20 M M 7 135 57 40
18 86 74 80 2 0 15 T 0.0 0 10.8 23 230 M M 8 3 28 240
19 86 73 80 2 0 15 T 0.0 M 8.1 20 340 M M 7 8 24 340
20 90 72 81 3 0 16 0.00 0.0 0 6.5 13 260 M M 4 8 17 270
21 85 73 79 1 0 14 0.05 0.0 0 8.2 21 330 M M 7 38 24 320
22 85 67 76 -2 0 11 0.00 0.0 M 9.4 18 290 M M 5 8 24 300
23 86 68 77 -1 0 12 T 0.0 0 6.1 23 360 M M 6 31 350
24 85 65 75 -3 0 10 0.00 0.0 0 7.0 17 200 M M 5 21 200
25 87 69 78 0 0 13 0.37 0.0 0 9.5 17 230 M M 8 1 22 210
26 93 70 82 4 0 17 0.08 0.0 0 6.7 16 330 M M 7 38 21 320
27 94 71 83 5 0 18 T 0.0 0 6.7 30 330 M M 4 8 39 320
28 87 72 80 2 0 15 0.04 0.0 0 7.4 16 330 M M 6 19 330
29 81 70 76 -2 0 11 0.57 0.0 0 8.2 21 200 M M 7 13 26 190
30 87 67 77 -1 0 12 0.00 0.0 0 14.2 24 330 M M 3 18 32 310
31 81 61 71 -7 0 6 0.00 0.0 0 7.1 21 340 M M 2 25 340
================================================================================
SM 2711 2175 0 436 8.91 T 246.0 M 209
================================================================================
AV 87.5 70.2 7.9 FASTST M M 7 MAX(MPH)
MISC ----> 45 310 58 320
================================================================================
NOTES:
# LAST OF SEVERAL OCCURRENCES
COLUMN 17 PEAK WIND IN M.P.H.
PRELIMINARY LOCAL CLIMATOLOGICAL DATA (WS FORM: F-6) , PAGE 2
STATION: NEWARK NJ
MONTH: JULY
YEAR: 2021
LATITUDE: 40 42 N
LONGITUDE: 74 10 W
[TEMPERATURE DATA] [PRECIPITATION DATA] SYMBOLS USED IN COLUMN 16
AVERAGE MONTHLY: 78.8 TOTAL FOR MONTH: 8.91 1 = FOG OR MIST
DPTR FM NORMAL: 0.6 DPTR FM NORMAL: 4.25 2 = FOG REDUCING VISIBILITY
HIGHEST: 97 ON 7, 6 GRTST 24HR 2.28 ON 17-17 TO 1/4 MILE OR LESS
LOWEST: 61 ON 31, 3 3 = THUNDER
SNOW, ICE PELLETS, HAIL 4 = ICE PELLETS
TOTAL MONTH: T 5 = HAIL
GRTST 24HR T ON 2- 2 6 = FREEZING RAIN OR DRIZZLE
GRTST DEPTH: 0 7 = DUSTSTORM OR SANDSTORM:
VSBY 1/2 MILE OR LESS
8 = SMOKE OR HAZE
[NO. OF DAYS WITH] [WEATHER - DAYS WITH] 9 = BLOWING SNOW
X = TORNADO
MAX 32 OR BELOW: 0 0.01 INCH OR MORE: 15
MAX 90 OR ABOVE: 11 0.10 INCH OR MORE: 8
MIN 32 OR BELOW: 0 0.50 INCH OR MORE: 7
MIN 0 OR BELOW: 0 1.00 INCH OR MORE: 3
[HDD (BASE 65) ]
TOTAL THIS MO. 0 CLEAR (SCALE 0-3) 1
DPTR FM NORMAL 0 PTCLDY (SCALE 4-7) 20
TOTAL FM JUL 1 0 CLOUDY (SCALE 8-10) 10
DPTR FM NORMAL 0
[CDD (BASE 65) ]
TOTAL THIS MO. 436
DPTR FM NORMAL 28 [PRESSURE DATA]
TOTAL FM JAN 1 890 HIGHEST SLP M ON M
DPTR FM NORMAL 153 LOWEST SLP 29.67 ON 2
[REMARKS]
#FINAL-07-21#