000
CXUS51 KOKX 011424 RRA
CLMEWR
NYCCLMEWR 000
TTAA00 OKX 011421
CLIMATE REPORT
NATIONAL WEATHER SERVICE NEW YORK, NY
919 AM EST THU FEB 01 2024
...................................
...THE NEWARK NJ CLIMATE SUMMARY FOR THE MONTH OF JANUARY 2024...
CLIMATE NORMAL PERIOD 1991 TO 2020
CLIMATE RECORD PERIOD 1931 TO 2024
WEATHER OBSERVED NORMAL DEPART LAST YEAR`S
VALUE DATE(S) VALUE FROM VALUE DATE(S)
NORMAL
................................................................
TEMPERATURE (F)
RECORD
HIGH 74 01/26/1950
LOW -8 01/21/1985
HIGHEST 61 01/13 MM MM 66 01/04
LOWEST 17 01/17 MM MM 29 01/16
01/18
AVG. MAXIMUM 43.3 40.0 3.3 50.6
AVG. MINIMUM 31.3 25.5 5.8 37.4
MEAN 37.3 32.8 4.5 44.0
DAYS MAX >= 90 0 0.0 0.0 0
DAYS MAX <= 32 4 7.0 -3.0 0
DAYS MIN <= 32 16 22.6 -6.6 6
DAYS MIN <= 0 0 0.1 -0.1 0
PRECIPITATION (INCHES)
RECORD
MAXIMUM 10.10 1979
MINIMUM 0.45 1981
TOTALS 5.52 3.42 2.10 4.31
DAILY AVG. 0.18 0.11 0.07 0.14
DAYS >= .01 16 10.6 5.4 14
DAYS >= .10 10 6.2 3.8 9
DAYS >= .50 3 2.5 0.5 3
DAYS >= 1.00 1 0.8 0.2 0
GREATEST
24 HR. TOTAL 2.22 01/09 TO 01/10 1.33 01/25 TO 01/26
STORM TOTAL 2.05 0.95
(MM/DD(HH)) MM
SNOWFALL (INCHES)
TOTALS 3.1 9.1 -6.0 T
LIQUID EQUIV 0.30 0.90 -0.60 T
SINCE 7/1 3.1 15.3 -12.2 MM
LIQUID 7/1 0.31 1.50 -1.19 MM
SNOWDEPTH AVG. 0 0
DAYS >= TRACE 9 4.6 4.4 6
DAYS >= 1.0 1 2.1 -1.1 0
GREATEST
SNOW DEPTH 2 01/16 0 MM
24 HR TOTAL MM MM
STORM TOTAL 1.7 0.0
(MM/DD(HH)) MM
DEGREE DAYS
HEATING TOTAL 851 1000 -149 644
SINCE 7/1 2190 2667 -477 MM
COOLING TOTAL 0 0 0 0
SINCE 1/1 0 0 0 MM
................................................................
WIND (MPH)
AVERAGE WIND SPEED 9.9
HIGHEST WIND SPEED/DIRECTION 40/260 DATE 01/14
HIGHEST GUST SPEED/DIRECTION 50/270 DATE 01/14
WEATHER CONDITIONS. NUMBER OF DAYS WITH
THUNDERSTORM 0 MIXED PRECIP 1
HEAVY RAIN 1 RAIN 5
LIGHT RAIN 16 FREEZING RAIN 0
LT FREEZING RAIN 1 HAIL 0
HEAVY SNOW 0 SNOW 0
LIGHT SNOW 9 SLEET 1
FOG 15 FOG W/VIS <= 1/4 MILE 0
HAZE 1
- INDICATES NEGATIVE NUMBERS.
R INDICATES RECORD WAS SET OR TIED.
MM INDICATES DATA IS MISSING.
T INDICATES TRACE AMOUNT.
$$