000
CDUS43 KIND 010532
CLIEYE


CLIMATE REPORT
NATIONAL WEATHER SERVICE INDIANAPOLIS IN
131 AM EDT FRI AUG 1 2014


...................................

...THE INDIANAPOLIS EAGLE CREEK IN CLIMATE SUMMARY FOR JULY 31 2014...

CLIMATE NORMAL PERIOD 1981 TO 2010
CLIMATE RECORD PERIOD 9999 TO 9999


WEATHER ITEM   OBSERVED TIME   NORMAL DEPARTURE LAST
                VALUE   (LST)  VALUE  FROM      YEAR
                                      NORMAL
......................................................
TEMPERATURE (F)
 YESTERDAY
  MAXIMUM         80    418 PM  83     -3       76
  MINIMUM         60    609 AM  66     -6       64
  AVERAGE         70            75     -5       70

PRECIPITATION (IN)
  YESTERDAY        0.00          0.08  -0.08     0.13
  MONTH TO DATE    3.09          4.26  -1.17     1.86
  SINCE JUN 1      9.15          8.65   0.50     6.91
  SINCE JAN 1     25.60         25.46   0.14    25.75

DEGREE DAYS
 HEATING
  YESTERDAY        0             0      0        0
  MONTH TO DATE    5             0      5        3
  SINCE JUN 1      8            15     -7       17
  SINCE JUL 1      5             1      4        3

 COOLING
  YESTERDAY        5            10     -5        5
  MONTH TO DATE  157           318   -161      246
  SINCE JUN 1    408           552   -144      450
  SINCE JAN 1    516           636   -120      561
......................................................


WIND (MPH)
  HIGHEST WIND SPEED    12   HIGHEST WIND DIRECTION    NW (300)
  HIGHEST GUST SPEED    17   HIGHEST GUST DIRECTION     W (270)
  AVERAGE WIND SPEED     3.1


SKY COVER
  AVERAGE SKY COVER 0.1


WEATHER CONDITIONS
 THE FOLLOWING WEATHER WAS RECORDED YESTERDAY.
  NO SIGNIFICANT WEATHER WAS OBSERVED.


RELATIVE HUMIDITY (PERCENT)
 HIGHEST    90           200 AM
 LOWEST     45           300 PM
 AVERAGE    68

..........................................................


THE INDIANAPOLIS EAGLE CREEK IN CLIMATE NORMALS FOR TODAY
                         NORMAL
 MAXIMUM TEMPERATURE (F)   83
 MINIMUM TEMPERATURE (F)   66


SUNRISE AND SUNSET
AUGUST  1 2014........SUNRISE   644 AM EDT   SUNSET   858 PM EDT
AUGUST  2 2014........SUNRISE   645 AM EDT   SUNSET   857 PM EDT


-  INDICATES NEGATIVE NUMBERS.
R  INDICATES RECORD WAS SET OR TIED.
MM INDICATES DATA IS MISSING.
T  INDICATES TRACE AMOUNT.




$$
