000
CDUS43 KIND 230531
CLIEYE


CLIMATE REPORT
NATIONAL WEATHER SERVICE INDIANAPOLIS IN
131 AM EDT TUE SEP 23 2014


...................................

...THE INDIANAPOLIS EAGLE CREEK IN CLIMATE SUMMARY FOR SEPTEMBER 22 2014...

CLIMATE NORMAL PERIOD 1981 TO 2010
CLIMATE RECORD PERIOD 9999 TO 9999


WEATHER ITEM   OBSERVED TIME   NORMAL DEPARTURE LAST
                VALUE   (LST)  VALUE  FROM      YEAR
                                      NORMAL
......................................................
TEMPERATURE (F)
 YESTERDAY
  MAXIMUM         66    532 PM  75     -9       69
  MINIMUM         47    715 AM  54     -7       49
  AVERAGE         57            64     -7       59

PRECIPITATION (IN)
  YESTERDAY        0.00          0.08  -0.08     0.00
  MONTH TO DATE    3.42          1.64   1.78     1.58
  SINCE SEP 1      3.42          1.64   1.78     1.58
  SINCE JAN 1     32.24         30.29   1.95    29.07

DEGREE DAYS
 HEATING
  YESTERDAY        8             3      5        6
  MONTH TO DATE   62            22     40       30
  SINCE SEP 1     62            22     40       30
  SINCE JUL 1     70            25     45       41

 COOLING
  YESTERDAY        0             2     -2        0
  MONTH TO DATE   77           108    -31      137
  SINCE SEP 1     77           108    -31      137
  SINCE JAN 1    870          1028   -158      972
......................................................


WIND (MPH)
  HIGHEST WIND SPEED    15   HIGHEST WIND DIRECTION     N (360)
  HIGHEST GUST SPEED    20   HIGHEST GUST DIRECTION     N (340)
  AVERAGE WIND SPEED     5.8


SKY COVER
  AVERAGE SKY COVER 0.1


WEATHER CONDITIONS
 THE FOLLOWING WEATHER WAS RECORDED YESTERDAY.
  NO SIGNIFICANT WEATHER WAS OBSERVED.


RELATIVE HUMIDITY (PERCENT)
 HIGHEST    86           500 AM
 LOWEST     40           300 PM
 AVERAGE    63

..........................................................


THE INDIANAPOLIS EAGLE CREEK IN CLIMATE NORMALS FOR TODAY
                         NORMAL
 MAXIMUM TEMPERATURE (F)   74
 MINIMUM TEMPERATURE (F)   54


SUNRISE AND SUNSET
SEPTEMBER 23 2014.....SUNRISE   734 AM EDT   SUNSET   741 PM EDT
SEPTEMBER 24 2014.....SUNRISE   735 AM EDT   SUNSET   739 PM EDT


-  INDICATES NEGATIVE NUMBERS.
R  INDICATES RECORD WAS SET OR TIED.
MM INDICATES DATA IS MISSING.
T  INDICATES TRACE AMOUNT.




$$
