000
CDUS43 KIND 260534
CLIEYE


CLIMATE REPORT
NATIONAL WEATHER SERVICE INDIANAPOLIS IN
133 AM EDT MON SEP 26 2016


...................................

...THE INDIANAPOLIS EAGLE CREEK IN CLIMATE SUMMARY FOR SEPTEMBER 25 2016...

CLIMATE NORMAL PERIOD 1981 TO 2010
CLIMATE RECORD PERIOD 9999 TO 9999


WEATHER ITEM   OBSERVED TIME   NORMAL DEPARTURE LAST
                VALUE   (LST)  VALUE  FROM      YEAR
                                      NORMAL
......................................................
TEMPERATURE (F)
 YESTERDAY
  MAXIMUM         86    352 PM  73     13       82
  MINIMUM         62    642 AM  53      9       58
  AVERAGE         74            63     11       70

PRECIPITATION (IN)
  YESTERDAY        0.17          0.07   0.10     0.00
  MONTH TO DATE    3.09          1.84   1.25     1.94
  SINCE SEP 1      3.09          1.84   1.25     1.94
  SINCE JAN 1     35.12         30.49   4.63    27.94

DEGREE DAYS
 HEATING
  YESTERDAY        0             4     -4        0
  MONTH TO DATE    0            33    -33       22
  SINCE SEP 1      0            33    -33       22
  SINCE JUL 1      3            36    -33       25

 COOLING
  YESTERDAY        9             2      7        5
  MONTH TO DATE  212           114     98      148
  SINCE SEP 1    212           114     98      148
  SINCE JAN 1   1401          1034    367     1008
......................................................


WIND (MPH)
  HIGHEST WIND SPEED    18   HIGHEST WIND DIRECTION    SW (210)
  HIGHEST GUST SPEED    25   HIGHEST GUST DIRECTION    SW (210)
  AVERAGE WIND SPEED     4.7


SKY COVER
  AVERAGE SKY COVER 0.2


WEATHER CONDITIONS
 THE FOLLOWING WEATHER WAS RECORDED YESTERDAY.
  THUNDERSTORM
  HEAVY RAIN
  RAIN


RELATIVE HUMIDITY (PERCENT)
 HIGHEST    90           600 AM
 LOWEST     48           300 PM
 AVERAGE    69

..........................................................


THE INDIANAPOLIS EAGLE CREEK IN CLIMATE NORMALS FOR TODAY
                         NORMAL
 MAXIMUM TEMPERATURE (F)   73
 MINIMUM TEMPERATURE (F)   52


SUNRISE AND SUNSET
SEPTEMBER 26 2016.....SUNRISE   737 AM EDT   SUNSET   735 PM EDT
SEPTEMBER 27 2016.....SUNRISE   738 AM EDT   SUNSET   733 PM EDT


-  INDICATES NEGATIVE NUMBERS.
R  INDICATES RECORD WAS SET OR TIED.
MM INDICATES DATA IS MISSING.
T  INDICATES TRACE AMOUNT.




$$
