695
CDUS43 KIND 080535
CLIEYE


CLIMATE REPORT
NATIONAL WEATHER SERVICE INDIANAPOLIS IN
135 AM EDT FRI MAY 8 2015


...................................

...THE INDIANAPOLIS EAGLE CREEK IN CLIMATE SUMMARY FOR MAY 7 2015...

CLIMATE NORMAL PERIOD 1981 TO 2010
CLIMATE RECORD PERIOD 9999 TO 9999


WEATHER ITEM   OBSERVED TIME   NORMAL DEPARTURE LAST
                VALUE   (LST)  VALUE  FROM      YEAR
                                      NORMAL
......................................................
TEMPERATURE (F)
 YESTERDAY
  MAXIMUM         85    349 PM  70     15       83
  MINIMUM         58    530 AM  50      8       53
  AVERAGE         72            60     12       68

PRECIPITATION (IN)
  YESTERDAY        0.00          0.19  -0.19     0.00
  MONTH TO DATE    0.07          1.48  -1.41     0.00
  SINCE MAR 1      8.20          8.68  -0.48     7.66
  SINCE JAN 1     10.68         13.02  -2.34    12.04

DEGREE DAYS
 HEATING
  YESTERDAY        0             6     -6        0
  MONTH TO DATE   13            48    -35       58
  SINCE MAR 1   1165          1118     47     1310
  SINCE JUL 1   5851          5243    608     6136

 COOLING
  YESTERDAY        7             1      6        3
  MONTH TO DATE   20             7     13        3
  SINCE MAR 1     24            22      2        8
  SINCE JAN 1     24            22      2        8
......................................................


WIND (MPH)
  HIGHEST WIND SPEED    14   HIGHEST WIND DIRECTION     S (200)
  HIGHEST GUST SPEED    21   HIGHEST GUST DIRECTION    SW (220)
  AVERAGE WIND SPEED     4.2


SKY COVER
  AVERAGE SKY COVER 0.1


WEATHER CONDITIONS
 THE FOLLOWING WEATHER WAS RECORDED YESTERDAY.
  NO SIGNIFICANT WEATHER WAS OBSERVED.


RELATIVE HUMIDITY (PERCENT)
 HIGHEST    90           700 AM
 LOWEST     29           400 PM
 AVERAGE    60

..........................................................


THE INDIANAPOLIS EAGLE CREEK IN CLIMATE NORMALS FOR TODAY
                         NORMAL
 MAXIMUM TEMPERATURE (F)   70
 MINIMUM TEMPERATURE (F)   50


SUNRISE AND SUNSET
MAY  8 2015...........SUNRISE   638 AM EDT   SUNSET   846 PM EDT
MAY  9 2015...........SUNRISE   637 AM EDT   SUNSET   847 PM EDT


-  INDICATES NEGATIVE NUMBERS.
R  INDICATES RECORD WAS SET OR TIED.
MM INDICATES DATA IS MISSING.
T  INDICATES TRACE AMOUNT.




$$
