000
CDUS43 KIND 150532
CLIEYE


CLIMATE REPORT
NATIONAL WEATHER SERVICE INDIANAPOLIS IN
131 AM EDT SAT JUL 15 2017


...................................

...THE INDIANAPOLIS EAGLE CREEK IN CLIMATE SUMMARY FOR JULY 14 2017...

CLIMATE NORMAL PERIOD 1981 TO 2010
CLIMATE RECORD PERIOD 9999 TO 9999


WEATHER ITEM   OBSERVED TIME   NORMAL DEPARTURE LAST
                VALUE   (LST)  VALUE  FROM      YEAR
                                      NORMAL
......................................................
TEMPERATURE (F)
 YESTERDAY
  MAXIMUM         83    351 PM  84     -1       88
  MINIMUM         65   1159 PM  67     -2       68
  AVERAGE         74            76     -2       78

PRECIPITATION (IN)
  YESTERDAY        0.00          0.17  -0.17      T
  MONTH TO DATE    3.88          2.10   1.78     2.78
  SINCE JUN 1      8.23          6.49   1.74    11.64
  SINCE JAN 1     30.07         23.30   6.77    23.15

DEGREE DAYS
 HEATING
  YESTERDAY        0             0      0        0
  MONTH TO DATE    0             0      0        3
  SINCE JUN 1      3            14    -11        3
  SINCE JUL 1      0             0      0        3

 COOLING
  YESTERDAY        9            10     -1       13
  MONTH TO DATE  161           150     11      132
  SINCE JUN 1    392           384      8      433
  SINCE JAN 1    494           468     26      535
......................................................


WIND (MPH)
  HIGHEST WIND SPEED    17   HIGHEST WIND DIRECTION    NW (310)
  HIGHEST GUST SPEED    23   HIGHEST GUST DIRECTION    NW (300)
  AVERAGE WIND SPEED     7.7


SKY COVER
  AVERAGE SKY COVER 0.5


WEATHER CONDITIONS
 THE FOLLOWING WEATHER WAS RECORDED YESTERDAY.
  NO SIGNIFICANT WEATHER WAS OBSERVED.


RELATIVE HUMIDITY (PERCENT)
 HIGHEST    93          1200 AM
 LOWEST     51           200 PM
 AVERAGE    72

..........................................................


THE INDIANAPOLIS EAGLE CREEK IN CLIMATE NORMALS FOR TODAY
                         NORMAL
 MAXIMUM TEMPERATURE (F)   84
 MINIMUM TEMPERATURE (F)   67


SUNRISE AND SUNSET
JULY 15 2017..........SUNRISE   630 AM EDT   SUNSET   912 PM EDT
JULY 16 2017..........SUNRISE   630 AM EDT   SUNSET   912 PM EDT


-  INDICATES NEGATIVE NUMBERS.
R  INDICATES RECORD WAS SET OR TIED.
MM INDICATES DATA IS MISSING.
T  INDICATES TRACE AMOUNT.




$$
