000
CDUS43 KIND 100536
CLIEYE


CLIMATE REPORT
NATIONAL WEATHER SERVICE INDIANAPOLIS IN
135 AM EDT WED MAY 10 2017


...................................

...THE INDIANAPOLIS EAGLE CREEK IN CLIMATE SUMMARY FOR MAY 9 2017...

CLIMATE NORMAL PERIOD 1981 TO 2010
CLIMATE RECORD PERIOD 9999 TO 9999


WEATHER ITEM   OBSERVED TIME   NORMAL DEPARTURE LAST
                VALUE   (LST)  VALUE  FROM      YEAR
                                      NORMAL
......................................................
TEMPERATURE (F)
 YESTERDAY
  MAXIMUM         70    232 PM  70      0       61
  MINIMUM         49    602 AM  51     -2       52
  AVERAGE         60            60      0       57

PRECIPITATION (IN)
  YESTERDAY        0.92          0.19   0.73     0.49
  MONTH TO DATE    3.86          1.86   2.00     1.19
  SINCE MAR 1     13.40          9.06   4.34     7.49
  SINCE JAN 1     18.56         13.40   5.16     9.45

DEGREE DAYS
 HEATING
  YESTERDAY        5             6     -1        8
  MONTH TO DATE  115            60     55       72
  SINCE MAR 1    959          1130   -171      911
  SINCE JUL 1   4219          5255  -1036     4424

 COOLING
  YESTERDAY        0             1     -1        0
  MONTH TO DATE    0             9     -9        3
  SINCE MAR 1     33            24      9       16
  SINCE JAN 1     33            24      9       16
......................................................


WIND (MPH)
  HIGHEST WIND SPEED    16   HIGHEST WIND DIRECTION     N (340)
  HIGHEST GUST SPEED    20   HIGHEST GUST DIRECTION     N (340)
  AVERAGE WIND SPEED     6.5


SKY COVER
  AVERAGE SKY COVER 0.8


WEATHER CONDITIONS
 THE FOLLOWING WEATHER WAS RECORDED YESTERDAY.
  THUNDERSTORM
  HEAVY RAIN
  RAIN
  LIGHT RAIN
  FOG


RELATIVE HUMIDITY (PERCENT)
 HIGHEST    93           800 AM
 LOWEST     66           300 PM
 AVERAGE    80

..........................................................


THE INDIANAPOLIS EAGLE CREEK IN CLIMATE NORMALS FOR TODAY
                         NORMAL
 MAXIMUM TEMPERATURE (F)   71
 MINIMUM TEMPERATURE (F)   51


SUNRISE AND SUNSET
MAY 10 2017...........SUNRISE   635 AM EDT   SUNSET   849 PM EDT
MAY 11 2017...........SUNRISE   634 AM EDT   SUNSET   850 PM EDT


-  INDICATES NEGATIVE NUMBERS.
R  INDICATES RECORD WAS SET OR TIED.
MM INDICATES DATA IS MISSING.
T  INDICATES TRACE AMOUNT.




$$
