000
CDUS43 KIND 160531
CLIEYE


CLIMATE REPORT
NATIONAL WEATHER SERVICE INDIANAPOLIS IN
131 AM EDT MON MAY 16 2016


...................................

...THE INDIANAPOLIS EAGLE CREEK IN CLIMATE SUMMARY FOR MAY 15 2016...

CLIMATE NORMAL PERIOD 1981 TO 2010
CLIMATE RECORD PERIOD 9999 TO 9999


WEATHER ITEM   OBSERVED TIME   NORMAL DEPARTURE LAST
                VALUE   (LST)  VALUE  FROM      YEAR
                                      NORMAL
......................................................
TEMPERATURE (F)
 YESTERDAY
  MAXIMUM         57    322 PM  72    -15       81
  MINIMUM         39   1133 PM  53    -14       60
  AVERAGE         48            62    -14       71

PRECIPITATION (IN)
  YESTERDAY        0.00          0.16  -0.16     0.15
  MONTH TO DATE    2.66          2.89  -0.23     0.88
  SINCE MAR 1      8.96         10.09  -1.13     9.01
  SINCE JAN 1     10.92         14.43  -3.51    11.49

DEGREE DAYS
 HEATING
  YESTERDAY       17             5     12        0
  MONTH TO DATE  110            91     19       38
  SINCE MAR 1    949          1161   -212     1190
  SINCE JUL 1   4462          5286   -824     5876

 COOLING
  YESTERDAY        0             2     -2        6
  MONTH TO DATE   11            19     -8       53
  SINCE MAR 1     24            34    -10       57
  SINCE JAN 1     24            34    -10       57
......................................................


WIND (MPH)
  HIGHEST WIND SPEED    22   HIGHEST WIND DIRECTION    NW (300)
  HIGHEST GUST SPEED    29   HIGHEST GUST DIRECTION     W (280)
  AVERAGE WIND SPEED     8.1


SKY COVER
  AVERAGE SKY COVER 0.4


WEATHER CONDITIONS
 THE FOLLOWING WEATHER WAS RECORDED YESTERDAY.
  NO SIGNIFICANT WEATHER WAS OBSERVED.


RELATIVE HUMIDITY (PERCENT)
 HIGHEST    79           600 AM
 LOWEST     35           100 PM
 AVERAGE    57

..........................................................


THE INDIANAPOLIS EAGLE CREEK IN CLIMATE NORMALS FOR TODAY
                         NORMAL
 MAXIMUM TEMPERATURE (F)   73
 MINIMUM TEMPERATURE (F)   53


SUNRISE AND SUNSET
MAY 16 2016...........SUNRISE   629 AM EDT   SUNSET   855 PM EDT
MAY 17 2016...........SUNRISE   628 AM EDT   SUNSET   856 PM EDT


-  INDICATES NEGATIVE NUMBERS.
R  INDICATES RECORD WAS SET OR TIED.
MM INDICATES DATA IS MISSING.
T  INDICATES TRACE AMOUNT.




$$
