000
CDUS43 KIND 192035
CLIEYE


CLIMATE REPORT
NATIONAL WEATHER SERVICE INDIANAPOLIS IN
434 PM EDT THU MAR 19 2015


...................................

...THE INDIANAPOLIS EAGLE CREEK IN CLIMATE SUMMARY FOR MARCH 19 2015...
VALID TODAY AS OF 0400 PM LOCAL TIME.

CLIMATE NORMAL PERIOD 1981 TO 2010
CLIMATE RECORD PERIOD 9999 TO 9999


WEATHER ITEM   OBSERVED TIME   NORMAL DEPARTURE LAST
                VALUE   (LST)  VALUE  FROM      YEAR
                                      NORMAL
......................................................
TEMPERATURE (F)
 TODAY
  MAXIMUM         51    206 PM  53     -2       52
  MINIMUM         39    810 AM  35      4       36
  AVERAGE         45            44      1       44

PRECIPITATION (IN)
  TODAY            0.00          0.12  -0.12     0.00
  MONTH TO DATE    1.64          1.69  -0.05     0.18
  SINCE MAR 1      1.64          1.69  -0.05     0.18
  SINCE JAN 1      4.12          6.03  -1.91     4.56

......................................................


WIND (MPH)
  HIGHEST WIND SPEED    16   HIGHEST WIND DIRECTION     E (100)
  HIGHEST GUST SPEED    21   HIGHEST GUST DIRECTION    SE (120)
  AVERAGE WIND SPEED     7.8


SKY COVER
  AVERAGE SKY COVER 0.4


WEATHER CONDITIONS
 THE FOLLOWING WEATHER WAS RECORDED TODAY.
  NO SIGNIFICANT WEATHER WAS OBSERVED.


RELATIVE HUMIDITY (PERCENT)
 HIGHEST    48           700 AM
 LOWEST     34           300 PM

..........................................................


THE INDIANAPOLIS EAGLE CREEK IN CLIMATE NORMALS FOR TOMORROW
                         NORMAL
 MAXIMUM TEMPERATURE (F)   53
 MINIMUM TEMPERATURE (F)   35


SUNRISE AND SUNSET
MARCH 19 2015.........SUNRISE   751 AM EDT   SUNSET   756 PM EDT
MARCH 20 2015.........SUNRISE   749 AM EDT   SUNSET   757 PM EDT


-  INDICATES NEGATIVE NUMBERS.
R  INDICATES RECORD WAS SET OR TIED.
MM INDICATES DATA IS MISSING.
T  INDICATES TRACE AMOUNT.




$$
