000
CXAK56 PAFG 011035
CF6FAI
PRELIMINARY LOCAL CLIMATOLOGICAL DATA (WS FORM: F-6)
STATION: FAIRBANKS AK
MONTH: MAY
YEAR: 2023
LATITUDE: 64 49 N
LONGITUDE: 147 52 W
TEMPERATURE IN F: :PCPN: SNOW: WIND :SUNSHINE: SKY :PK WND
================================================================================
1 2 3 4 5 6A 6B 7 8 9 10 11 12 13 14 15 16 17 18
12Z AVG MX 2MIN
DY MAX MIN AVG DEP HDD CDD WTR SNW DPTH SPD SPD DIR MIN PSBL S-S WX SPD DR
================================================================================
1 58 31 45 1 20 0 T 0.0 10 4.8 22 250 M M 6 31 250
2 50 33 42 -3 23 0 T 0.0 6 6.0 22 190 M M 6 28 210
3 48 30 39 -6 26 0 0.00 0.0 T 4.5 15 260 M M 7 19 250
4 50 30 40 -6 25 0 0.00 0.0 T 2.5 10 180 M M 7 13 240
5 57 29 43 -3 22 0 0.00 0.0 T 3.6 14 40 M M 5 16 40
6 54 33 44 -3 21 0 0.00 0.0 T 5.8 20 250 M M 6 23 260
7 55 30 43 -4 22 0 0.00 0.0 T 3.8 12 10 M M 6 15 340
8 58 35 47 -1 18 0 0.00 0.0 T 5.2 14 240 M M 7 16 240
9 57 34 46 -2 19 0 0.00 0.0 T 3.5 10 100 M M 7 13 90
10 64 33 49 1 16 0 0.00 0.0 0 4.1 12 80 M M 7 15 90
11 62 40 51 2 14 0 0.00 0.0 0 4.4 14 230 M M 7 19 250
12 67 34 51 2 14 0 0.00 0.0 0 3.3 13 30 M M 5 16 70
13 67 38 53 4 12 0 0.00 0.0 0 7.2 18 190 M M 3 25 180
14 65 35 50 0 15 0 0.00 0.0 0 7.4 26 190 M M 2 34 190
15 63 39 51 1 14 0 0.00 0.0 0 6.5 22 200 M M 7 27 240
16 70 36 53 3 12 0 T 0.0 0 8.9 28 270 M M 8 37 270
17 65 37 51 0 14 0 0.00 0.0 0 6.4 14 310 M M 6 18 330
18 66 37 52 1 13 0 0.00 0.0 0 5.5 17 50 M M 6 21 50
19 80 46 63 12 2 0 0.00 0.0 0 8.9 17 240 M M 5 23 50
20 75 60 68 16 0 3 0.00 0.0 0 8.8 17 230 M M 7 24 260
21 73 51 62 10 3 0 0.02 0.0 0 6.6 20 240 M M 6 26 240
22 63 47 55 3 10 0 T 0.0 0 6.0 15 200 M M 7 20 190
23 70 41 56 3 9 0 0.00 0.0 0 3.6 9 260 M M 3 14 30
24 70 44 57 4 8 0 0.00 0.0 0 4.4 14 240 M M 7 17 130
25 75 46 61 7 4 0 T 0.0 0 6.0 21 50 M M 7 26 50
26 63 50 57 3 8 0 0.02 0.0 0 7.1 23 50 M M 9 29 50
27 69 42 56 2 9 0 0.00 0.0 0 4.8 13 80 M M 5 16 60
28 65 49 57 2 8 0 0.06 0.0 0 6.3 14 230 M M 9 18 240
29 51 47 49 -6 16 0 0.08 0.0 0 10.8 21 250 M M 10 18 28 240
30 50 44 47 -9 18 0 0.10 0.0 0 6.5 14 250 M M 10 1 17 240
31 57 40 49 -7 16 0 T 0.0 0 11.7 24 280 M M 7 1 31 280
================================================================================
SM 1937 1221 431 3 0.28 0.0 184.9 M 200
================================================================================
AV 62.5 39.4 6.0 FASTST M M 6 MAX(MPH)
MISC ----> 28 270 37 270
================================================================================
NOTES:
# LAST OF SEVERAL OCCURRENCES
COLUMN 17 PEAK WIND IN M.P.H.
PRELIMINARY LOCAL CLIMATOLOGICAL DATA (WS FORM: F-6) , PAGE 2
STATION: FAIRBANKS AK
MONTH: MAY
YEAR: 2023
LATITUDE: 64 49 N
LONGITUDE: 147 52 W
[TEMPERATURE DATA] [PRECIPITATION DATA] SYMBOLS USED IN COLUMN 16
AVERAGE MONTHLY: 50.9 TOTAL FOR MONTH: 0.28 1 = FOG OR MIST
DPTR FM NORMAL: 0.6 DPTR FM NORMAL: -0.26 2 = FOG REDUCING VISIBILITY
HIGHEST: 80 ON 19 GRTST 24HR 0.13 ON 28-29 TO 1/4 MILE OR LESS
LOWEST: 29 ON 5 3 = THUNDER
SNOW, ICE PELLETS, HAIL 4 = ICE PELLETS
TOTAL MONTH: 0.0 INCH 5 = HAIL
GRTST 24HR 0.0 6 = FREEZING RAIN OR DRIZZLE
GRTST DEPTH: 14 ON M 7 = DUSTSTORM OR SANDSTORM:
VSBY 1/2 MILE OR LESS
8 = SMOKE OR HAZE
[NO. OF DAYS WITH] [WEATHER - DAYS WITH] 9 = BLOWING SNOW
X = TORNADO
MAX 32 OR BELOW: 0 0.01 INCH OR MORE: 5
MAX 90 OR ABOVE: 0 0.10 INCH OR MORE: 1
MIN 32 OR BELOW: 5 0.50 INCH OR MORE: 0
MIN 0 OR BELOW: 0 1.00 INCH OR MORE: 0
[HDD (BASE 65) ]
TOTAL THIS MO. 431 CLEAR (SCALE 0-3) 1
DPTR FM NORMAL -24 PTCLDY (SCALE 4-7) 26
TOTAL FM JUL 1 12940 CLOUDY (SCALE 8-10) 4
DPTR FM NORMAL -332
[CDD (BASE 65) ]
TOTAL THIS MO. 3
DPTR FM NORMAL 2 [PRESSURE DATA]
TOTAL FM JAN 1 3 HIGHEST SLP M ON M
DPTR FM NORMAL 2 LOWEST SLP 28.88 ON 28
[REMARKS]
#FINAL-05-23#