000
CXAK56 PAFG 020054
CF6FAI
PRELIMINARY LOCAL CLIMATOLOGICAL DATA (WS FORM: F-6)
STATION: FAIRBANKS AK
MONTH: JUNE
YEAR: 2021
LATITUDE: 64 49 N
LONGITUDE: 147 52 W
TEMPERATURE IN F: :PCPN: SNOW: WIND :SUNSHINE: SKY :PK WND
================================================================================
1 2 3 4 5 6A 6B 7 8 9 10 11 12 13 14 15 16 17 18
12Z AVG MX 2MIN
DY MAX MIN AVG DEP HDD CDD WTR SNW DPTH SPD SPD DIR MIN PSBL S-S WX SPD DR
================================================================================
1 66 48 57 1 8 0 0.02 0.0 0 5.9 18 210 M M 8 29 200
2 69 45 57 0 8 0 T 0.0 0 4.0 13 10 M M 7 16 20
3 73 46 60 3 5 0 0.00 0.0 0 7.7 18 300 M M 7 23 310
4 71 47 59 1 6 0 0.14 0.0 0 5.6 17 350 M M 7 22 340
5 75 46 61 3 4 0 T 0.0 0 4.1 16 320 M M 5 3 21 320
6 71 53 62 4 3 0 T 0.0 0 6.7 28 40 M M 6 3 32 40
7 75 46 61 2 4 0 T 0.0 0 7.2 20 280 M M 5 26 260
8 64 50 57 -2 8 0 0.04 0.0 0 4.3 13 260 M M 8 16 240
9 69 49 59 0 6 0 0.02 0.0 0 3.5 14 200 M M 8 20 200
10 68 52 60 0 5 0 T 0.0 0 4.6 13 290 M M 8 17 260
11 69 49 59 -1 6 0 0.22 0.0 0 4.0 16 280 M M 8 24 280
12 74 47 61 1 4 0 T 0.0 0 5.9 21 40 M M 6 25 30
13 77 55 66 5 0 1 0.01 0.0 0 3.8 18 80 M M 7 24 70
14 82 52 67 6 0 2 0.00 0.0 0 4.9 15 130 M M 2 19 110
15 84 55 70 9 0 5 0.00 0.0 0 3.5 10 190 M M 3 12 190
16 84 56 70 8 0 5 0.47 0.0 0 5.8 23 20 M M 7 35 29 10
17 66 54 60 -2 5 0 0.12 0.0 0 3.8 14 250 M M 8 1 21 250
18 77 48 63 1 2 0 0.00 0.0 0 3.0 10 30 M M 7 13 360
19 73 56 65 3 0 0 0.02 0.0 0 3.5 12 180 M M 8 14 210
20 76 54 65 2 0 0 T 0.0 0 2.6 10 190 M M 7 12 13 350
21 74 59 67 4 0 2 T 0.0 0 4.1 16 40 M M 8 20 40
22 79 55 67 4 0 2 0.00 0.0 0 3.7 15 200 M M 7 19 140
23 84 58 71 8 0 6 0.00 0.0 0 7.2 15 150 M M 6 22 80
24 81 62 72 9 0 7 T 0.0 0 7.2 20 260 M M 7 30 240
25 76 58 67 3 0 2 T 0.0 0 5.0 16 200 M M 8 27 190
26 73 55 64 0 1 0 T 0.0 0 3.7 12 260 M M 7 16 240
27 72 54 63 -1 2 0 0.00 0.0 0 4.5 15 260 M M 6 20 250
28 71 52 62 -2 3 0 0.00 0.0 0 4.7 14 260 M M 7 18 240
29 69 55 62 -2 3 0 0.00 0.0 0 6.6 18 280 M M 7 27 260
30 75 54 65 1 0 0 0.00 0.0 0 3.9 13 250 M M 7 17 240
================================================================================
SM 2217 1570 83 32 1.06 0.0 145.0 M 202
================================================================================
AV 73.9 52.3 4.8 FASTST M M 7 MAX(MPH)
MISC ----> 28 40 32 40
================================================================================
NOTES:
# LAST OF SEVERAL OCCURRENCES
COLUMN 17 PEAK WIND IN M.P.H.
PRELIMINARY LOCAL CLIMATOLOGICAL DATA (WS FORM: F-6) , PAGE 2
STATION: FAIRBANKS AK
MONTH: JUNE
YEAR: 2021
LATITUDE: 64 49 N
LONGITUDE: 147 52 W
[TEMPERATURE DATA] [PRECIPITATION DATA] SYMBOLS USED IN COLUMN 16
AVERAGE MONTHLY: 63.1 TOTAL FOR MONTH: 1.06 1 = FOG OR MIST
DPTR FM NORMAL: 2.1 DPTR FM NORMAL: -0.42 2 = FOG REDUCING VISIBILITY
HIGHEST: 84 ON 23,16 GRTST 24HR 0.59 ON 16-17 TO 1/4 MILE OR LESS
LOWEST: 45 ON 2 3 = THUNDER
SNOW, ICE PELLETS, HAIL 4 = ICE PELLETS
TOTAL MONTH: 0.0 INCH 5 = HAIL
GRTST 24HR 0.0 6 = FREEZING RAIN OR DRIZZLE
GRTST DEPTH: 0 7 = DUSTSTORM OR SANDSTORM:
VSBY 1/2 MILE OR LESS
8 = SMOKE OR HAZE
[NO. OF DAYS WITH] [WEATHER - DAYS WITH] 9 = BLOWING SNOW
X = TORNADO
MAX 32 OR BELOW: 0 0.01 INCH OR MORE: 9
MAX 90 OR ABOVE: 0 0.10 INCH OR MORE: 4
MIN 32 OR BELOW: 0 0.50 INCH OR MORE: 0
MIN 0 OR BELOW: 0 1.00 INCH OR MORE: 0
[HDD (BASE 65) ]
TOTAL THIS MO. 83 CLEAR (SCALE 0-3) 1
DPTR FM NORMAL -64 PTCLDY (SCALE 4-7) 28
TOTAL FM JUL 1 13405 CLOUDY (SCALE 8-10) 1
DPTR FM NORMAL -14
[CDD (BASE 65) ]
TOTAL THIS MO. 32
DPTR FM NORMAL 5 [PRESSURE DATA]
TOTAL FM JAN 1 32 HIGHEST SLP 30.16 ON 27
DPTR FM NORMAL 4 LOWEST SLP 29.27 ON 24
[REMARKS]
#FINAL-06-21#