000
CXAK56 PAFG 010949
CF6FAI
PRELIMINARY LOCAL CLIMATOLOGICAL DATA (WS FORM: F-6)
STATION: FAIRBANKS AK
MONTH: JULY
YEAR: 2023
LATITUDE: 64 49 N
LONGITUDE: 147 52 W
TEMPERATURE IN F: :PCPN: SNOW: WIND :SUNSHINE: SKY :PK WND
================================================================================
1 2 3 4 5 6A 6B 7 8 9 10 11 12 13 14 15 16 17 18
12Z AVG MX 2MIN
DY MAX MIN AVG DEP HDD CDD WTR SNW DPTH SPD SPD DIR MIN PSBL S-S WX SPD DR
================================================================================
1 75 51 63 -1 2 0 0.00 0.0 0 3.3 12 170 M M 5 13 180
2 82 54 68 4 0 3 0.00 0.0 0 3.9 12 250 M M 5 14 250
3 75 57 66 2 0 1 T 0.0 0 4.2 14 240 M M 8 18 220
4 71 56 64 0 1 0 T 0.0 0 8.6 17 270 M M 7 23 260
5 76 48 62 -2 3 0 0.00 0.0 0 3.8 13 230 M M 5 17 230
6 75 56 66 2 0 1 0.01 0.0 0 3.4 12 20 M M 8 15 10
7 74 57 66 2 0 1 0.29 0.0 0 3.7 14 230 M M 8 1 20 210
8 68 50 59 -5 6 0 0.02 0.0 0 9.1 18 250 M M 7 26 270
9 77 47 62 -2 3 0 0.00 0.0 0 4.0 10 320 M M 6 12 330
10 75 54 65 1 0 0 0.00 0.0 0 6.6 18 240 M M 8 23 220
11 74 60 67 3 0 2 T 0.0 0 6.1 17 270 M M 8 21 280
12 71 56 64 0 1 0 0.09 0.0 0 6.6 15 280 M M 8 19 300
13 74 51 63 -1 2 0 0.00 0.0 0 2.4 12 190 M M 6 13 190
14 73 57 65 2 0 0 0.07 0.0 0 4.2 15 240 M M 8 20 280
15 66 54 60 -3 5 0 0.08 0.0 0 3.6 10 20 M M 9 11 30
16 74 55 65 2 0 0 T 0.0 0 3.5 14 300 M M 9 21 300
17 79 54 67 4 0 2 T 0.0 0 4.9 15 300 M M 6 18 300
18 78 61 70 7 0 5 T 0.0 0 5.5 13 200 M M 8 18 190
19 75 62 69 6 0 4 T 0.0 0 2.3 9 190 M M 8 10 210
20 76 60 68 5 0 3 0.14 0.0 0 1.9 6 250 M M 7 18 9 250
21 81 54 68 6 0 3 0.00 0.0 0 1.4 7 340 M M 2 9 340
22 85 57 71 9 0 6 T 0.0 0 2.9 12 110 M M 5 16 150
23 87 62 75 13 0 10 0.00 0.0 0 3.2 8 50 M M 3 8 40
24 90 64 77 15 0 12 0.00 0.0 0 3.8 14 350 M M 5 M M
25 86 62 74 12 0 9 0.00 0.0 0 3.9 14 240 M M 6 17 240
26 86 64 75 13 0 10 0.00 0.0 0 2.1 8 80 M M 8 10 70
27 82 64 73 11 0 8 0.00 0.0 0 4.6 14 270 M M 7 16 270
28 84 58 71 10 0 6 T 0.0 0 3.3 13 260 M M 7 8 20 240
29 75 63 69 8 0 4 T 0.0 0 7.9 16 280 M M 8 18 21 240
30 72 59 66 5 0 1 0.00 0.0 0 4.1 10 250 M M 8 14 240
31 78 58 68 7 0 3 0.00 0.0 0 2.9 9 330 M M 7 12 200
================================================================================
SM 2394 1765 23 94 0.70 0.0 131.7 M 210
================================================================================
AV 77.2 56.9 4.2 FASTST M M 7 MAX(MPH)
MISC ----> # 18 250 26 270
================================================================================
NOTES:
# LAST OF SEVERAL OCCURRENCES
COLUMN 17 PEAK WIND IN M.P.H.
PRELIMINARY LOCAL CLIMATOLOGICAL DATA (WS FORM: F-6) , PAGE 2
STATION: FAIRBANKS AK
MONTH: JULY
YEAR: 2023
LATITUDE: 64 49 N
LONGITUDE: 147 52 W
[TEMPERATURE DATA] [PRECIPITATION DATA] SYMBOLS USED IN COLUMN 16
AVERAGE MONTHLY: 67.1 TOTAL FOR MONTH: 0.70 1 = FOG OR MIST
DPTR FM NORMAL: 4.2 DPTR FM NORMAL: -1.56 2 = FOG REDUCING VISIBILITY
HIGHEST: 90 ON 24 GRTST 24HR 0.31 ON 7- 8 TO 1/4 MILE OR LESS
LOWEST: 47 ON 9 3 = THUNDER
SNOW, ICE PELLETS, HAIL 4 = ICE PELLETS
TOTAL MONTH: 0.0 INCH 5 = HAIL
GRTST 24HR 0.0 6 = FREEZING RAIN OR DRIZZLE
GRTST DEPTH: 0 7 = DUSTSTORM OR SANDSTORM:
VSBY 1/2 MILE OR LESS
8 = SMOKE OR HAZE
[NO. OF DAYS WITH] [WEATHER - DAYS WITH] 9 = BLOWING SNOW
X = TORNADO
MAX 32 OR BELOW: 0 0.01 INCH OR MORE: 7
MAX 90 OR ABOVE: 1 0.10 INCH OR MORE: 2
MIN 32 OR BELOW: 0 0.50 INCH OR MORE: 0
MIN 0 OR BELOW: 0 1.00 INCH OR MORE: 0
[HDD (BASE 65) ]
TOTAL THIS MO. 23 CLEAR (SCALE 0-3) 1
DPTR FM NORMAL -75 PTCLDY (SCALE 4-7) 27
TOTAL FM JUL 1 23 CLOUDY (SCALE 8-10) 3
DPTR FM NORMAL -74
[CDD (BASE 65) ]
TOTAL THIS MO. 94
DPTR FM NORMAL 61 [PRESSURE DATA]
TOTAL FM JAN 1 117 HIGHEST SLP M ON M
DPTR FM NORMAL 56 LOWEST SLP 29.65 ON 7
[REMARKS]
#FINAL-07-23#