000
CXAK56 PAFG 281200
CF6FAI
PRELIMINARY LOCAL CLIMATOLOGICAL DATA (WS FORM: F-6)
STATION: FAIRBANKS AK
MONTH: MARCH
YEAR: 2024
LATITUDE: 64 49 N
LONGITUDE: 147 52 W
TEMPERATURE IN F: :PCPN: SNOW: WIND :SUNSHINE: SKY :PK WND
================================================================================
1 2 3 4 5 6A 6B 7 8 9 10 11 12 13 14 15 16 17 18
12Z AVG MX 2MIN
DY MAX MIN AVG DEP HDD CDD WTR SNW DPTH SPD SPD DIR MIN PSBL S-S WX SPD DR
================================================================================
1 -7 -36 -21 -25 86 0 0.00 0.0 21 0.7 5 140 M M 1 6 120
2 2 -36 -17 -22 82 0 0.00 0.0 21 1.7 7 30 M M 0 18 8 40
3 10 -26 -8 -13 73 0 0.00 0.0 21 2.0 9 150 M M 6 14 150
4 19 1 10 5 55 0 T T 21 0.8 8 80 M M 10 1 9 90
5 25 10 18 12 47 0 0.02 0.4 21 3.2 10 360 M M 9 1 13 360
6 25 4 15 9 50 0 T T 21 6.0 10 360 M M 7 13 360
7 22 5 14 8 51 0 T 0.4 21 2.7 10 350 M M 9 1 13 350
8 12 -12 0 -6 65 0 T T 22 2.1 9 190 M M 6 12 200
9 11 4 8 1 57 0 T T 22 4.4 12 350 M M 9 1 15 360
10 8 -1 4 -3 61 0 T 0.1 21 8.1 20 350 M M 9 1 24 360
11 6 -5 1 -7 64 0 T T 21 6.5 12 350 M M 7 15 360
12 7 -12 -2 -10 67 0 0.00 0.0 21 4.8 12 190 M M 6 15 200
13 5 -17 -6 -14 71 0 T T 21 1.6 6 30 M M 6 1 7 230
14 11 -2 5 -4 60 0 0.08 1.1 21 3.0 8 190 M M 9 1 11 190
15 15 -10 3 -6 62 0 0.01 0.1 22 3.6 13 360 M M 6 1 18 360
16 15 -2 7 -3 58 0 0.03 0.5 22 6.3 15 360 M M 9 1 18 10
17 20 9 15 5 50 0 T 0.1 23 3.8 9 200 M M 9 1 11 200
18 17 -2 8 -3 57 0 0.00 0.0 23 2.1 7 30 M M 8 10 220
19 38 -2 18 7 47 0 0.00 0.0 22 2.7 9 40 M M 5 13 50
20 34 6 20 8 45 0 0.00 0.0 22 2.4 8 190 M M 4 10 200
21 45 9 27 14 38 0 0.00 0.0 21 1.4 9 30 M M 6 10 20
22 50 11 31 18 34 0 0.00 0.0 21 1.3 9 40 M M 6 11 220
23 48 12 30 16 35 0 0.00 0.0 21 2.1 7 50 M M 5 9 30
24 51 23 37 22 28 0 0.00 0.0 20 2.4 7 40 M M 7 8 280
25 46 18 32 16 33 0 0.00 0.0 20 0.6 4 180 M M 7 M M
26 49 18 34 18 31 0 0.00 0.0 19 1.4 8 240 M M 8 9 240
27 39 23 31 14 34 0 0.01 T 19 3.4 10 170 M M 8 1 13 170
================================================================================
SM 623 -10 1441 0 0.15 2.7 81.1 M 182
================================================================================
AV 23.1 -0.4 3.0 FASTST M M 7 MAX(MPH)
MISC ----> 20 350 24 360
================================================================================
NOTES:
# LAST OF SEVERAL OCCURRENCES
COLUMN 17 PEAK WIND IN M.P.H.
PRELIMINARY LOCAL CLIMATOLOGICAL DATA (WS FORM: F-6) , PAGE 2
STATION: FAIRBANKS AK
MONTH: MARCH
YEAR: 2024
LATITUDE: 64 49 N
LONGITUDE: 147 52 W
[TEMPERATURE DATA] [PRECIPITATION DATA] SYMBOLS USED IN COLUMN 16
AVERAGE MONTHLY: 11.4 TOTAL FOR MONTH: 0.15 1 = FOG OR MIST
DPTR FM NORMAL: 1.8 DPTR FM NORMAL: -0.20 2 = FOG REDUCING VISIBILITY
HIGHEST: 51 ON 24 GRTST 24HR 0.08 ON 14-14 TO 1/4 MILE OR LESS
LOWEST: -36 ON 2, 1 3 = THUNDER
SNOW, ICE PELLETS, HAIL 4 = ICE PELLETS
TOTAL MONTH: 2.7 INCHES 5 = HAIL
GRTST 24HR 1.1 ON 14-14 6 = FREEZING RAIN OR DRIZZLE
GRTST DEPTH: 23 ON 18,17 7 = DUSTSTORM OR SANDSTORM:
VSBY 1/2 MILE OR LESS
8 = SMOKE OR HAZE
[NO. OF DAYS WITH] [WEATHER - DAYS WITH] 9 = BLOWING SNOW
X = TORNADO
MAX 32 OR BELOW: 18 0.01 INCH OR MORE: 5
MAX 90 OR ABOVE: 0 0.10 INCH OR MORE: 0
MIN 32 OR BELOW: 27 0.50 INCH OR MORE: 0
MIN 0 OR BELOW: 13 1.00 INCH OR MORE: 0
[HDD (BASE 65) ]
TOTAL THIS MO. 1441 CLEAR (SCALE 0-3) 2
DPTR FM NORMAL -60 PTCLDY (SCALE 4-7) 17
TOTAL FM JUL 1 11237 CLOUDY (SCALE 8-10) 8
DPTR FM NORMAL -459
[CDD (BASE 65) ]
TOTAL THIS MO. 0
DPTR FM NORMAL 0 [PRESSURE DATA]
TOTAL FM JAN 1 0 HIGHEST SLP M ON M
DPTR FM NORMAL 0 LOWEST SLP 29.26 ON 24
[REMARKS]