000
CXUS56 KHNX 042207
CF6FAT
PRELIMINARY LOCAL CLIMATOLOGICAL DATA (WS FORM: F-6)
STATION: FRESNO CA
MONTH: DECEMBER
YEAR: 2023
LATITUDE: 36 46 N
LONGITUDE: 119 43 W
TEMPERATURE IN F: :PCPN: SNOW: WIND :SUNSHINE: SKY :PK WND
================================================================================
1 2 3 4 5 6A 6B 7 8 9 10 11 12 13 14 15 16 17 18
12Z AVG MX 2MIN
DY MAX MIN AVG DEP HDD CDD WTR SNW DPTH SPD SPD DIR MIN PSBL S-S WX SPD DR
================================================================================
1 61 42 52 2 13 0 0.00 0.0 0 6.5 13 280 M M 4 18 17 290
2 61 37 49 -1 16 0 0.00 0.0 0 2.5 10 140 M M 5 18 13 130
3 58 40 49 0 16 0 0.00 0.0 0 1.8 8 140 M M 7 8 11 140
4 65 46 56 7 9 0 0.00 0.0 0 1.5 8 300 M M 7 12 280
5 68 41 55 6 10 0 0.00 0.0 0 0.9 6 90 M M 3 9 210
6 77 43 60 11 5 0 T 0.0 0 7.0 22 310 M M 6 8 27 320
7 65 47 56 8 9 0 0.00 0.0 0 10.1 21 300 M M 5 26 320
8 51 40 46 -2 19 0 0.00 0.0 0 5.0 16 320 M M 5 18 20 320
9 59 35 47 -1 18 0 0.00 0.0 0 0.5 6 240 M M 5 18 11 220
10 61 36 49 1 16 0 0.00 0.0 0 1.4 7 290 M M 5 18 9 310
11 61 38 50 2 15 0 0.00 0.0 0 1.4 8 310 M M 4 8 9 310
12 62 37 50 2 15 0 0.00 0.0 0 1.5 7 130 M M 1 8 10 140
13 63 37 50 2 15 0 0.00 0.0 0 1.4 6 320 M M 1 8 11 100
14 65 37 51 4 14 0 0.00 0.0 0 0.9 6 320 M M 4 8 8 320
15 68 37 53 6 12 0 0.00 0.0 0 0.9 7 310 M M 7 8 8 290
16 69 37 53 6 12 0 0.00 0.0 0 2.4 8 50 M M 5 8 11 210
17 67 42 55 8 10 0 0.00 0.0 0 1.9 9 300 M M 8 8 12 310
18 67 50 59 12 6 0 T 0.0 0 5.6 15 80 M M 9 18 18 80
19 67 55 61 14 4 0 0.05 0.0 0 8.5 20 130 M M 8 1 24 130
20 68 54 61 14 4 0 0.39 0.0 0 5.0 13 340 M M 9 1 16 340
21 58 51 55 8 10 0 0.08 0.0 0 5.1 13 240 M M 10 1 17 40
22 56 47 52 5 13 0 0.00 0.0 0 2.9 9 110 M M 8 18 12 110
23 59 47 53 6 12 0 0.00 0.0 0 1.9 6 300 M M 8 18 11 220
24 60 43 52 5 13 0 0.00 0.0 0 1.9 8 290 M M 8 18 12 280
25 61 47 54 7 11 0 0.00 0.0 0 2.0 9 270 M M 8 18 12 270
26 63 45 54 7 11 0 0.00 0.0 0 2.1 7 90 M M 8 18 9 230
27 64 46 55 8 10 0 0.00 0.0 0 5.1 16 100 M M 8 18 21 90
28 67 47 57 10 8 0 0.00 0.0 0 2.7 9 80 M M 6 18 12 90
29 69 48 59 12 6 0 0.00 0.0 0 4.6 12 180 M M 7 15 170
30 56 46 51 4 14 0 0.16 0.0 0 3.3 15 300 M M 9 1 20 270
31 58 45 52 5 13 0 0.00 0.0 0 3.4 10 260 M M 8 1 15 260
================================================================================
SM 1954 1343 359 0 0.68 0.0 101.7 M 196
================================================================================
AV 63.0 43.3 3.3 FASTST M M 6 MAX(MPH)
MISC ----> 22 310 27 320
================================================================================
NOTES:
# LAST OF SEVERAL OCCURRENCES
COLUMN 17 PEAK WIND IN M.P.H.
PRELIMINARY LOCAL CLIMATOLOGICAL DATA (WS FORM: F-6) , PAGE 2
STATION: FRESNO CA
MONTH: DECEMBER
YEAR: 2023
LATITUDE: 36 46 N
LONGITUDE: 119 43 W
[TEMPERATURE DATA] [PRECIPITATION DATA] SYMBOLS USED IN COLUMN 16
AVERAGE MONTHLY: 53.2 TOTAL FOR MONTH: 0.68 1 = FOG OR MIST
DPTR FM NORMAL: 5.7 DPTR FM NORMAL: -1.11 2 = FOG REDUCING VISIBILITY
HIGHEST: 77 ON 6 GRTST 24HR 0.45 ON 20-21 TO 1/4 MILE OR LESS
LOWEST: 35 ON 9 3 = THUNDER
SNOW, ICE PELLETS, HAIL 4 = ICE PELLETS
TOTAL MONTH: 0.0 INCH 5 = HAIL
GRTST 24HR 0.0 6 = FREEZING RAIN OR DRIZZLE
GRTST DEPTH: 0 7 = DUSTSTORM OR SANDSTORM:
VSBY 1/2 MILE OR LESS
8 = SMOKE OR HAZE
[NO. OF DAYS WITH] [WEATHER - DAYS WITH] 9 = BLOWING SNOW
X = TORNADO
MAX 32 OR BELOW: 0 0.01 INCH OR MORE: 4
MAX 90 OR ABOVE: 0 0.10 INCH OR MORE: 2
MIN 32 OR BELOW: 0 0.50 INCH OR MORE: 0
MIN 0 OR BELOW: 0 1.00 INCH OR MORE: 0
[HDD (BASE 65) ]
TOTAL THIS MO. 359 CLEAR (SCALE 0-3) 3
DPTR FM NORMAL -182 PTCLDY (SCALE 4-7) 22
TOTAL FM JUL 1 605 CLOUDY (SCALE 8-10) 6
DPTR FM NORMAL -289
[CDD (BASE 65) ]
TOTAL THIS MO. 0
DPTR FM NORMAL 0 [PRESSURE DATA]
TOTAL FM JAN 1 2413 HIGHEST SLP 30.39 ON 9
DPTR FM NORMAL 205 LOWEST SLP 29.75 ON 20
[REMARKS]
#FINAL-12-23#