000
CXUS54 KOUN 010910
CF6FDR
PRELIMINARY LOCAL CLIMATOLOGICAL DATA (WS FORM: F-6)
STATION: FREDERICK MUNICIPAL
MONTH: JANUARY
YEAR: 2022
LATITUDE: 34 21 N
LONGITUDE: 98 59 W
TEMPERATURE IN F: :PCPN: SNOW: WIND :SUNSHINE: SKY :PK WND
================================================================================
1 2 3 4 5 6A 6B 7 8 9 10 11 12 13 14 15 16 17 18
12Z AVG MX 2MIN
DY MAX MIN AVG DEP HDD CDD WTR SNW DPTH SPD SPD DIR MIN PSBL S-S WX SPD DR
================================================================================
1 57 16 37 -4 28 0 T M 0 18.9 32 350 M M 10 1 38 300
2 37 15 26 -15 39 0 0.00 0.0 M 9.6 25 330 M M 0 30 340
3 56 21 39 -2 26 0 0.00 0.0 0 6.3 16 200 M M 0 20 200
4 67 30 49 8 16 0 0.00 0.0 0 13.3 26 210 M M 0 31 200
5 51 32 42 1 23 0 0.00 0.0 0 12.0 21 20 M M 0 26 20
6 32 18 25 -16 40 0 0.00 0.0 0 17.3 32 10 M M 0 40 10
7 43 14 29 -12 36 0 0.00 0.0 0 9.8 18 160 M M 0 23 170
8 76 30 53 12 12 0 0.00 0.0 0 12.1 24 220 M M 4 29 220
9 48 28 38 -3 27 0 0.00 0.0 0 21.6 35 10 M M 3 42 360
10 55 20 38 -3 27 0 0.00 0.0 0 6.6 12 160 M M 0 14 230
11 62 25 44 3 21 0 0.00 0.0 0 10.6 23 210 M M 0 27 210
12 64 29 47 6 18 0 0.00 0.0 0 6.6 13 240 M M 0 15 240
13 75 36 56 14 9 0 0.00 0.0 0 8.3 14 330 M M 0 17 320
14 70 39 55 13 10 0 0.00 0.0 0 16.5 49 360 M M 0 8 63 360
15 42 28 35 -7 30 0 0.00 0.0 0 25.5 41 330 M M 4 51 330
16 55 16 36 -6 29 0 0.00 0.0 0 5.8 13 330 M M 0 16 210
17 64 25 45 3 20 0 0.00 0.0 0 8.2 20 180 M M 0 23 170
18 74 31 53 11 12 0 0.00 0.0 0 10.3 23 250 M M 0 28 270
19 45 24 35 -7 30 0 T 0.0 0 20.4 38 20 M M 5 45 20
20 29 15 22 -20 43 0 0.00 0.0 0 16.4 29 10 M M 8 8 35 10
21 40 11 26 -16 39 0 0.00 0.0 0 8.1 13 140 M M 0 16 130
22 51 20 36 -6 29 0 0.00 0.0 0 6.9 12 210 M M 0 16 10
23 62 24 43 1 22 0 0.00 0.0 0 6.1 15 310 M M 0 8 20 350
24 66 28 47 5 18 0 0.00 0.0 0 6.7 14 10 M M 0 17 20
25 53 27 40 -2 25 0 0.00 M M 15.3 23 80 M M 0 28 60
26 34 22 28 -14 37 0 0.17 M M 4.8 10 60 M M 9 12 13 20
27 39 16 28 -14 37 0 0.00 M M 6.0 14 360 M M 5 128 16 360
28 54 27 41 -2 24 0 0.00 M M 9.6 17 320 M M 0 24 320
29 69 24 47 4 18 0 0.00 M M 9.2 21 220 M M 0 24 220
30 66 27 47 4 18 0 0.00 M M 7.8 14 270 M M 0 15 110
31 72 36 54 11 11 0 0.00 0.0 M 10.3 22 170 M M 1 29 170
================================================================================
SM 1708 754 774 0 0.17 0.0 346.9 M 49
================================================================================
AV 55.1 24.3 11.2 FASTST M M 2 MAX(MPH)
MISC ----> 49 360 63 360
================================================================================
NOTES:
# LAST OF SEVERAL OCCURRENCES
COLUMN 17 PEAK WIND IN M.P.H.
PRELIMINARY LOCAL CLIMATOLOGICAL DATA (WS FORM: F-6) , PAGE 2
STATION: FREDERICK MUNICIPAL
MONTH: JANUARY
YEAR: 2022
LATITUDE: 34 21 N
LONGITUDE: 98 59 W
[TEMPERATURE DATA] [PRECIPITATION DATA] SYMBOLS USED IN COLUMN 16
AVERAGE MONTHLY: 39.7 TOTAL FOR MONTH: 0.17 1 = FOG OR MIST
DPTR FM NORMAL: -2.0 DPTR FM NORMAL: M 2 = FOG REDUCING VISIBILITY
HIGHEST: 76 ON 8 GRTST 24HR 0.20 ON 31- 1 TO 1/4 MILE OR LESS
LOWEST: 11 ON 21 3 = THUNDER
SNOW, ICE PELLETS, HAIL 4 = ICE PELLETS
TOTAL MONTH: 0.0 INCH 5 = HAIL
GRTST 24HR 0.0 6 = FREEZING RAIN OR DRIZZLE
GRTST DEPTH: 0 7 = DUSTSTORM OR SANDSTORM:
VSBY 1/2 MILE OR LESS
8 = SMOKE OR HAZE
[NO. OF DAYS WITH] [WEATHER - DAYS WITH] 9 = BLOWING SNOW
X = TORNADO
MAX 32 OR BELOW: 2 0.01 INCH OR MORE: 1
MAX 90 OR ABOVE: 0 0.10 INCH OR MORE: 1
MIN 32 OR BELOW: 28 0.50 INCH OR MORE: 0
MIN 0 OR BELOW: 0 1.00 INCH OR MORE: 0
[HDD (BASE 65) ]
TOTAL THIS MO. 774 CLEAR (SCALE 0-3) 23
DPTR FM NORMAL 53 PTCLDY (SCALE 4-7) 6
TOTAL FM JUL 1 1443 CLOUDY (SCALE 8-10) 2
DPTR FM NORMAL -471
[CDD (BASE 65) ]
TOTAL THIS MO. 0
DPTR FM NORMAL 0 [PRESSURE DATA]
TOTAL FM JAN 1 0 HIGHEST SLP 30.72 ON 10
DPTR FM NORMAL 0 LOWEST SLP 29.45 ON 1
[REMARKS]
#FINAL-01-22#