000
CXUS54 KOUN 010910
CF6FDR
PRELIMINARY LOCAL CLIMATOLOGICAL DATA (WS FORM: F-6)
STATION: FREDERICK MUNICIPAL
MONTH: DECEMBER
YEAR: 2020
LATITUDE: 34 21 N
LONGITUDE: 98 59 W
TEMPERATURE IN F: :PCPN: SNOW: WIND :SUNSHINE: SKY :PK WND
================================================================================
1 2 3 4 5 6A 6B 7 8 9 10 11 12 13 14 15 16 17 18
12Z AVG MX 2MIN
DY MAX MIN AVG DEP HDD CDD WTR SNW DPTH SPD SPD DIR MIN PSBL S-S WX SPD DR
================================================================================
1 64 25 45 -1 20 0 0.00 M M 11.0 22 160 M M 0 27 170
2 43 36 40 -6 25 0 T M M 15.5 24 340 M M 7 29 360
3 42 27 35 -10 30 0 T M M 14.8 28 350 M M 8 1 33 350
4 59 24 42 -3 23 0 0.00 M M 7.3 12 310 M M 0 15 300
5 60 30 45 1 20 0 0.00 M M 8.3 15 350 M M 0 18 360
6 63 35 49 5 16 0 0.00 M M 8.9 15 350 M M 0 22 350
7 68 32 50 6 15 0 0.00 0.0 M 7.4 14 270 M M 0 21 280
8 70 34 52 8 13 0 0.00 0.0 M 7.4 15 310 M M 0 17 320
9 73 32 53 10 12 0 0.00 0.0 M 7.4 13 200 M M 0 16 270
10 75 34 55 12 10 0 0.00 M M 8.3 16 200 M M 1 22 170
11 57 38 48 5 17 0 0.06 M M 10.0 20 340 M M 3 24 350
12 50 29 40 -3 25 0 0.00 M M 7.4 17 360 M M 0 21 360
13 40 26 33 -9 32 0 0.21 M M 15.0 29 350 M M 7 13 35 340
14 45 23 34 -8 31 0 M M M 7.1 16 120 M M 0 20 120
15 38 32 35 -7 30 0 0.07 M M 10.6 20 110 M M 7 1 25 110
16 48 28 38 -4 27 0 0.00 M M 6.5 16 350 M M 3 1 19 340
17 58 25 42 0 23 0 0.00 0.0 M 8.0 13 160 M M 0 16 160
18 61 38 50 9 15 0 0.00 M M 11.0 22 190 M M 0 27 200
19 56 36 46 5 19 0 0.00 M M 9.7 18 350 M M 0 23 350
20 62 32 47 6 18 0 0.00 M M 8.0 17 310 M M 0 21 320
21 66 31 49 8 16 0 0.00 M M 6.8 13 20 M M 0 15 220
22 73 33 53 12 12 0 0.00 M M 14.0 28 180 M M 0 36 180
23 59 28 44 3 21 0 0.00 0.0 M 21.3 37 340 M M 1 45 350
24 57 21 39 -2 26 0 0.00 M M 13.3 32 310 M M 0 40 310
25 64 27 46 5 19 0 0.00 M M 6.7 12 200 M M 0 14 210
26 69 30 50 9 15 0 0.00 0.0 M 10.7 24 210 M M 0 31 190
27 70 38 54 14 11 0 0.00 M M 12.2 24 340 M M 0 28 350
28 54 40 47 7 18 0 T M M 14.0 23 80 M M 3 28 90
29 64 50 57 17 8 0 T M M 17.0 30 150 M M 8 3 41 150
30 51 35 43 3 22 0 0.89 M M 17.5 33 10 M M 7 13 41 10
31 37 32 35 -5 30 0 0.18 M M 15.0 26 10 M M 5 37 10
================================================================================
SM 1796 981 619 0 1.41 0.0 338.1 M 60
================================================================================
AV 57.9 31.6 10.9 FASTST M M 2 MAX(MPH)
MISC ----> 37 340 45 350
================================================================================
NOTES:
# LAST OF SEVERAL OCCURRENCES
COLUMN 17 PEAK WIND IN M.P.H.
PRELIMINARY LOCAL CLIMATOLOGICAL DATA (WS FORM: F-6) , PAGE 2
STATION: FREDERICK MUNICIPAL
MONTH: DECEMBER
YEAR: 2020
LATITUDE: 34 21 N
LONGITUDE: 98 59 W
[TEMPERATURE DATA] [PRECIPITATION DATA] SYMBOLS USED IN COLUMN 16
AVERAGE MONTHLY: 44.8 TOTAL FOR MONTH: 1.41 1 = FOG OR MIST
DPTR FM NORMAL: 2.6 DPTR FM NORMAL: -0.13 2 = FOG REDUCING VISIBILITY
HIGHEST: 75 ON 10 GRTST 24HR 0.89 ON 30-30 TO 1/4 MILE OR LESS
LOWEST: 21 ON 24 3 = THUNDER
SNOW, ICE PELLETS, HAIL 4 = ICE PELLETS
TOTAL MONTH: 0.0 INCH 5 = HAIL
GRTST 24HR 0.0 6 = FREEZING RAIN OR DRIZZLE
GRTST DEPTH: M ON M 7 = DUSTSTORM OR SANDSTORM:
VSBY 1/2 MILE OR LESS
8 = SMOKE OR HAZE
[NO. OF DAYS WITH] [WEATHER - DAYS WITH] 9 = BLOWING SNOW
X = TORNADO
MAX 32 OR BELOW: 0 0.01 INCH OR MORE: 5
MAX 90 OR ABOVE: 0 0.10 INCH OR MORE: 3
MIN 32 OR BELOW: 19 0.50 INCH OR MORE: 1
MIN 0 OR BELOW: 0 1.00 INCH OR MORE: 0
[HDD (BASE 65) ]
TOTAL THIS MO. 619 CLEAR (SCALE 0-3) 23
DPTR FM NORMAL -86 PTCLDY (SCALE 4-7) 7
TOTAL FM JUL 1 1006 CLOUDY (SCALE 8-10) 1
DPTR FM NORMAL -214
[CDD (BASE 65) ]
TOTAL THIS MO. 0
DPTR FM NORMAL 0 [PRESSURE DATA]
TOTAL FM JAN 1 2478 HIGHEST SLP M ON M
DPTR FM NORMAL 79 LOWEST SLP 29.65 ON 23
[REMARKS]
#FINAL-12-20#