000
CXUS52 KFFC 011010
CF6FFC
PRELIMINARY LOCAL CLIMATOLOGICAL DATA (WS FORM: F-6)
STATION: PEACHTREE CITY
MONTH: APRIL
YEAR: 2022
LATITUDE: 33 20 N
LONGITUDE: 84 34 W
TEMPERATURE IN F: :PCPN: SNOW: WIND :SUNSHINE: SKY :PK WND
================================================================================
1 2 3 4 5 6A 6B 7 8 9 10 11 12 13 14 15 16 17 18
12Z AVG MX 2MIN
DY MAX MIN AVG DEP HDD CDD WTR SNW DPTH SPD SPD DIR MIN PSBL S-S WX SPD DR
================================================================================
1 71 43 57 -2 8 0 0.00 M M 4.4 17 320 M M 0 23 330
2 66 38 52 -7 13 0 0.00 M M 1.7 9 300 M M 1 13 300
3 73 42 58 -1 7 0 0.00 M M 5.1 17 330 M M 0 24 300
4 79 37 58 -2 7 0 0.00 M M 1.3 10 280 M M 0 19 290
5 67 46 57 -3 8 0 2.48 M M 3.8 18 140 M M 5 123 25 150
6 76 62 69 9 0 4 1.38 M M 3.0 13 130 M M 9 123 19 320
7 70 51 61 1 4 0 0.01 M M 10.0 20 250 M M 4 13 34 300
8 62 45 54 -7 11 0 0.00 M M 8.9 23 320 M M 5 33 240
9 59 39 49 -12 16 0 0.00 M M 7.3 22 310 M M 6 32 320
10 76 33 55 -6 10 0 0.00 M M 2.0 13 320 M M 0 16 230
11 72 43 58 -3 7 0 0.00 M M 1.6 10 300 M M 1 15 280
12 M 50 M M M M 0.00 M M 2.5 21 290 M M 4 M M
13 78 60 69 7 0 4 T M M 4.0 15 150 M M 1 8 25 170
14 80 54 67 5 0 2 T M M 7.2 23 300 M M 3 33 300
15 79 40 60 -2 5 0 0.00 M M 4.0 16 130 M M 0 28 130
16 76 60 68 6 0 3 0.98 M M 3.3 13 320 M M 5 13 19 250
17 78 58 68 5 0 3 0.03 M M 1.3 10 310 M M 5 12 16 310
18 74 50 62 -1 3 0 0.04 M M 8.5 23 310 M M 6 1 34 310
19 67 39 53 -10 12 0 0.00 M M 6.9 20 330 M M 0 29 340
20 74 37 56 -7 9 0 0.00 M M 5.7 17 130 M M 0 26 130
21 77 53 65 1 0 0 0.00 M M 5.5 15 130 M M 1 22 120
22 82 50 66 2 0 1 0.00 M M 1.4 10 130 M M 0 17 120
23 82 53 68 4 0 3 0.00 M M 4.5 16 140 M M 1 1 23 150
24 81 58 70 6 0 5 0.00 M M 3.4 13 130 M M 2 16 130
25 86 55 71 6 0 6 0.00 M M 1.5 10 160 M M 1 1 17 280
26 73 56 65 0 0 0 0.03 M M 6.0 22 320 M M 4 1 30 320
27 79 47 63 -2 2 0 0.00 M M 4.6 13 330 M M 0 20 320
28 79 44 62 -4 3 0 0.00 M M 2.6 13 130 M M 0 22 130
29 82 48 65 -1 0 0 0.00 M M 2.3 13 120 M M 1 20 130
30 82 54 68 2 0 3 0.00 M M 3.7 13 130 M M 3 18 140
================================================================================
SM 2180 1445 125 34 4.95 M 128.0 M 68
================================================================================
AV 75.2 48.2 4.3 FASTST M M 2 MAX(MPH)
MISC ----> # 23 320 # 34 300
================================================================================
NOTES:
# LAST OF SEVERAL OCCURRENCES
COLUMN 17 PEAK WIND IN M.P.H.
PRELIMINARY LOCAL CLIMATOLOGICAL DATA (WS FORM: F-6) , PAGE 2
STATION: PEACHTREE CITY
MONTH: APRIL
YEAR: 2022
LATITUDE: 33 20 N
LONGITUDE: 84 34 W
[TEMPERATURE DATA] [PRECIPITATION DATA] SYMBOLS USED IN COLUMN 16
AVERAGE MONTHLY: 61.7 TOTAL FOR MONTH: 4.95 1 = FOG OR MIST
DPTR FM NORMAL: -0.7 DPTR FM NORMAL: 1.18 2 = FOG REDUCING VISIBILITY
HIGHEST: 86 ON 25 GRTST 24HR 2.48 ON 5- 5 TO 1/4 MILE OR LESS
LOWEST: 33 ON 10 3 = THUNDER
SNOW, ICE PELLETS, HAIL 4 = ICE PELLETS
TOTAL MONTH: M 5 = HAIL
GRTST 24HR M ON M 6 = FREEZING RAIN OR DRIZZLE
GRTST DEPTH: M ON M 7 = DUSTSTORM OR SANDSTORM:
VSBY 1/2 MILE OR LESS
8 = SMOKE OR HAZE
[NO. OF DAYS WITH] [WEATHER - DAYS WITH] 9 = BLOWING SNOW
X = TORNADO
MAX 32 OR BELOW: 0 0.01 INCH OR MORE: 7
MAX 90 OR ABOVE: 0 0.10 INCH OR MORE: 3
MIN 32 OR BELOW: 0 0.50 INCH OR MORE: 3
MIN 0 OR BELOW: 0 1.00 INCH OR MORE: 2
[HDD (BASE 65) ]
TOTAL THIS MO. 125 CLEAR (SCALE 0-3) 20
DPTR FM NORMAL -4 PTCLDY (SCALE 4-7) 9
TOTAL FM JUL 1 2176 CLOUDY (SCALE 8-10) 1
DPTR FM NORMAL -384
[CDD (BASE 65) ]
TOTAL THIS MO. 34
DPTR FM NORMAL -17 [PRESSURE DATA]
TOTAL FM JAN 1 58 HIGHEST SLP 30.44 ON 22
DPTR FM NORMAL -9 LOWEST SLP 29.63 ON 5
[REMARKS]
#FINAL-04-22#