000
CXUS54 KLZK 011130
CF6FLP
PRELIMINARY LOCAL CLIMATOLOGICAL DATA (WS FORM: F-6)
STATION: FLIPPIN
MONTH: APRIL
YEAR: 2022
LATITUDE: 36 17 N
LONGITUDE: 92 28 W
TEMPERATURE IN F: :PCPN: SNOW: WIND :SUNSHINE: SKY :PK WND
================================================================================
1 2 3 4 5 6A 6B 7 8 9 10 11 12 13 14 15 16 17 18
12Z AVG MX 2MIN
DY MAX MIN AVG DEP HDD CDD WTR SNW DPTH SPD SPD DIR MIN PSBL S-S WX SPD DR
================================================================================
1 63 26 45 M 20 0 T M M 2.7 8 100 M M 0 M M
2 69 44 57 M 8 0 0.18 M M 4.7 14 300 M M 5 1 22 280
3 73 36 55 M 10 0 T M M 4.4 10 120 M M 1 16 160
4 58 49 54 M 11 0 0.26 M M 2.3 14 350 M M 8 1 M M
5 76 51 64 M 1 0 T M M 5.3 10 330 M M 4 17 240
6 67 51 59 M 6 0 0.24 M M 11.5 22 350 M M 6 32 340
7 57 41 49 M 16 0 0.01 M M 14.0 25 290 M M 3 40 280
8 45 33 39 M 26 0 0.02 M M 10.7 20 310 M M 9 36 300
9 69 27 48 M 17 0 0.00 M M 3.7 10 280 M M 0 17 300
10 80 42 61 M 4 0 0.00 M M 8.5 18 170 M M 1 31 190
11 69 57 63 M 2 0 0.43 M M 4.2 10 150 M M 9 13 17 150
12 78 59 69 M 0 4 0.00 M M 9.0 16 190 M M 9 12 25 190
13 72 40 56 M 9 0 1.22 M M 9.2 22 280 M M 7 13 38 200
14 68 31 50 M 15 0 0.00 M M 3.3 10 260 M M 0 1 16 260
15 80 43 62 M 3 0 T M M 6.4 14 120 M M 6 3 18 120
16 61 48 55 M 10 0 T M M 7.0 14 30 M M 9 17 10
17 56 44 50 M 15 0 0.23 M M 6.3 14 110 M M 10 1 17 110
18 61 43 52 M 13 0 0.00 M M 8.2 15 320 M M 4 21 310
19 67 31 49 M 16 0 0.00 M M 4.4 10 110 M M 0 17 140
20 63 49 56 M 9 0 0.60 M M 6.5 13 170 M M 10 13 32 190
21 75 60 68 M 0 3 0.01 M M 4.2 8 120 M M 9 1 M M
22 83 61 72 M 0 7 0.00 M M 6.7 14 170 M M 2 1 24 180
23 81 69 75 M 0 10 0.00 M M 10.5 17 170 M M 1 8 30 150
24 76 61 69 M 0 4 0.61 M M 5.4 12 160 M M 5 13 17 220
25 64 50 57 M 8 0 0.65 M M 6.6 16 340 M M 4 1 20 340
26 67 43 55 M 10 0 0.00 M M 3.1 8 30 M M 0 M M
27 75 38 57 M 8 0 0.00 M M 3.3 8 160 M M 0 8 M M
28 72 52 62 M 3 0 0.04 M M 2.2 15 270 M M 9 M M
29 83 62 73 M 0 8 0.01 M M 7.5 14 170 M M 5 24 190
30 83 57 70 M 0 5 0.03 M M 9.3 21 250 M M 3 3 25 250
================================================================================
SM 2091 1398 240 41 4.54 M 191.3 M 139
================================================================================
AV 69.7 46.6 6.4 FASTST M M 5 MAX(MPH)
MISC ----> 25 290 40 280
================================================================================
NOTES:
# LAST OF SEVERAL OCCURRENCES
COLUMN 17 PEAK WIND IN M.P.H.
PRELIMINARY LOCAL CLIMATOLOGICAL DATA (WS FORM: F-6) , PAGE 2
STATION: FLIPPIN
MONTH: APRIL
YEAR: 2022
LATITUDE: 36 17 N
LONGITUDE: 92 28 W
[TEMPERATURE DATA] [PRECIPITATION DATA] SYMBOLS USED IN COLUMN 16
AVERAGE MONTHLY: 58.2 TOTAL FOR MONTH: 4.54 1 = FOG OR MIST
DPTR FM NORMAL: 0.0 DPTR FM NORMAL: M 2 = FOG REDUCING VISIBILITY
HIGHEST: 83 ON 30,29 GRTST 24HR 1.26 ON 24-25 TO 1/4 MILE OR LESS
LOWEST: 26 ON 1 3 = THUNDER
SNOW, ICE PELLETS, HAIL 4 = ICE PELLETS
TOTAL MONTH: M 5 = HAIL
GRTST 24HR M ON M 6 = FREEZING RAIN OR DRIZZLE
GRTST DEPTH: M ON M 7 = DUSTSTORM OR SANDSTORM:
VSBY 1/2 MILE OR LESS
8 = SMOKE OR HAZE
[NO. OF DAYS WITH] [WEATHER - DAYS WITH] 9 = BLOWING SNOW
X = TORNADO
MAX 32 OR BELOW: 0 0.01 INCH OR MORE: 15
MAX 90 OR ABOVE: 0 0.10 INCH OR MORE: 9
MIN 32 OR BELOW: 4 0.50 INCH OR MORE: 4
MIN 0 OR BELOW: 0 1.00 INCH OR MORE: 1
[HDD (BASE 65) ]
TOTAL THIS MO. 240 CLEAR (SCALE 0-3) 11
DPTR FM NORMAL M PTCLDY (SCALE 4-7) 11
TOTAL FM JUL 1 3424 CLOUDY (SCALE 8-10) 8
DPTR FM NORMAL M
[CDD (BASE 65) ]
TOTAL THIS MO. 41
DPTR FM NORMAL M [PRESSURE DATA]
TOTAL FM JAN 1 41 HIGHEST SLP 30.45 ON 26
DPTR FM NORMAL M LOWEST SLP 29.45 ON 5
[REMARKS]
#FINAL-04-22#