000
CXUS54 KLZK 111700
CF6FLP
PRELIMINARY LOCAL CLIMATOLOGICAL DATA (WS FORM: F-6)
STATION: FLIPPIN
MONTH: FEBRUARY
YEAR: 2021
LATITUDE: 36 17 N
LONGITUDE: 92 28 W
TEMPERATURE IN F: :PCPN: SNOW: WIND :SUNSHINE: SKY :PK WND
================================================================================
1 2 3 4 5 6A 6B 7 8 9 10 11 12 13 14 15 16 17 18
12Z AVG MX 2MIN
DY MAX MIN AVG DEP HDD CDD WTR SNW DPTH SPD SPD DIR MIN PSBL S-S WX SPD DR
================================================================================
1 41 25 33 M 32 0 0.00 M M 8.8 16 320 M M 6 23 330
2 45 23 34 M 31 0 0.00 M M 0.8 5 99 M M 4 M M
3 57 21 39 M 26 0 0.00 M M 3.7 9 120 M M 0 1 M M
4 52 33 43 M 22 0 0.02 M M 9.5 24 310 M M 6 36 300
5 55 22 39 M 26 0 0.00 M M 4.6 15 280 M M 1 21 290
6 43 31 37 M 28 0 0.11 M M 3.9 9 360 M M 7 M M
7 30 25 28 M 37 0 0.00 M M 6.7 9 330 M M 10 M M
8 35 24 30 M 35 0 0.07 M M 3.9 7 120 M M 10 16 M M
9 35 28 32 M 33 0 T M M 5.9 8 330 M M 10 1 M M
10 29 20 25 M 40 0 0.01 M M 6.0 9 360 M M 10 1 M M
11 25 20 23 M 42 0 T M M 7.6 10 360 M M 10 M M
12 25 18 22 M 43 0 T M M 8.3 13 10 M M 10 20 360
13 23 11 17 M 48 0 T M M 9.4 13 10 M M 8 M M
14 14 7 11 M 54 0 T M M 9.7 13 10 M M 9 8 20 10
15 7 1 4 M 61 0 0.00 M M 10.2 17 360 M M 9 18 24 360
16 20 -7 7 M 58 0 T M M 3.9 9 130 M M 3 M M
17 21 12 17 M 48 0 0.02 M M 5.1 9 120 M M 10 1 M M
18 30 17 24 M 41 0 T M M 6.7 13 340 M M 4 17 330
19 37 2 20 M 45 0 0.03 M M 1.6 8 240 M M 0 M M
20 50 9 30 M 35 0 0.00 M M 2.5 7 150 M M 0 M M
21 47 30 39 M 26 0 0.00 M M 5.3 14 290 M M 6 20 160
22 61 30 46 M 19 0 0.00 M M 7.6 16 280 M M 0 24 280
23 75 31 53 M 12 0 0.00 M M 5.3 15 200 M M 0 23 200
24 69 43 56 M 9 0 0.00 M M 7.6 14 350 M M 1 20 350
25 55 33 44 M 21 0 0.00 M M 5.6 10 70 M M 2 M M
26 45 38 42 M 23 0 0.18 M M 3.7 7 70 M M 10 M M
27 52 36 44 M 21 0 0.42 M M 4.1 10 110 M M 9 13 M M
28 72 45 59 M 6 0 0.25 M M 4.9 14 300 M M 7 1 25 330
================================================================================
SM 1150 628 922 0 1.11 M 162.8 M 162
================================================================================
AV 41.1 22.4 5.8 FASTST M M 6 MAX(MPH)
MISC ----> 24 310 36 300
================================================================================
NOTES:
# LAST OF SEVERAL OCCURRENCES
COLUMN 17 PEAK WIND IN M.P.H.
PRELIMINARY LOCAL CLIMATOLOGICAL DATA (WS FORM: F-6) , PAGE 2
STATION: FLIPPIN
MONTH: FEBRUARY
YEAR: 2021
LATITUDE: 36 17 N
LONGITUDE: 92 28 W
[TEMPERATURE DATA] [PRECIPITATION DATA] SYMBOLS USED IN COLUMN 16
AVERAGE MONTHLY: 31.8 TOTAL FOR MONTH: 1.11 1 = FOG OR MIST
DPTR FM NORMAL: 0.0 DPTR FM NORMAL: 1.11 2 = FOG REDUCING VISIBILITY
HIGHEST: 75 ON 23 GRTST 24HR 0.65 ON 27-28 TO 1/4 MILE OR LESS
LOWEST: -7 ON 16 3 = THUNDER
SNOW, ICE PELLETS, HAIL 4 = ICE PELLETS
TOTAL MONTH: M 5 = HAIL
GRTST 24HR M ON M 6 = FREEZING RAIN OR DRIZZLE
GRTST DEPTH: M ON M 7 = DUSTSTORM OR SANDSTORM:
VSBY 1/2 MILE OR LESS
8 = SMOKE OR HAZE
[NO. OF DAYS WITH] [WEATHER - DAYS WITH] 9 = BLOWING SNOW
X = TORNADO
MAX 32 OR BELOW: 10 0.01 INCH OR MORE: 9
MAX 90 OR ABOVE: 0 0.10 INCH OR MORE: 4
MIN 32 OR BELOW: 22 0.50 INCH OR MORE: 0
MIN 0 OR BELOW: 1 1.00 INCH OR MORE: 0
[HDD (BASE 65) ]
TOTAL THIS MO. 922 CLEAR (SCALE 0-3) 9
DPTR FM NORMAL M PTCLDY (SCALE 4-7) 8
TOTAL FM JUL 1 3144 CLOUDY (SCALE 8-10) 11
DPTR FM NORMAL M
[CDD (BASE 65) ]
TOTAL THIS MO. 0
DPTR FM NORMAL M [PRESSURE DATA]
TOTAL FM JAN 1 0 HIGHEST SLP 30.52 ON 19
DPTR FM NORMAL M LOWEST SLP 29.56 ON 4
[REMARKS]
#FINAL-02-21#