000
CXUS52 KTBW 040230
CF6FMY
PRELIMINARY LOCAL CLIMATOLOGICAL DATA (WS FORM: F-6)
STATION: FORT MYERS
MONTH: FEBRUARY
YEAR: 2024
LATITUDE: 26 34 N
LONGITUDE: 81 52 W
TEMPERATURE IN F: :PCPN: SNOW: WIND :SUNSHINE: SKY :PK WND
================================================================================
1 2 3 4 5 6A 6B 7 8 9 10 11 12 13 14 15 16 17 18
12Z AVG MX 2MIN
DY MAX MIN AVG DEP HDD CDD WTR SNW DPTH SPD SPD DIR MIN PSBL S-S WX SPD DR
================================================================================
1 71 48 60 -6 5 0 0.00 0.0 0 5.2 12 300 M M 0 16 280
2 73 54 64 -2 1 0 0.00 0.0 0 5.7 12 260 M M 0 21 260
3 75 50 63 -3 2 0 0.00 0.0 0 2.7 10 240 M M 0 13 260
4 73 57 65 -1 0 0 0.32 0.0 0 8.8 21 130 M M 2 1 32 140
5 68 57 63 -3 2 0 0.55 0.0 0 7.5 15 260 M M 5 1 20 260
6 71 54 63 -3 2 0 0.00 0.0 0 12.5 21 340 M M 4 30 360
7 75 51 63 -3 2 0 0.00 0.0 0 10.2 17 20 M M 0 25 360
8 78 52 65 -1 0 0 0.00 0.0 0 6.5 14 100 M M 2 19 110
9 78 60 69 2 0 4 0.00 0.0 0 5.6 16 150 M M 5 1 22 130
10 81 61 71 4 0 6 0.00 0.0 0 5.7 14 150 M M 7 19 170
11 83 61 72 5 0 7 0.02 0.0 0 6.7 17 200 M M 3 1 25 210
12 80 68 74 7 0 9 T 0.0 0 12.4 26 250 M M 5 40 260
13 73 56 65 -2 0 0 T 0.0 0 11.7 20 310 M M 3 27 290
14 77 52 65 -2 0 0 0.00 0.0 0 7.7 17 30 M M 1 22 30
15 80 57 69 2 0 4 0.00 0.0 0 6.1 15 60 M M 2 21 130
16 80 60 70 2 0 5 0.00 0.0 0 3.4 12 200 M M 2 17 200
17 80 62 71 3 0 6 0.16 0.0 0 6.9 17 230 M M 7 1 25 230
18 62 58 60 -8 5 0 1.43 0.0 0 12.6 23 30 M M 8 1 30 30
19 70 54 62 -6 3 0 0.01 0.0 0 10.3 15 10 M M 3 1 21 10
20 70 49 60 -8 5 0 0.00 0.0 0 7.2 16 310 M M 0 21 320
21 72 49 61 -7 4 0 0.00 0.0 0 7.5 16 360 M M 0 22 350
22 76 47 62 -6 3 0 0.00 0.0 0 4.3 13 260 M M 0 20 240
23 76 53 65 -3 0 0 T 0.0 0 8.0 18 220 M M 0 32 240
24 75 58 67 -1 0 2 0.12 0.0 0 9.7 23 260 M M 0 1 34 250
25 77 50 64 -4 1 0 0.00 0.0 0 3.8 14 260 M M 0 17 260
26 77 51 64 -5 1 0 0.00 0.0 0 3.7 14 250 M M 0 20 240
27 79 55 67 -2 0 2 0.00 0.0 0 4.7 15 120 M M 0 22 130
28 82 59 71 2 0 6 0.00 0.0 0 6.2 16 170 M M 0 8 23 180
29 84 64 74 5 0 9 0.00 0.0 0 6.6 14 100 M M 5 20 110
================================================================================
SM 2196 1607 36 60 2.61 0.0 209.9 M 64
================================================================================
AV 75.7 55.4 7.2 FASTST M M 2 MAX(MPH)
MISC ----> 26 250 40 260
================================================================================
NOTES:
# LAST OF SEVERAL OCCURRENCES
COLUMN 17 PEAK WIND IN M.P.H.
PRELIMINARY LOCAL CLIMATOLOGICAL DATA (WS FORM: F-6) , PAGE 2
STATION: FORT MYERS
MONTH: FEBRUARY
YEAR: 2024
LATITUDE: 26 34 N
LONGITUDE: 81 52 W
[TEMPERATURE DATA] [PRECIPITATION DATA] SYMBOLS USED IN COLUMN 16
AVERAGE MONTHLY: 65.6 TOTAL FOR MONTH: 2.61 1 = FOG OR MIST
DPTR FM NORMAL: -1.7 DPTR FM NORMAL: 0.83 2 = FOG REDUCING VISIBILITY
HIGHEST: 84 ON 29 GRTST 24HR 1.59 ON 17-18 TO 1/4 MILE OR LESS
LOWEST: 47 ON 22 3 = THUNDER
SNOW, ICE PELLETS, HAIL 4 = ICE PELLETS
TOTAL MONTH: 0.0 INCH 5 = HAIL
GRTST 24HR 0.0 6 = FREEZING RAIN OR DRIZZLE
GRTST DEPTH: 0 7 = DUSTSTORM OR SANDSTORM:
VSBY 1/2 MILE OR LESS
8 = SMOKE OR HAZE
[NO. OF DAYS WITH] [WEATHER - DAYS WITH] 9 = BLOWING SNOW
X = TORNADO
MAX 32 OR BELOW: 0 0.01 INCH OR MORE: 7
MAX 90 OR ABOVE: 0 0.10 INCH OR MORE: 5
MIN 32 OR BELOW: 0 0.50 INCH OR MORE: 2
MIN 0 OR BELOW: 0 1.00 INCH OR MORE: 1
[HDD (BASE 65) ]
TOTAL THIS MO. 36 CLEAR (SCALE 0-3) 21
DPTR FM NORMAL -15 PTCLDY (SCALE 4-7) 8
TOTAL FM JUL 1 146 CLOUDY (SCALE 8-10) 0
DPTR FM NORMAL -84
[CDD (BASE 65) ]
TOTAL THIS MO. 60
DPTR FM NORMAL -56 [PRESSURE DATA]
TOTAL FM JAN 1 149 HIGHEST SLP 30.29 ON 21
DPTR FM NORMAL -54 LOWEST SLP 29.48 ON 5
[REMARKS]
#FINAL-02-24#