000
CXUS52 KTBW 071344
CF6FMY
PRELIMINARY LOCAL CLIMATOLOGICAL DATA (WS FORM: F-6)
STATION: FORT MYERS
MONTH: APRIL
YEAR: 2022
LATITUDE: 26 34 N
LONGITUDE: 81 52 W
TEMPERATURE IN F: :PCPN: SNOW: WIND :SUNSHINE: SKY :PK WND
================================================================================
1 2 3 4 5 6A 6B 7 8 9 10 11 12 13 14 15 16 17 18
12Z AVG MX 2MIN
DY MAX MIN AVG DEP HDD CDD WTR SNW DPTH SPD SPD DIR MIN PSBL S-S WX SPD DR
================================================================================
1 83 74 79 7 0 14 0.00 0.0 0 7.2 15 200 M M 5 1 22 220
2 90 68 79 6 0 14 0.12 0.0 0 7.4 21 10 M M 4 12 28 10
3 81 67 74 1 0 9 T 0.0 0 4.7 22 170 M M 5 29 180
4 90 68 79 6 0 14 0.00 0.0 0 6.7 18 130 M M 5 3 27 130
5 91 66 79 6 0 14 0.00 0.0 0 8.6 20 200 M M 3 18 29 200
6 90 73 82 9 0 17 0.00 0.0 0 8.7 18 210 M M 2 28 180
7 87 73 80 7 0 15 0.05 0.0 0 10.8 22 290 M M 5 8 32 290
8 80 68 74 0 0 9 0.00 0.0 0 12.9 23 300 M M 3 35 300
9 79 60 70 -4 0 5 0.00 0.0 0 13.1 26 310 M M 2 37 320
10 82 51 67 -7 0 2 0.00 0.0 0 7.2 17 40 M M 0 31 40
11 87 58 73 -1 0 8 0.00 0.0 0 9.4 17 110 M M 1 25 120
12 89 62 76 2 0 11 0.00 0.0 0 8.3 17 110 M M 1 26 100
13 90 66 78 4 0 13 0.01 0.0 0 7.6 16 130 M M 2 24 110
14 88 69 79 4 0 14 0.01 0.0 0 6.1 16 250 M M 4 22 260
15 91 72 82 7 0 17 0.00 0.0 0 6.0 24 70 M M 4 3 34 50
16 93 69 81 6 0 16 T 0.0 0 6.1 17 320 M M 3 27 290
17 90 71 81 6 0 16 T 0.0 0 5.6 13 280 M M 2 18 150
18 93 71 82 7 0 17 0.00 0.0 0 7.7 20 310 M M 1 28 290
19 93 65 79 4 0 14 0.00 0.0 0 10.4 18 70 M M 0 24 10
20 88 60 74 -2 0 9 0.00 0.0 0 12.0 22 70 M M 1 30 70
21 89 65 77 1 0 12 0.00 0.0 0 11.2 22 60 M M 1 8 32 60
22 90 65 78 2 0 13 0.00 0.0 0 12.9 21 70 M M 1 33 100
23 89 65 77 1 0 12 0.00 0.0 0 11.4 21 110 M M 1 30 110
24 92 65 79 3 0 14 0.00 0.0 0 9.2 18 110 M M 2 28 100
25 93 68 81 5 0 16 0.00 0.0 0 7.8 15 70 M M 3 26 80
26 94 68 81 5 0 16 0.00 0.0 0 6.9 20 260 M M 1 23 250
27 89 70 80 3 0 15 M 0.0 0 6.3 16 260 M M 5 3 22 250
28 92 70 81 4 0 16 0.01 0.0 0 5.5 16 340 M M 3 22 270
29 91 68 80 3 0 15 4.10 0.0 0 6.2 25 350 M M 6 123 37 360
30 87 67 77 0 0 12 1.53 0.0 0 6.7 17 90 M M 4 13 24 100
================================================================================
SM 2661 2002 0 389 5.83 0.0 250.6 M 80
================================================================================
AV 88.7 66.7 8.4 FASTST M M 3 MAX(MPH)
MISC ----> 26 310 # 37 320
================================================================================
NOTES:
# LAST OF SEVERAL OCCURRENCES
COLUMN 17 PEAK WIND IN M.P.H.
PRELIMINARY LOCAL CLIMATOLOGICAL DATA (WS FORM: F-6) , PAGE 2
STATION: FORT MYERS
MONTH: APRIL
YEAR: 2022
LATITUDE: 26 34 N
LONGITUDE: 81 52 W
[TEMPERATURE DATA] [PRECIPITATION DATA] SYMBOLS USED IN COLUMN 16
AVERAGE MONTHLY: 77.7 TOTAL FOR MONTH: 5.83 1 = FOG OR MIST
DPTR FM NORMAL: 2.9 DPTR FM NORMAL: 3.39 2 = FOG REDUCING VISIBILITY
HIGHEST: 94 ON 26 GRTST 24HR 4.19 ON 29-30 TO 1/4 MILE OR LESS
LOWEST: 51 ON 10 3 = THUNDER
SNOW, ICE PELLETS, HAIL 4 = ICE PELLETS
TOTAL MONTH: 0.0 INCH 5 = HAIL
GRTST 24HR 0.0 6 = FREEZING RAIN OR DRIZZLE
GRTST DEPTH: 0 7 = DUSTSTORM OR SANDSTORM:
VSBY 1/2 MILE OR LESS
8 = SMOKE OR HAZE
[NO. OF DAYS WITH] [WEATHER - DAYS WITH] 9 = BLOWING SNOW
X = TORNADO
MAX 32 OR BELOW: 0 0.01 INCH OR MORE: 7
MAX 90 OR ABOVE: 16 0.10 INCH OR MORE: 3
MIN 32 OR BELOW: 0 0.50 INCH OR MORE: 2
MIN 0 OR BELOW: 0 1.00 INCH OR MORE: 2
[HDD (BASE 65) ]
TOTAL THIS MO. 0 CLEAR (SCALE 0-3) 18
DPTR FM NORMAL -2 PTCLDY (SCALE 4-7) 12
TOTAL FM JUL 1 105 CLOUDY (SCALE 8-10) 0
DPTR FM NORMAL -146
[CDD (BASE 65) ]
TOTAL THIS MO. 389
DPTR FM NORMAL 93 [PRESSURE DATA]
TOTAL FM JAN 1 1035 HIGHEST SLP 30.24 ON 21
DPTR FM NORMAL 349 LOWEST SLP 29.81 ON 7
[REMARKS]
#FINAL-04-22#