000
CXUS55 KBOU 010900
CF6FNL
PRELIMINARY LOCAL CLIMATOLOGICAL DATA (WS FORM: F-6)
STATION: FT COLLINS/LOVELAND CO
MONTH: AUGUST
YEAR: 2023
LATITUDE: 40 27 N
LONGITUDE: 105 1 W
TEMPERATURE IN F: :PCPN: SNOW: WIND :SUNSHINE: SKY :PK WND
================================================================================
1 2 3 4 5 6A 6B 7 8 9 10 11 12 13 14 15 16 17 18
12Z AVG MX 2MIN
DY MAX MIN AVG DEP HDD CDD WTR SNW DPTH SPD SPD DIR MIN PSBL S-S WX SPD DR
================================================================================
1 89 63 76 M 0 11 M M M 5.4 20 230 M M 2 3 37 230
2 87 62 75 M 0 10 M M M 5.3 14 70 M M 4 M M
3 85 59 72 M 0 7 M M M 7.5 28 320 M M 3 3 37 350
4 90 58 74 M 0 9 M M M 6.0 13 60 M M 0 36 240
5 85 57 71 M 0 6 M M M 6.6 21 50 M M 2 3 29 50
6 71 56 64 M 1 0 M M M 5.7 15 180 M M 7 3 M M
7 76 52 64 M 1 0 M M M 6.2 21 30 M M 0 1 23 350
8 84 52 68 M 0 3 M M M 5.7 15 360 M M 1 20 360
9 78 55 67 M 0 2 M M M 4.2 8 70 M M 2 M M
10 88 56 72 M 0 7 M M M 8.4 13 260 M M 1 3 33 360
11 94 60 77 M 0 12 M M M 7.2 20 40 M M 1 3 31 40
12 83 62 73 M 0 8 M M M 6.1 15 230 M M 2 M M
13 72 60 66 M 0 1 M M M 9.3 25 20 M M 6 8 33 20
14 81 50 66 M 0 1 M M M 4.6 8 180 M M 1 M M
15 92 50 71 M 0 6 M M M 4.8 8 150 M M 0 8 M M
16 100 54 77 M 0 12 M M M 7.4 17 20 M M 0 21 340
17 93 62 78 M 0 13 M M M 7.3 14 170 M M 0 18 170
18 97 61 79 M 0 14 M M M 5.3 22 320 M M 0 3 26 330
19 96 60 78 M 0 13 M M M 4.9 20 310 M M 1 8 30 280
20 89 63 76 M 0 11 M M M 5.1 10 160 M M 3 M M
21 100 57 79 M 0 14 M M M 5.2 15 160 M M 0 8 22 160
22 98 60 79 M 0 14 M M M 6.3 16 110 M M 0 8 22 130
23 95 62 79 M 0 14 M M M 7.4 15 10 M M 1 8 17 150
24 94 67 81 M 0 16 M M M 8.2 18 340 M M 2 8 23 340
25 71 58 65 M 0 0 M M M 9.6 20 30 M M 9 13 24 30
26 78 58 68 M 0 3 M M M 4.6 9 170 M M 6 M M
27 83 56 70 M 0 5 M M M 5.1 18 340 M M 2 38 36 340
28 81 55 68 M 0 3 M M M 6.4 17 10 M M 2 38 26 10
29 82 53 68 M 0 3 M M M 5.5 12 110 M M 0 16 170
30 95 52 74 M 0 9 M M M 6.0 12 200 M M 0 8 M M
31 97 58 78 M 0 13 M M M 6.2 13 130 M M 0 21 160
================================================================================
SM 2704 1788 2 240 M M 193.5 M 58
================================================================================
AV 87.2 57.7 6.2 FASTST M M 2 MAX(MPH)
MISC ----> 28 320 # 37 350
================================================================================
NOTES:
# LAST OF SEVERAL OCCURRENCES
COLUMN 17 PEAK WIND IN M.P.H.
PRELIMINARY LOCAL CLIMATOLOGICAL DATA (WS FORM: F-6) , PAGE 2
STATION: FT COLLINS/LOVELAND CO
MONTH: AUGUST
YEAR: 2023
LATITUDE: 40 27 N
LONGITUDE: 105 1 W
[TEMPERATURE DATA] [PRECIPITATION DATA] SYMBOLS USED IN COLUMN 16
AVERAGE MONTHLY: 72.5 TOTAL FOR MONTH: M 1 = FOG OR MIST
DPTR FM NORMAL: 0.0 DPTR FM NORMAL: M 2 = FOG REDUCING VISIBILITY
HIGHEST: 100 ON 16,21 GRTST 24HR 0.63 ON 24-25 TO 1/4 MILE OR LESS
LOWEST: 50 ON 14,15 3 = THUNDER
SNOW, ICE PELLETS, HAIL 4 = ICE PELLETS
TOTAL MONTH: M 5 = HAIL
GRTST 24HR M ON M 6 = FREEZING RAIN OR DRIZZLE
GRTST DEPTH: M ON M 7 = DUSTSTORM OR SANDSTORM:
VSBY 1/2 MILE OR LESS
8 = SMOKE OR HAZE
[NO. OF DAYS WITH] [WEATHER - DAYS WITH] 9 = BLOWING SNOW
X = TORNADO
MAX 32 OR BELOW: 0 0.01 INCH OR MORE: 0
MAX 90 OR ABOVE: 13 0.10 INCH OR MORE: 0
MIN 32 OR BELOW: 0 0.50 INCH OR MORE: 0
MIN 0 OR BELOW: 0 1.00 INCH OR MORE: 0
[HDD (BASE 65) ]
TOTAL THIS MO. 2 CLEAR (SCALE 0-3) 26
DPTR FM NORMAL M PTCLDY (SCALE 4-7) 4
TOTAL FM JUL 1 8 CLOUDY (SCALE 8-10) 1
DPTR FM NORMAL M
[CDD (BASE 65) ]
TOTAL THIS MO. 240
DPTR FM NORMAL M [PRESSURE DATA]
TOTAL FM JAN 1 569 HIGHEST SLP 30.34 ON 14
DPTR FM NORMAL M LOWEST SLP 29.74 ON 30
[REMARKS]
#FINAL-08-23#