000
CXUS53 KDTX 010957
CF6FNT
PRELIMINARY LOCAL CLIMATOLOGICAL DATA (WS FORM: F-6)
STATION: FLINT MI
MONTH: JANUARY
YEAR: 2023
LATITUDE: 42 58 N
LONGITUDE: 83 44 W
TEMPERATURE IN F: :PCPN: SNOW: WIND :SUNSHINE: SKY :PK WND
================================================================================
1 2 3 4 5 6A 6B 7 8 9 10 11 12 13 14 15 16 17 18
12Z AVG MX 2MIN
DY MAX MIN AVG DEP HDD CDD WTR SNW DPTH SPD SPD DIR MIN PSBL S-S WX SPD DR
================================================================================
1 44 31 38 13 27 0 0.06 T 0 5.4 14 260 M M 9 1 18 250
2 44 33 39 14 26 0 0.00 0.0 0 3.0 10 60 M M 7 18 12 60
3 42 36 39 15 26 0 0.14 0.0 0 7.4 14 80 M M 10 13 17 100
4 52 36 44 20 21 0 0.08 0.0 0 6.9 21 280 M M 10 12 26 260
5 39 33 36 12 29 0 0.06 0.1 0 6.7 15 240 M M 10 1 21 250
6 37 32 35 11 30 0 T T 0 7.1 13 300 M M 10 1 17 300
7 33 30 32 8 33 0 T T 0 5.5 14 360 M M 10 1 19 10
8 30 28 29 5 36 0 0.00 0.0 0 6.0 15 270 M M 10 19 270
9 41 25 33 9 32 0 0.00 0.0 0 8.0 18 280 M M 4 26 270
10 42 23 33 10 32 0 0.00 0.0 0 6.2 13 150 M M 6 18 17 100
11 44 29 37 14 28 0 T 0.0 0 8.7 15 160 M M 9 18 20 130
12 41 32 37 14 28 0 T T 0 12.1 23 10 M M 10 1 31 10
13 32 22 27 4 38 0 0.02 0.4 T 13.5 23 340 M M 10 18 33 340
14 30 13 22 -1 43 0 T T T 5.0 16 350 M M 5 22 20
15 39 16 28 5 37 0 0.00 0.0 0 6.9 16 160 M M 1 20 170
16 41 27 34 11 31 0 0.09 0.0 0 12.3 22 140 M M 4 1 32 140
17 46 38 42 20 23 0 0.04 0.0 0 11.7 22 260 M M 10 1 32 260
18 41 36 39 17 26 0 T 0.0 0 8.1 18 270 M M 10 24 270
19 45 35 40 18 25 0 0.25 T 0 11.5 25 120 M M 10 1 35 120
20 39 30 35 13 30 0 0.01 0.1 0 11.0 20 270 M M 10 1 26 270
21 33 29 31 9 34 0 T T 0 5.0 13 240 M M 10 1 20 220
22 32 28 30 8 35 0 0.08 1.8 0 3.8 12 220 M M 10 1 15 220
23 32 27 30 8 35 0 T T 1 10.2 20 220 M M 10 1 28 220
24 39 26 33 11 32 0 T T T 8.5 24 270 M M 5 35 260
25 34 27 31 9 34 0 0.26 3.7 T 9.0 15 310 M M 9 12 21 30
26 32 27 30 8 35 0 0.05 1.3 4 8.0 17 240 M M 10 1 24 230
27 35 22 29 7 36 0 0.06 0.7 4 14.0 24 180 M M 8 1 40 190
28 35 25 30 8 35 0 0.10 2.4 3 8.8 22 280 M M 10 1 31 240
29 30 23 27 5 38 0 0.11 2.4 6 7.5 17 360 M M 10 1 26 360
30 23 2 13 -9 52 0 0.04 0.6 6 9.2 20 300 M M 9 1 24 290
31 16 -10 3 -19 62 0 T T 6 4.6 14 260 M M 3 19 280
================================================================================
SM 1143 811 1029 0 1.45 13.5 251.6 M 259
================================================================================
AV 36.9 26.2 8.1 FASTST M M 8 MAX(MPH)
MISC ----> 25 120 40 190
================================================================================
NOTES:
# LAST OF SEVERAL OCCURRENCES
COLUMN 17 PEAK WIND IN M.P.H.
PRELIMINARY LOCAL CLIMATOLOGICAL DATA (WS FORM: F-6) , PAGE 2
STATION: FLINT MI
MONTH: JANUARY
YEAR: 2023
LATITUDE: 42 58 N
LONGITUDE: 83 44 W
[TEMPERATURE DATA] [PRECIPITATION DATA] SYMBOLS USED IN COLUMN 16
AVERAGE MONTHLY: 31.5 TOTAL FOR MONTH: 1.45 1 = FOG OR MIST
DPTR FM NORMAL: 8.5 DPTR FM NORMAL: -0.54 2 = FOG REDUCING VISIBILITY
HIGHEST: 52 ON 4 GRTST 24HR 1.15 ON 19-19 TO 1/4 MILE OR LESS
LOWEST: -10 ON 31 3 = THUNDER
SNOW, ICE PELLETS, HAIL 4 = ICE PELLETS
TOTAL MONTH: 13.5 INCHES 5 = HAIL
GRTST 24HR 3.7 ON 25-25 6 = FREEZING RAIN OR DRIZZLE
GRTST DEPTH: 6 ON 31,30 7 = DUSTSTORM OR SANDSTORM:
VSBY 1/2 MILE OR LESS
8 = SMOKE OR HAZE
[NO. OF DAYS WITH] [WEATHER - DAYS WITH] 9 = BLOWING SNOW
X = TORNADO
MAX 32 OR BELOW: 9 0.01 INCH OR MORE: 16
MAX 90 OR ABOVE: 0 0.10 INCH OR MORE: 5
MIN 32 OR BELOW: 24 0.50 INCH OR MORE: 0
MIN 0 OR BELOW: 1 1.00 INCH OR MORE: 0
[HDD (BASE 65) ]
TOTAL THIS MO. 1029 CLEAR (SCALE 0-3) 2
DPTR FM NORMAL -274 PTCLDY (SCALE 4-7) 6
TOTAL FM JUL 1 3333 CLOUDY (SCALE 8-10) 23
DPTR FM NORMAL -538
[CDD (BASE 65) ]
TOTAL THIS MO. 0
DPTR FM NORMAL 0 [PRESSURE DATA]
TOTAL FM JAN 1 0 HIGHEST SLP 30.46 ON 31
DPTR FM NORMAL 0 LOWEST SLP 29.45 ON 19
[REMARKS]
#FINAL-01-23#
CORRECTED PRECIPITATION AND SNOWFALL ON 1/14 AND 1/24, AND SNOWFALL ON 1/26.