000
CXUS54 KTSA 121144
CF6FSM
PRELIMINARY LOCAL CLIMATOLOGICAL DATA (WS FORM: F-6)
STATION: FORT SMITH ARKANSAS
MONTH: MARCH
YEAR: 2024
LATITUDE: 35 19 N
LONGITUDE: 94 22 W
TEMPERATURE IN F: :PCPN: SNOW: WIND :SUNSHINE: SKY :PK WND
================================================================================
1 2 3 4 5 6A 6B 7 8 9 10 11 12 13 14 15 16 17 18
12Z AVG MX 2MIN
DY MAX MIN AVG DEP HDD CDD WTR SNW DPTH SPD SPD DIR MIN PSBL S-S WX SPD DR
================================================================================
1 61 36 49 0 16 0 0.00 0.0 0 5.4 12 90 M M 4 17 90
2 82 41 62 13 3 0 0.00 0.0 0 8.7 17 240 M M 1 23 80
3 81 51 66 16 0 1 0.00 0.0 0 8.2 18 190 M M 0 25 200
4 82 59 71 21 0 6 0.00 0.0 0 7.1 22 200 M M 4 33 190
5 76 54 65 15 0 0 0.11 0.0 0 7.2 15 350 M M 4 13 20 180
6 72 50 61 11 4 0 0.00 0.0 0 7.2 15 50 M M 2 20 40
7 67 57 62 11 3 0 0.23 0.0 0 8.1 17 200 M M 6 13 27 190
8 67 48 58 7 7 0 0.37 0.0 0 6.7 22 320 M M 8 1 31 330
9 58 40 49 -2 16 0 0.08 0.0 0 9.6 20 300 M M 4 1 28 290
10 64 35 50 -2 15 0 0.00 0.0 0 3.5 12 260 M M 0 15 270
11 70 38 54 2 11 0 0.00 0.0 0 5.3 17 210 M M 0 24 220
12 75 44 60 8 5 0 0.00 0.0 0 7.7 22 190 M M 1 8 31 240
13 78 54 66 13 0 1 0.00 0.0 0 7.5 20 190 M M 4 28 190
14 81 62 72 19 0 7 2.06 0.0 0 7.8 23 280 M M 8 13 39 290
15 66 50 58 5 7 0 0.00 0.0 0 6.9 18 350 M M 6 23 350
16 70 46 58 4 7 0 0.00 0.0 0 4.5 14 220 M M 2 1 17 220
17 67 48 58 4 7 0 T 0.0 0 11.1 22 10 M M 5 28 10
18 52 36 44 -10 21 0 0.00 0.0 0 8.7 21 350 M M 1 27 360
19 70 31 51 -3 14 0 0.00 0.0 0 7.1 17 250 M M 0 24 220
20 79 43 61 6 4 0 0.00 0.0 0 3.4 15 210 M M 0 21 230
21 67 51 59 4 6 0 0.01 0.0 0 5.7 14 120 M M 3 20 110
22 71 51 61 6 4 0 0.13 0.0 0 8.1 28 360 M M 9 1 36 10
23 65 41 53 -3 12 0 0.00 0.0 0 7.8 14 100 M M 1 22 110
24 65 47 56 0 9 0 0.04 0.0 0 11.8 21 120 M M 2 30 90
25 60 42 51 -5 14 0 3.01 0.0 0 9.3 30 280 M M 8 13 40 280
26 53 36 45 -12 20 0 0.00 0.0 0 12.7 26 270 M M 2 38 260
27 61 32 47 -10 18 0 0.00 0.0 0 3.9 14 280 M M 3 17 260
28 70 40 55 -2 10 0 0.00 0.0 0 4.7 14 240 M M 1 19 250
29 79 48 64 6 1 0 0.00 0.0 0 9.1 24 210 M M 0 36 210
30 79 53 66 8 0 1 0.00 0.0 0 6.1 18 220 M M 2 26 200
31 75 64 70 12 0 5 0.00 0.0 0 6.4 18 220 M M 9 27 180
================================================================================
SM 2163 1428 234 21 6.04 0.0 227.3 M 100
================================================================================
AV 69.8 46.1 7.3 FASTST M M 3 MAX(MPH)
MISC ----> 30 280 40 280
================================================================================
NOTES:
# LAST OF SEVERAL OCCURRENCES
COLUMN 17 PEAK WIND IN M.P.H.
PRELIMINARY LOCAL CLIMATOLOGICAL DATA (WS FORM: F-6) , PAGE 2
STATION: FORT SMITH ARKANSAS
MONTH: MARCH
YEAR: 2024
LATITUDE: 35 19 N
LONGITUDE: 94 22 W
[TEMPERATURE DATA] [PRECIPITATION DATA] SYMBOLS USED IN COLUMN 16
AVERAGE MONTHLY: 57.9 TOTAL FOR MONTH: 6.04 1 = FOG OR MIST
DPTR FM NORMAL: 4.4 DPTR FM NORMAL: 2.14 2 = FOG REDUCING VISIBILITY
HIGHEST: 82 ON 4, 2 GRTST 24HR 3.04 ON 24-25 TO 1/4 MILE OR LESS
LOWEST: 31 ON 19 3 = THUNDER
SNOW, ICE PELLETS, HAIL 4 = ICE PELLETS
TOTAL MONTH: T 5 = HAIL
GRTST 24HR 0.0 6 = FREEZING RAIN OR DRIZZLE
GRTST DEPTH: 0 7 = DUSTSTORM OR SANDSTORM:
VSBY 1/2 MILE OR LESS
8 = SMOKE OR HAZE
[NO. OF DAYS WITH] [WEATHER - DAYS WITH] 9 = BLOWING SNOW
X = TORNADO
MAX 32 OR BELOW: 0 0.01 INCH OR MORE: 9
MAX 90 OR ABOVE: 0 0.10 INCH OR MORE: 6
MIN 32 OR BELOW: 2 0.50 INCH OR MORE: 2
MIN 0 OR BELOW: 0 1.00 INCH OR MORE: 2
[HDD (BASE 65) ]
TOTAL THIS MO. 234 CLEAR (SCALE 0-3) 17
DPTR FM NORMAL -135 PTCLDY (SCALE 4-7) 11
TOTAL FM JUL 1 2474 CLOUDY (SCALE 8-10) 3
DPTR FM NORMAL -453
[CDD (BASE 65) ]
TOTAL THIS MO. 21
DPTR FM NORMAL 7 [PRESSURE DATA]
TOTAL FM JAN 1 27 HIGHEST SLP 30.39 ON 18
DPTR FM NORMAL 12 LOWEST SLP 29.40 ON 25
[REMARKS]
#FINAL-03-24#