000
CXUS56 KSGX 011045
CF6FUL
PRELIMINARY LOCAL CLIMATOLOGICAL DATA (WS FORM: F-6)
STATION: FULLERTON AIRPORT CA
MONTH: JULY
YEAR: 2023
LATITUDE: 33 52 N
LONGITUDE: 117 58 W
TEMPERATURE IN F: :PCPN: SNOW: WIND :SUNSHINE: SKY :PK WND
================================================================================
1 2 3 4 5 6A 6B 7 8 9 10 11 12 13 14 15 16 17 18
12Z AVG MX 2MIN
DY MAX MIN AVG DEP HDD CDD WTR SNW DPTH SPD SPD DIR MIN PSBL S-S WX SPD DR
================================================================================
1 80 63 72 -2 0 7 0.00 M M 4.0 12 210 M M 4 15 200
2 82 62 72 -2 0 7 0.00 M M 3.7 12 210 M M 3 18 14 190
3 78 60 69 -5 0 4 0.00 M M 3.7 10 190 M M 4 18 14 210
4 81 60 71 -3 0 6 0.00 M M 4.6 12 190 M M 3 18 14 160
5 83 60 72 -2 0 7 0.00 M M 3.1 12 170 M M 3 18 15 200
6 75 60 68 -6 0 3 0.00 M M 4.8 12 200 M M 3 1 17 180
7 77 62 70 -5 0 5 0.00 M M 4.1 13 190 M M 4 17 270
8 78 62 70 -5 0 5 0.00 M M 4.7 13 190 M M 3 19 190
9 79 62 71 -4 0 6 0.00 M M 3.5 12 190 M M 4 15 220
10 85 60 73 -2 0 8 0.00 M M 3.4 10 220 M M 1 16 240
11 89 64 77 2 0 12 0.00 M M 3.2 12 200 M M 2 18 16 200
12 93 67 80 5 0 15 0.00 M M 3.1 12 190 M M 0 17 190
13 91 68 80 5 0 15 0.00 M M 3.3 14 200 M M 0 17 200
14 89 65 77 2 0 12 0.00 M M 3.3 10 190 M M 0 15 200
15 83 65 74 -1 0 9 0.00 M M 4.4 10 200 M M 2 18 15 230
16 83 66 75 -1 0 10 0.00 M M 3.8 12 210 M M 0 16 210
17 89 68 79 3 0 14 0.00 M M 2.8 12 190 M M 1 8 14 170
18 92 68 80 4 0 15 0.00 M M 4.1 13 190 M M 0 16 200
19 93 69 81 5 0 16 0.00 M M 3.7 12 190 M M 0 17 200
20 91 67 79 3 0 14 0.00 M M 3.0 12 170 M M 0 15 180
21 82 67 75 -1 0 10 0.00 M M 3.7 12 200 M M 0 18 16 270
22 83 64 74 -2 0 9 0.00 M M 4.9 12 190 M M 3 18 14 210
23 87 67 77 1 0 12 T M M 2.8 12 190 M M 4 18 15 160
24 90 67 79 3 0 14 0.00 M M 3.1 12 180 M M 1 18 17 200
25 91 66 79 3 0 14 0.00 M M 3.7 12 210 M M 0 18 15 190
26 95 69 82 6 0 17 0.00 M M 3.2 12 190 M M 0 18 15 190
27 93 68 81 5 0 16 0.00 M M 3.7 12 170 M M 0 18 16 170
28 85 68 77 1 0 12 0.00 M M 4.1 13 190 M M 1 18 19 200
29 89 68 79 3 0 14 0.00 M M 4.2 10 190 M M 1 18 14 220
30 91 69 80 4 0 15 0.00 M M 3.6 13 170 M M 3 18 17 170
31 93 70 82 6 0 17 0.00 M M 3.9 13 170 M M 1 1 18 170
================================================================================
SM 2670 2021 0 340 T M 115.2 M 51
================================================================================
AV 86.1 65.2 3.7 FASTST M M 2 MAX(MPH)
MISC ----> 14 200 # 19 190
================================================================================
NOTES:
# LAST OF SEVERAL OCCURRENCES
COLUMN 17 PEAK WIND IN M.P.H.
PRELIMINARY LOCAL CLIMATOLOGICAL DATA (WS FORM: F-6) , PAGE 2
STATION: FULLERTON AIRPORT CA
MONTH: JULY
YEAR: 2023
LATITUDE: 33 52 N
LONGITUDE: 117 58 W
[TEMPERATURE DATA] [PRECIPITATION DATA] SYMBOLS USED IN COLUMN 16
AVERAGE MONTHLY: 75.7 TOTAL FOR MONTH: T 1 = FOG OR MIST
DPTR FM NORMAL: 0.5 DPTR FM NORMAL: -0.02 2 = FOG REDUCING VISIBILITY
HIGHEST: 95 ON 26 GRTST 24HR T ON 23-23 TO 1/4 MILE OR LESS
LOWEST: 60 ON 6, 5 3 = THUNDER
SNOW, ICE PELLETS, HAIL 4 = ICE PELLETS
TOTAL MONTH: M 5 = HAIL
GRTST 24HR M ON M 6 = FREEZING RAIN OR DRIZZLE
GRTST DEPTH: M ON M 7 = DUSTSTORM OR SANDSTORM:
VSBY 1/2 MILE OR LESS
8 = SMOKE OR HAZE
[NO. OF DAYS WITH] [WEATHER - DAYS WITH] 9 = BLOWING SNOW
X = TORNADO
MAX 32 OR BELOW: 0 0.01 INCH OR MORE: 0
MAX 90 OR ABOVE: 11 0.10 INCH OR MORE: 0
MIN 32 OR BELOW: 0 0.50 INCH OR MORE: 0
MIN 0 OR BELOW: 0 1.00 INCH OR MORE: 0
[HDD (BASE 65) ]
TOTAL THIS MO. 0 CLEAR (SCALE 0-3) 23
DPTR FM NORMAL 0 PTCLDY (SCALE 4-7) 8
TOTAL FM JUL 1 0 CLOUDY (SCALE 8-10) 0
DPTR FM NORMAL 0
[CDD (BASE 65) ]
TOTAL THIS MO. 340
DPTR FM NORMAL 22 [PRESSURE DATA]
TOTAL FM JAN 1 478 HIGHEST SLP 29.99 ON 19
DPTR FM NORMAL -187 LOWEST SLP 29.77 ON 22
[REMARKS]
#FINAL-07-23#