000
CXUS56 KSGX 041006
CF6FUL
PRELIMINARY LOCAL CLIMATOLOGICAL DATA (WS FORM: F-6)
STATION: FULLERTON AIRPORT CA
MONTH: NOVEMBER
YEAR: 2021
LATITUDE: 33 52 N
LONGITUDE: 117 58 W
TEMPERATURE IN F: :PCPN: SNOW: WIND :SUNSHINE: SKY :PK WND
================================================================================
1 2 3 4 5 6A 6B 7 8 9 10 11 12 13 14 15 16 17 18
12Z AVG MX 2MIN
DY MAX MIN AVG DEP HDD CDD WTR SNW DPTH SPD SPD DIR MIN PSBL S-S WX SPD DR
================================================================================
1 69 54 62 -4 3 0 0.00 M M 1.3 9 220 M M 3 18 13 230
2 71 56 64 -2 1 0 0.00 M M 2.3 9 220 M M 5 18 12 210
3 76 56 66 0 0 1 0.00 M M 1.4 8 200 M M 4 18 11 200
4 75 57 66 0 0 1 0.00 M M 2.0 8 190 M M 6 18 11 200
5 74 56 65 0 0 0 0.00 M M 2.5 9 190 M M 7 128 12 200
6 70 56 63 -2 2 0 0.00 M M 2.6 10 200 M M 6 18 13 220
7 70 56 63 -2 2 0 0.00 M M 2.3 10 200 M M 5 18 13 210
8 70 56 63 -1 2 0 0.00 M M 3.4 10 200 M M 5 18 14 220
9 71 57 64 0 1 0 0.00 M M 2.4 10 190 M M 6 8 15 180
10 75 57 66 2 0 1 0.00 M M 2.8 9 210 M M 2 18 12 210
11 92 54 73 9 0 8 0.00 M M 1.1 8 290 M M 0 18 11 290
12 95 57 76 13 0 11 0.00 M M 2.0 8 300 M M 0 11 300
13 91 56 74 11 0 9 0.00 M M 1.4 9 220 M M 0 13 220
14 92 53 73 10 0 8 0.00 M M 1.6 9 200 M M 0 8 12 200
15 83 53 68 6 0 3 0.00 M M 1.8 9 210 M M 0 18 12 210
16 67 56 62 0 3 0 0.00 M M 3.5 10 190 M M 5 18 13 200
17 71 54 63 1 2 0 0.00 M M 1.4 9 210 M M 4 18 12 200
18 69 50 60 -2 5 0 0.00 M M 1.4 8 200 M M 3 18 10 200
19 67 52 60 -1 5 0 0.00 M M 1.6 9 180 M M 6 18 13 200
20 M M M M M M 0.00 M M 1.2 8 290 M M 7 18 10 280
21 M M M M M M 0.00 M M 9.8 28 80 M M 0 1 35 70
22 M M M M M M 0.00 M M 5.6 17 80 M M 1 23 80
23 M M M M M M 0.00 M M 2.1 10 210 M M 1 14 210
24 M M M M M M 0.00 M M 4.0 16 70 M M 0 22 70
25 M M M M M M 0.00 M M 12.2 30 80 M M 0 8 39 100
26 M M M M M M 0.00 M M 3.2 12 80 M M 0 14 30
27 M M M M M M 0.00 M M 2.7 8 80 M M 0 8 10 190
28 M M M M M M 0.00 M M 1.4 8 160 M M 0 9 160
29 M M M M M M 0.00 M M 0.8 6 200 M M 0 18 9 190
30 73 M M M M M 0.00 M M 1.2 6 190 M M 3 128 9 210
================================================================================
SM 1521 1046 26 42 0.00 M 83.0 M 79
================================================================================
AV 76.1 55.1 2.8 FASTST M M 3 MAX(MPH)
MISC ----> 30 80 39 100
================================================================================
NOTES:
# LAST OF SEVERAL OCCURRENCES
COLUMN 17 PEAK WIND IN M.P.H.
PRELIMINARY LOCAL CLIMATOLOGICAL DATA (WS FORM: F-6) , PAGE 2
STATION: FULLERTON AIRPORT CA
MONTH: NOVEMBER
YEAR: 2021
LATITUDE: 33 52 N
LONGITUDE: 117 58 W
[TEMPERATURE DATA] [PRECIPITATION DATA] SYMBOLS USED IN COLUMN 16
AVERAGE MONTHLY: 65.6 TOTAL FOR MONTH: 0.00 1 = FOG OR MIST
DPTR FM NORMAL: 3.2 DPTR FM NORMAL: -0.74 2 = FOG REDUCING VISIBILITY
HIGHEST: 95 ON 12 GRTST 24HR 0.00 ON 20-20 TO 1/4 MILE OR LESS
LOWEST: 50 ON 18 3 = THUNDER
SNOW, ICE PELLETS, HAIL 4 = ICE PELLETS
TOTAL MONTH: M 5 = HAIL
GRTST 24HR M ON M 6 = FREEZING RAIN OR DRIZZLE
GRTST DEPTH: M ON M 7 = DUSTSTORM OR SANDSTORM:
VSBY 1/2 MILE OR LESS
8 = SMOKE OR HAZE
[NO. OF DAYS WITH] [WEATHER - DAYS WITH] 9 = BLOWING SNOW
X = TORNADO
MAX 32 OR BELOW: 0 0.01 INCH OR MORE: 0
MAX 90 OR ABOVE: 4 0.10 INCH OR MORE: 0
MIN 32 OR BELOW: 0 0.50 INCH OR MORE: 0
MIN 0 OR BELOW: 0 1.00 INCH OR MORE: 0
[HDD (BASE 65) ]
TOTAL THIS MO. 26 CLEAR (SCALE 0-3) 18
DPTR FM NORMAL -87 PTCLDY (SCALE 4-7) 12
TOTAL FM JUL 1 40 CLOUDY (SCALE 8-10) 0
DPTR FM NORMAL -89
[CDD (BASE 65) ]
TOTAL THIS MO. 42
DPTR FM NORMAL 9 [PRESSURE DATA]
TOTAL FM JAN 1 1653 HIGHEST SLP 30.26 ON 25
DPTR FM NORMAL 147 LOWEST SLP 29.88 ON 23
[REMARKS]
#FINAL-11-21#