000
CXUS51 KCAR 010700
CF6FVE
PRELIMINARY LOCAL CLIMATOLOGICAL DATA (WS FORM: F-6)
STATION: FRENCHVILLE ME
MONTH: JUNE
YEAR: 2023
LATITUDE: 47 16 N
LONGITUDE: 68 19 W
TEMPERATURE IN F: :PCPN: SNOW: WIND :SUNSHINE: SKY :PK WND
================================================================================
1 2 3 4 5 6A 6B 7 8 9 10 11 12 13 14 15 16 17 18
12Z AVG MX 2MIN
DY MAX MIN AVG DEP HDD CDD WTR SNW DPTH SPD SPD DIR MIN PSBL S-S WX SPD DR
================================================================================
1 92 64 78 21 0 13 0.00 M M 8.5 29 340 M M 1 44 350
2 69 44 57 0 8 0 0.42 M M 8.3 16 50 M M 6 13 26 40
3 58 41 50 -8 15 0 T M M 9.9 18 40 M M 10 33 20
4 59 41 50 -8 15 0 0.03 M M 7.5 16 50 M M 8 26 40
5 57 43 50 -8 15 0 0.03 M M 7.4 16 30 M M 7 1 23 40
6 51 47 49 -9 16 0 0.35 M M 15.2 23 350 M M 10 1 39 350
7 51 45 48 -11 17 0 0.32 M M 10.4 17 40 M M 10 1 27 360
8 58 47 53 -6 12 0 0.08 M M 8.7 13 90 M M 10 1 21 40
9 61 46 54 -5 11 0 0.01 M M 4.4 10 150 M M 10 1 14 50
10 64 50 57 -2 8 0 0.08 M M 4.0 13 350 M M 7 12 19 330
11 73 45 59 -1 6 0 0.00 M M 6.5 14 280 M M 0 12 19 290
12 82 49 66 6 0 1 0.00 M M 4.9 12 240 M M 0 16 230
13 80 56 68 8 0 3 0.00 M M 7.0 18 150 M M 2 24 150
14 72 61 67 7 0 2 0.07 M M 5.3 14 130 M M 8 1 20 130
15 69 53 61 0 4 0 0.77 M M 6.7 17 330 M M 9 13 23 340
16 66 48 57 -4 8 0 0.00 M M 7.1 14 320 M M 7 1 20 330
17 56 48 52 -9 13 0 0.49 M M 10.4 18 30 M M 10 1 28 40
18 53 48 51 -11 14 0 0.96 M M 10.4 18 30 M M 10 1 33 20
19 61 50 56 -6 9 0 T M M 5.1 12 280 M M 9 12 15 60
20 70 48 59 -3 6 0 0.00 M M 4.2 10 50 M M 8 12 14 50
21 79 48 64 2 1 0 0.00 M M 4.7 10 190 M M 0 1 15 190
22 83 56 70 7 0 5 0.00 M M 5.2 14 280 M M 0 18 280
23 85 59 72 9 0 7 0.00 M M 4.7 13 240 M M 0 20 220
24 83 63 73 10 0 8 0.25 M M 5.8 15 190 M M 3 12 22 150
25 77 62 70 7 0 5 0.07 M M 6.9 13 60 M M 5 128 21 50
26 72 56 64 0 1 0 0.07 M M 10.9 23 120 M M 8 1 34 100
27 69 56 63 -1 2 0 0.02 M M 11.7 18 150 M M 10 12 29 170
28 77 64 71 7 0 6 0.18 M M 12.2 21 160 M M 9 1 32 180
29 75 63 69 5 0 4 1.27 M M 8.9 17 140 M M 9 123 29 270
30 76 64 70 6 0 5 0.03 M M 7.2 14 160 M M 8 1 20 170
================================================================================
SM 2078 1565 181 59 5.50 M 230.1 M 194
================================================================================
AV 69.3 52.2 7.7 FASTST M M 6 MAX(MPH)
MISC ----> 29 340 44 350
================================================================================
NOTES:
# LAST OF SEVERAL OCCURRENCES
COLUMN 17 PEAK WIND IN M.P.H.
PRELIMINARY LOCAL CLIMATOLOGICAL DATA (WS FORM: F-6) , PAGE 2
STATION: FRENCHVILLE ME
MONTH: JUNE
YEAR: 2023
LATITUDE: 47 16 N
LONGITUDE: 68 19 W
[TEMPERATURE DATA] [PRECIPITATION DATA] SYMBOLS USED IN COLUMN 16
AVERAGE MONTHLY: 60.7 TOTAL FOR MONTH: 5.50 1 = FOG OR MIST
DPTR FM NORMAL: -0.1 DPTR FM NORMAL: 1.27 2 = FOG REDUCING VISIBILITY
HIGHEST: 92 ON 1 GRTST 24HR 1.44 ON 28-29 TO 1/4 MILE OR LESS
LOWEST: 41 ON 4, 3 3 = THUNDER
SNOW, ICE PELLETS, HAIL 4 = ICE PELLETS
TOTAL MONTH: M 5 = HAIL
GRTST 24HR M ON M 6 = FREEZING RAIN OR DRIZZLE
GRTST DEPTH: M ON M 7 = DUSTSTORM OR SANDSTORM:
VSBY 1/2 MILE OR LESS
8 = SMOKE OR HAZE
[NO. OF DAYS WITH] [WEATHER - DAYS WITH] 9 = BLOWING SNOW
X = TORNADO
MAX 32 OR BELOW: 0 0.01 INCH OR MORE: 19
MAX 90 OR ABOVE: 1 0.10 INCH OR MORE: 9
MIN 32 OR BELOW: 0 0.50 INCH OR MORE: 3
MIN 0 OR BELOW: 0 1.00 INCH OR MORE: 1
[HDD (BASE 65) ]
TOTAL THIS MO. 181 CLEAR (SCALE 0-3) 8
DPTR FM NORMAL 20 PTCLDY (SCALE 4-7) 8
TOTAL FM JUL 1 8475 CLOUDY (SCALE 8-10) 14
DPTR FM NORMAL -756
[CDD (BASE 65) ]
TOTAL THIS MO. 59
DPTR FM NORMAL 25 [PRESSURE DATA]
TOTAL FM JAN 1 69 HIGHEST SLP 30.34 ON 21
DPTR FM NORMAL 28 LOWEST SLP 29.37 ON 7
[REMARKS]
#FINAL-06-23#