000
CDUS43 KIWX 182033
CLIFWA


CLIMATE REPORT
NATIONAL WEATHER SERVICE NORTHERN INDIANA
432 PM EDT TUE APR 18 2017


...................................

...THE FORT WAYNE CLIMATE SUMMARY FOR APRIL 18 2017...
VALID TODAY AS OF 0400 PM LOCAL TIME.

CLIMATE NORMAL PERIOD 1981 TO 2010
CLIMATE RECORD PERIOD 1897 TO 2017


WEATHER ITEM   OBSERVED TIME   RECORD YEAR NORMAL DEPARTURE LAST
                VALUE   (LST)  VALUE       VALUE  FROM      YEAR
                                                  NORMAL
..................................................................
TEMPERATURE (F)
 TODAY
  MAXIMUM         74    300 PM  87    2002  62     12       82
  MINIMUM         43        MM  23    1990  40      3       47
  AVERAGE         59                        51      8       65

PRECIPITATION (IN)
  TODAY            0.00          0.97 1978   0.12  -0.12     0.00
  MONTH TO DATE    2.13                      2.16  -0.03     1.50
  SINCE MAR 1      5.94                      4.87   1.07     5.46
  SINCE JAN 1     12.41                      9.17   3.24     8.51

SNOWFALL (IN)
  TODAY            0.0           0.3  1956   0.1   -0.1      0.0
  MONTH TO DATE    0.4                       0.9   -0.5      1.1
  SINCE MAR 1      3.4                       5.0   -1.6      3.9
  SINCE JUL 1     18.5                      33.4  -14.9     20.1

DEGREE DAYS
 HEATING
  TODAY            6                        14     -8        0
  MONTH TO DATE  212                       313   -101      357
  SINCE MAR 1    996                      1139   -143      987
  SINCE JUL 1   4690                      5737  -1047     4814

 COOLING
  TODAY            0                         0      0        0
  MONTH TO DATE    6                         0      6        0
  SINCE MAR 1      6                         0      6        0
  SINCE JAN 1      6                         0      6        0
..................................................................


WIND (MPH)
  HIGHEST WIND SPEED    18   HIGHEST WIND DIRECTION     S (160)
  HIGHEST GUST SPEED    24   HIGHEST GUST DIRECTION     S (160)
  AVERAGE WIND SPEED    10.4


SKY COVER
  POSSIBLE SUNSHINE  MM
  AVERAGE SKY COVER 0.4


WEATHER CONDITIONS
 THE FOLLOWING WEATHER WAS RECORDED TODAY.
  NO SIGNIFICANT WEATHER WAS OBSERVED.


RELATIVE HUMIDITY (PERCENT)
 HIGHEST    83           300 AM
 LOWEST     25           300 PM
 AVERAGE    54

..........................................................


THE FORT WAYNE CLIMATE NORMALS FOR TOMORROW
                         NORMAL    RECORD    YEAR
 MAXIMUM TEMPERATURE (F)   63        86      1985
 MINIMUM TEMPERATURE (F)   40        21      1983


SUNRISE AND SUNSET
APRIL 18 2017.........SUNRISE   657 AM EDT   SUNSET   824 PM EDT
APRIL 19 2017.........SUNRISE   655 AM EDT   SUNSET   825 PM EDT


-  INDICATES NEGATIVE NUMBERS.
R  INDICATES RECORD WAS SET OR TIED.
MM INDICATES DATA IS MISSING.
T  INDICATES TRACE AMOUNT.




$$
