000
CDUS43 KIWX 240021
CLIFWA


CLIMATE REPORT
NATIONAL WEATHER SERVICE NORTHERN INDIANA
721 PM EST FRI JAN 23 2015


...................................

...THE FORT WAYNE CLIMATE SUMMARY FOR JANUARY 23 2015...
VALID AS OF 0700 PM LOCAL TIME.

CLIMATE NORMAL PERIOD 1981 TO 2010
CLIMATE RECORD PERIOD 1897 TO 2015


WEATHER ITEM   OBSERVED TIME   RECORD YEAR NORMAL DEPARTURE LAST
                VALUE   (LST)  VALUE       VALUE  FROM      YEAR
                                                  NORMAL
..................................................................
TEMPERATURE (F)
 TODAY
  MAXIMUM         31    454 PM  65    1909  32     -1        9
  MINIMUM         28    119 PM -18    1963  17     11       -3
  AVERAGE         30                        25      5        3

PRECIPITATION (IN)
  TODAY            0.00          0.64 1953   0.07  -0.07      T
  MONTH TO DATE    1.98                      1.72   0.26     2.37
  SINCE DEC 1      3.70                      4.49  -0.79     5.23
  SINCE JAN 1      1.98                      1.72   0.26     2.37

SNOWFALL (IN)
  TODAY            0.0           2.0  2004   0.3   -0.3       T
  MONTH TO DATE   10.3                       7.4    2.9     25.7
  SINCE DEC 1     10.9                      15.9   -5.0     35.6
  SINCE JUL 1     15.1                      18.0   -2.9     36.6
  SNOW DEPTH       T

DEGREE DAYS
 HEATING
  TODAY           35                        40     -5       62
  MONTH TO DATE 1012                       919     93     1059
  SINCE DEC 1   2005                      2030    -25     2214
  SINCE JUL 1   3451                      3247    204     3515

 COOLING
  TODAY            0                         0      0        0
  MONTH TO DATE    0                         0      0        0
  SINCE DEC 1      0                         0      0        0
  SINCE JAN 1      0                         0      0        0
..................................................................


WIND (MPH)
  RESULTANT WIND SPEED   7   RESULTANT WIND DIRECTION   W (250)
  HIGHEST WIND SPEED    13   HIGHEST WIND DIRECTION    SW (220)
  HIGHEST GUST SPEED    15   HIGHEST GUST DIRECTION     W (280)
  AVERAGE WIND SPEED     7.6


SKY COVER
  POSSIBLE SUNSHINE  MM
  AVERAGE SKY COVER 1.0


WEATHER CONDITIONS
 THE FOLLOWING WEATHER WAS RECORDED TODAY.
  NO SIGNIFICANT WEATHER WAS OBSERVED.


RELATIVE HUMIDITY (PERCENT)
 HIGHEST    78           100 AM
 LOWEST     69          1200 AM
 AVERAGE    74

..........................................................


THE FORT WAYNE CLIMATE NORMALS FOR TOMORROW
                         NORMAL    RECORD    YEAR
 MAXIMUM TEMPERATURE (F)   32        63      1950
 MINIMUM TEMPERATURE (F)   17       -16      1936


SUNRISE AND SUNSET
JANUARY 23 2015.......SUNRISE   759 AM EST   SUNSET   546 PM EST
JANUARY 24 2015.......SUNRISE   758 AM EST   SUNSET   548 PM EST


-  INDICATES NEGATIVE NUMBERS.
R  INDICATES RECORD WAS SET OR TIED.
MM INDICATES DATA IS MISSING.
T  INDICATES TRACE AMOUNT.




$$
