000
CDUS43 KIWX 110528
CLIFWA


CLIMATE REPORT
NATIONAL WEATHER SERVICE NORTHERN INDIANA
1227 AM EST SUN FEB 11 2018


...................................

...THE FORT WAYNE CLIMATE SUMMARY FOR FEBRUARY 10 2018...

CLIMATE NORMAL PERIOD 1981 TO 2010
CLIMATE RECORD PERIOD 1897 TO 2018


WEATHER ITEM   OBSERVED TIME   RECORD YEAR NORMAL DEPARTURE LAST
                VALUE   (LST)  VALUE       VALUE  FROM      YEAR
                                                  NORMAL
..................................................................
TEMPERATURE (F)
 YESTERDAY
  MAXIMUM         31   1207 AM  65    1932  35     -4       42
                                      1898
  MINIMUM         24   1159 PM -18    1982  19      5       12
  AVERAGE         28                        27      1       27

PRECIPITATION (IN)
  YESTERDAY        T             1.14 1981   0.07  -0.07     0.00
  MONTH TO DATE    0.42                      0.70  -0.28     1.09
  SINCE DEC 1      2.68                      5.73  -3.05     8.11
  SINCE JAN 1      1.67                      2.96  -1.29     5.80

SNOWFALL (IN)
  YESTERDAY        0.1           6.3  1981   0.3   -0.2      0.0
  MONTH TO DATE    7.3                       3.1    4.2      2.4
  SINCE DEC 1     25.9                      21.7    4.2     14.6
  SINCE JUL 1     25.9                      23.8    2.1     15.0
  SNOW DEPTH       1

DEGREE DAYS
 HEATING
  YESTERDAY       37                        38     -1       38
  MONTH TO DATE  434                       388     46      339
  SINCE DEC 1   2831                      2742     89     2489
  SINCE JUL 1   3884                      3959    -75     3334

 COOLING
  YESTERDAY        0                         0      0        0
  MONTH TO DATE    0                         0      0        0
  SINCE DEC 1      0                         0      0        0
  SINCE JAN 1      0                         0      0        0
..................................................................


WIND (MPH)
  HIGHEST WIND SPEED    16   HIGHEST WIND DIRECTION    NE (60)
  HIGHEST GUST SPEED    19   HIGHEST GUST DIRECTION     E (70)
  AVERAGE WIND SPEED    10.3


SKY COVER
  AVERAGE SKY COVER 0.9


WEATHER CONDITIONS
 THE FOLLOWING WEATHER WAS RECORDED YESTERDAY.
  LT FREEZING RAIN
  LIGHT SNOW
  SLEET
  FOG
  HAZE


RELATIVE HUMIDITY (PERCENT)
 HIGHEST    88           500 AM
 LOWEST     75          1200 PM
 AVERAGE    82

..........................................................


THE FORT WAYNE CLIMATE NORMALS FOR TODAY
                         NORMAL    RECORD    YEAR
 MAXIMUM TEMPERATURE (F)   35        71      1999
 MINIMUM TEMPERATURE (F)   19       -16      2014


SUNRISE AND SUNSET
FEBRUARY 11 2018......SUNRISE   740 AM EST   SUNSET   610 PM EST
FEBRUARY 12 2018......SUNRISE   739 AM EST   SUNSET   612 PM EST


-  INDICATES NEGATIVE NUMBERS.
R  INDICATES RECORD WAS SET OR TIED.
MM INDICATES DATA IS MISSING.
T  INDICATES TRACE AMOUNT.




$$
