000
CDUS43 KIWX 070020
CLIFWA


CLIMATE REPORT
NATIONAL WEATHER SERVICE NORTHERN INDIANA
820 PM EDT SUN JUL 6 2014


...................................

...THE FORT WAYNE CLIMATE SUMMARY FOR JULY 6 2014...
VALID AS OF 0800 PM LOCAL TIME.

CLIMATE NORMAL PERIOD 1981 TO 2010
CLIMATE RECORD PERIOD 1897 TO 2014


WEATHER ITEM   OBSERVED TIME   RECORD YEAR NORMAL DEPARTURE LAST
                VALUE   (LST)  VALUE       VALUE  FROM      YEAR
                                                  NORMAL
..................................................................
TEMPERATURE (F)
 TODAY
  MAXIMUM         81    618 PM 101    2012  85     -4       79
  MINIMUM         64    604 AM  45    2001  63      1       68
  AVERAGE         73                        74     -1       74

PRECIPITATION (IN)
  TODAY            0.01          2.67 2003   0.13  -0.12     0.16
  MONTH TO DATE    0.57                      0.78  -0.21     0.85
  SINCE JUN 1      6.38                      4.94   1.44     6.76
  SINCE JAN 1     22.92                     19.74   3.18    24.43

SNOWFALL (IN)
  TODAY            0.0           0.0  2002   0.0    0.0      0.0
                                      2001
  MONTH TO DATE    T                         0.0    0.0      0.0
  SINCE JUN 1      T                         0.0    0.0      0.0
  SINCE JUL 1      T                         0.0    0.0      0.0
  SNOW DEPTH       0

DEGREE DAYS
 HEATING
  TODAY            0                         0      0        0
  MONTH TO DATE    0                         0      0        0
  SINCE JUN 1     14                        29    -15       19
  SINCE JUL 1      0                         0      0        0

 COOLING
  TODAY            8                         9     -1        9
  MONTH TO DATE   27                        54    -27       36
  SINCE JUN 1    257                       236     21      224
  SINCE JAN 1    338                       293     45      329
..................................................................


WIND (MPH)
  RESULTANT WIND SPEED  11   RESULTANT WIND DIRECTION  SW (210)
  HIGHEST WIND SPEED    20   HIGHEST WIND DIRECTION    SW (210)
  HIGHEST GUST SPEED    25   HIGHEST GUST DIRECTION    SW (210)
  AVERAGE WIND SPEED    11.4


SKY COVER
  POSSIBLE SUNSHINE  MM
  AVERAGE SKY COVER 0.9


WEATHER CONDITIONS
 THE FOLLOWING WEATHER WAS RECORDED TODAY.
  LIGHT RAIN


RELATIVE HUMIDITY (PERCENT)
 HIGHEST    84           600 AM
 LOWEST     60          1200 PM
 AVERAGE    72

..........................................................


THE FORT WAYNE CLIMATE NORMALS FOR TOMORROW
                         NORMAL    RECORD    YEAR
 MAXIMUM TEMPERATURE (F)   85       103      2012
 MINIMUM TEMPERATURE (F)   63        48      1984


SUNRISE AND SUNSET
JULY  6 2014..........SUNRISE   615 AM EDT   SUNSET   916 PM EDT
JULY  7 2014..........SUNRISE   616 AM EDT   SUNSET   915 PM EDT


-  INDICATES NEGATIVE NUMBERS.
R  INDICATES RECORD WAS SET OR TIED.
MM INDICATES DATA IS MISSING.
T  INDICATES TRACE AMOUNT.




$$
