000
CDUS43 KIWX 170021
CLIFWA


CLIMATE REPORT
NATIONAL WEATHER SERVICE NORTHERN INDIANA
821 PM EDT THU MAR 16 2017


...................................

...THE FORT WAYNE CLIMATE SUMMARY FOR MARCH 16 2017...
VALID AS OF 0800 PM LOCAL TIME.

CLIMATE NORMAL PERIOD 1981 TO 2010
CLIMATE RECORD PERIOD 1897 TO 2017


WEATHER ITEM   OBSERVED TIME   RECORD YEAR NORMAL DEPARTURE LAST
                VALUE   (LST)  VALUE       VALUE  FROM      YEAR
                                                  NORMAL
..................................................................
TEMPERATURE (F)
 TODAY
  MAXIMUM         40    453 PM  78    2012  48     -8       62
  MINIMUM         18    536 AM   5    1900  29    -11       43
  AVERAGE         29                        38     -9       53

PRECIPITATION (IN)
  TODAY            0.00          0.82 1919   0.08  -0.08      T
  MONTH TO DATE    0.99                      1.27  -0.28     1.71
  SINCE MAR 1      0.99                      1.27  -0.28     1.71
  SINCE JAN 1      7.46                      5.57   1.89     4.76

SNOWFALL (IN)
  TODAY            0.0           3.5  1976   0.1   -0.1      0.0
                                      1926
  MONTH TO DATE    2.1                       2.7   -0.6      2.8
  SINCE MAR 1      2.1                       2.7   -0.6      2.8
  SINCE JUL 1     17.2                      31.1  -13.9     19.0
  SNOW DEPTH       0

DEGREE DAYS
 HEATING
  TODAY           36                        27      9       12
  MONTH TO DATE  491                       473     18      332
  SINCE MAR 1    491                       473     18      332
  SINCE JUL 1   4185                      5071   -886     4159

 COOLING
  TODAY            0                         0      0        0
  MONTH TO DATE    0                         0      0        0
  SINCE MAR 1      0                         0      0        0
  SINCE JAN 1      0                         0      0        0
..................................................................


WIND (MPH)
  RESULTANT WIND SPEED   9   RESULTANT WIND DIRECTION   W (270)
  HIGHEST WIND SPEED    17   HIGHEST WIND DIRECTION    SW (240)
  HIGHEST GUST SPEED    23   HIGHEST GUST DIRECTION     W (270)
  AVERAGE WIND SPEED     9.6


SKY COVER
  POSSIBLE SUNSHINE  MM
  AVERAGE SKY COVER 0.0


WEATHER CONDITIONS
 THE FOLLOWING WEATHER WAS RECORDED TODAY.
  NO SIGNIFICANT WEATHER WAS OBSERVED.


RELATIVE HUMIDITY (PERCENT)
 HIGHEST    73          1200 AM
 LOWEST     34           300 PM
 AVERAGE    54

..........................................................


THE FORT WAYNE CLIMATE NORMALS FOR TOMORROW
                         NORMAL    RECORD    YEAR
 MAXIMUM TEMPERATURE (F)   49        76      2012
 MINIMUM TEMPERATURE (F)   29        -4      1900


SUNRISE AND SUNSET
MARCH 16 2017.........SUNRISE   750 AM EDT   SUNSET   749 PM EDT
MARCH 17 2017.........SUNRISE   749 AM EDT   SUNSET   750 PM EDT


-  INDICATES NEGATIVE NUMBERS.
R  INDICATES RECORD WAS SET OR TIED.
MM INDICATES DATA IS MISSING.
T  INDICATES TRACE AMOUNT.




$$
