031
CDUS43 KIWX 222040
CLIFWA


CLIMATE REPORT
NATIONAL WEATHER SERVICE NORTHERN INDIANA
440 PM EDT SUN MAY 22 2016


...................................

...THE FORT WAYNE CLIMATE SUMMARY FOR MAY 22 2016...
VALID TODAY AS OF 0400 PM LOCAL TIME.

CLIMATE NORMAL PERIOD 1981 TO 2010
CLIMATE RECORD PERIOD 1897 TO 2016


WEATHER ITEM   OBSERVED TIME   RECORD YEAR NORMAL DEPARTURE LAST
                VALUE   (LST)  VALUE       VALUE  FROM      YEAR
                                                  NORMAL
..................................................................
TEMPERATURE (F)
 TODAY
  MAXIMUM         77    300 PM  92    1902  74      3       72
  MINIMUM         53        MM  35    1924  51      2       45
  AVERAGE         65                        62      3       59

PRECIPITATION (IN)
  TODAY            0.00          1.45 1917   0.16  -0.16     0.00
  MONTH TO DATE    4.13                      2.81   1.32     2.62
  SINCE MAR 1     11.14                      9.04   2.10     7.97
  SINCE JAN 1     14.19                     13.34   0.85    11.74

DEGREE DAYS
 HEATING
  TODAY            0                         5     -5        6
  MONTH TO DATE  194                       158     36      100
  SINCE MAR 1   1285                      1442   -157     1489
  SINCE JUL 1   5112                      6040   -928     6638

 COOLING
  TODAY            0                         2     -2        0
  MONTH TO DATE    2                        25    -23       55
  SINCE MAR 1      2                        33    -31       55
  SINCE JAN 1      2                        33    -31       55
..................................................................


WIND (MPH)
  HIGHEST WIND SPEED    15   HIGHEST WIND DIRECTION     N (350)
  HIGHEST GUST SPEED    23   HIGHEST GUST DIRECTION     N (20)
  AVERAGE WIND SPEED     8.6


SKY COVER
  POSSIBLE SUNSHINE  MM
  AVERAGE SKY COVER 0.3


WEATHER CONDITIONS
 THE FOLLOWING WEATHER WAS RECORDED TODAY.
  NO SIGNIFICANT WEATHER WAS OBSERVED.


RELATIVE HUMIDITY (PERCENT)
 HIGHEST    59           200 AM
 LOWEST     28           300 PM
 AVERAGE    44

..........................................................


THE FORT WAYNE CLIMATE NORMALS FOR TOMORROW
                         NORMAL    RECORD    YEAR
 MAXIMUM TEMPERATURE (F)   74        91      2007
 MINIMUM TEMPERATURE (F)   52        31      1963


SUNRISE AND SUNSET
MAY 22 2016...........SUNRISE   617 AM EDT   SUNSET   859 PM EDT
MAY 23 2016...........SUNRISE   616 AM EDT   SUNSET   900 PM EDT


-  INDICATES NEGATIVE NUMBERS.
R  INDICATES RECORD WAS SET OR TIED.
MM INDICATES DATA IS MISSING.
T  INDICATES TRACE AMOUNT.




$$
