000
CDUS43 KIWX 030524
CLIFWA


CLIMATE REPORT
NATIONAL WEATHER SERVICE NORTHERN INDIANA
1222 AM EST SUN DEC 3 2017


...................................

...THE FORT WAYNE CLIMATE SUMMARY FOR DECEMBER 2 2017...

CLIMATE NORMAL PERIOD 1981 TO 2010
CLIMATE RECORD PERIOD 1897 TO 2017


WEATHER ITEM   OBSERVED TIME   RECORD YEAR NORMAL DEPARTURE LAST
                VALUE   (LST)  VALUE       VALUE  FROM      YEAR
                                                  NORMAL
..................................................................
TEMPERATURE (F)
 YESTERDAY
  MAXIMUM         53    346 PM  71    1982  41     12       40
  MINIMUM         25    515 AM   0    1976  27     -2       35
  AVERAGE         39                        34      5       38

PRECIPITATION (IN)
  YESTERDAY        0.00          1.53 1967   0.09  -0.09      T
  MONTH TO DATE    0.00                      0.19  -0.19      T
  SINCE DEC 1      0.00                      0.19  -0.19      T
  SINCE JAN 1     47.68                     35.76  11.92    35.06

SNOWFALL (IN)
  YESTERDAY        0.0           5.7  1964   0.1   -0.1      0.0
  MONTH TO DATE    0.0                       0.3   -0.3       T
  SINCE DEC 1      0.0                       0.3   -0.3       T
  SINCE JUL 1      T                         2.4   -2.4      0.4
  SNOW DEPTH       0

DEGREE DAYS
 HEATING
  YESTERDAY       26                        31     -5       27
  MONTH TO DATE   52                        62    -10       54
  SINCE DEC 1     52                        62    -10       54
  SINCE JUL 1   1105                      1279   -174      899

 COOLING
  YESTERDAY        0                         0      0        0
  MONTH TO DATE    0                         0      0        0
  SINCE DEC 1      0                         0      0        0
  SINCE JAN 1    836                       809     27     1104
..................................................................


WIND (MPH)
  HIGHEST WIND SPEED    13   HIGHEST WIND DIRECTION    SW (240)
  HIGHEST GUST SPEED    16   HIGHEST GUST DIRECTION    SW (220)
  AVERAGE WIND SPEED     5.2


SKY COVER
  AVERAGE SKY COVER 0.5


WEATHER CONDITIONS
 THE FOLLOWING WEATHER WAS RECORDED YESTERDAY.
  FOG
  HAZE


RELATIVE HUMIDITY (PERCENT)
 HIGHEST    92           200 AM
 LOWEST     45           300 PM
 AVERAGE    69

..........................................................


THE FORT WAYNE CLIMATE NORMALS FOR TODAY
                         NORMAL    RECORD    YEAR
 MAXIMUM TEMPERATURE (F)   41        69      1982
 MINIMUM TEMPERATURE (F)   26        -2      1942


SUNRISE AND SUNSET
DECEMBER  3 2017......SUNRISE   749 AM EST   SUNSET   513 PM EST
DECEMBER  4 2017......SUNRISE   749 AM EST   SUNSET   513 PM EST


-  INDICATES NEGATIVE NUMBERS.
R  INDICATES RECORD WAS SET OR TIED.
MM INDICATES DATA IS MISSING.
T  INDICATES TRACE AMOUNT.




$$
