000
CDUS43 KIWX 232024
CLIFWA


CLIMATE REPORT
NATIONAL WEATHER SERVICE NORTHERN INDIANA
424 PM EDT SAT AUG 23 2014


...................................

...THE FORT WAYNE CLIMATE SUMMARY FOR AUGUST 23 2014...
VALID TODAY AS OF 0400 PM LOCAL TIME.

CLIMATE NORMAL PERIOD 1981 TO 2010
CLIMATE RECORD PERIOD 1897 TO 2014


WEATHER ITEM   OBSERVED TIME   RECORD YEAR NORMAL DEPARTURE LAST
                VALUE   (LST)  VALUE       VALUE  FROM      YEAR
                                                  NORMAL
..................................................................
TEMPERATURE (F)
 TODAY
  MAXIMUM         84    157 PM  95    1936  82      2       82
  MINIMUM         68    527 AM  44    1902  60      8       60
  AVERAGE         76                        71      5       71

PRECIPITATION (IN)
  TODAY            0.12          1.15 1988   0.11   0.01     0.00
  MONTH TO DATE    5.91                      2.74   3.17     5.07
  SINCE JUN 1     13.72                     11.14   2.58    14.66
  SINCE JAN 1     30.26                     25.94   4.32    32.33

DEGREE DAYS
 HEATING
  TODAY            0                         0      0        0
  MONTH TO DATE   10                         0     10       10
  SINCE JUN 1     38                        32      6       39
  SINCE JUL 1     24                         3     21       20

 COOLING
  TODAY           11                         6      5        6
  MONTH TO DATE  137                       164    -27      113
  SINCE JUN 1    517                       613    -96      541
  SINCE JAN 1    598                       670    -72      646
..................................................................


WIND (MPH)
  HIGHEST WIND SPEED    13   HIGHEST WIND DIRECTION     E (80)
  HIGHEST GUST SPEED    15   HIGHEST GUST DIRECTION     E (80)
  AVERAGE WIND SPEED     4.3


SKY COVER
  POSSIBLE SUNSHINE  MM
  AVERAGE SKY COVER 0.7


WEATHER CONDITIONS
 THE FOLLOWING WEATHER WAS RECORDED TODAY.
  RAIN
  LIGHT RAIN
  FOG
  FOG W/VISIBILITY <= 1/4 MILE
  HAZE


RELATIVE HUMIDITY (PERCENT)
 HIGHEST   100           600 AM
 LOWEST     69           300 PM
 AVERAGE    85

..........................................................


THE FORT WAYNE CLIMATE NORMALS FOR TOMORROW
                         NORMAL    RECORD    YEAR
 MAXIMUM TEMPERATURE (F)   82        95      1962
                                             1947
                                             1899
 MINIMUM TEMPERATURE (F)   60        44      1987


SUNRISE AND SUNSET
AUGUST 23 2014........SUNRISE   659 AM EDT   SUNSET   828 PM EDT
AUGUST 24 2014........SUNRISE   700 AM EDT   SUNSET   826 PM EDT


-  INDICATES NEGATIVE NUMBERS.
R  INDICATES RECORD WAS SET OR TIED.
MM INDICATES DATA IS MISSING.
T  INDICATES TRACE AMOUNT.




$$
