000
CDUS43 KIWX 112028
CLIFWA


CLIMATE REPORT
NATIONAL WEATHER SERVICE NORTHERN INDIANA
428 PM EDT FRI AUG 11 2017


...................................

...THE FORT WAYNE CLIMATE SUMMARY FOR AUGUST 11 2017...
VALID TODAY AS OF 0400 PM LOCAL TIME.

CLIMATE NORMAL PERIOD 1981 TO 2010
CLIMATE RECORD PERIOD 1897 TO 2017


WEATHER ITEM   OBSERVED TIME   RECORD YEAR NORMAL DEPARTURE LAST
                VALUE   (LST)  VALUE       VALUE  FROM      YEAR
                                                  NORMAL
..................................................................
TEMPERATURE (F)
 TODAY
  MAXIMUM         81    257 PM  99    1941  83     -2       90
  MINIMUM         65    502 AM  46    1967  62      3       74
  AVERAGE         73                        72      1       82

PRECIPITATION (IN)
  TODAY            T             1.85 2014   0.11  -0.11     0.24
  MONTH TO DATE    0.32                      1.33  -1.01     0.24
  SINCE JUN 1     11.99                      9.73   2.26     6.80
  SINCE JAN 1     35.44                     24.53  10.91    20.99

DEGREE DAYS
 HEATING
  TODAY            0                         0      0        0
  MONTH TO DATE    1                         0      1        0
  SINCE JUN 1      7                        32    -25       14
  SINCE JUL 1      1                         3     -2        3

 COOLING
  TODAY            8                         7      1       17
  MONTH TO DATE   43                        82    -39      141
  SINCE JUN 1    531                       531      0      657
  SINCE JAN 1    595                       588      7      731
..................................................................


WIND (MPH)
  HIGHEST WIND SPEED    16   HIGHEST WIND DIRECTION    SW (220)
  HIGHEST GUST SPEED    21   HIGHEST GUST DIRECTION     S (200)
  AVERAGE WIND SPEED     7.9


SKY COVER
  POSSIBLE SUNSHINE  MM
  AVERAGE SKY COVER 0.9


WEATHER CONDITIONS
 THE FOLLOWING WEATHER WAS RECORDED TODAY.
  NO SIGNIFICANT WEATHER WAS OBSERVED.


RELATIVE HUMIDITY (PERCENT)
 HIGHEST    87           400 AM
 LOWEST     58           300 PM
 AVERAGE    73

..........................................................


THE FORT WAYNE CLIMATE NORMALS FOR TOMORROW
                         NORMAL    RECORD    YEAR
 MAXIMUM TEMPERATURE (F)   83        99      1918
 MINIMUM TEMPERATURE (F)   62        43      1902


SUNRISE AND SUNSET
AUGUST 11 2017........SUNRISE   647 AM EDT   SUNSET   844 PM EDT
AUGUST 12 2017........SUNRISE   648 AM EDT   SUNSET   843 PM EDT


-  INDICATES NEGATIVE NUMBERS.
R  INDICATES RECORD WAS SET OR TIED.
MM INDICATES DATA IS MISSING.
T  INDICATES TRACE AMOUNT.




$$
