000
CDUS43 KIWX 282022
CLIFWA


CLIMATE REPORT
NATIONAL WEATHER SERVICE NORTHERN INDIANA
422 PM EDT TUE JUL 28 2015


...................................

...THE FORT WAYNE CLIMATE SUMMARY FOR JULY 28 2015...
VALID TODAY AS OF 0400 PM LOCAL TIME.

CLIMATE NORMAL PERIOD 1981 TO 2010
CLIMATE RECORD PERIOD 1897 TO 2015


WEATHER ITEM   OBSERVED TIME   RECORD YEAR NORMAL DEPARTURE LAST
                VALUE   (LST)  VALUE       VALUE  FROM      YEAR
                                                  NORMAL
..................................................................
TEMPERATURE (F)
 TODAY
  MAXIMUM         90    245 PM  98    1916  84      6       72
  MINIMUM         66    559 AM  49    1900  62      4       53
  AVERAGE         78                        73      5       63

PRECIPITATION (IN)
  TODAY            0.00          1.42 1961   0.13  -0.13     0.00
  MONTH TO DATE    5.97                      3.84   2.13     2.00
  SINCE JUN 1     17.95                      8.00   9.95     7.81
  SINCE JAN 1     32.08                     22.80   9.28    24.51

DEGREE DAYS
 HEATING
  TODAY            0                         0      0        2
  MONTH TO DATE    0                         0      0       11
  SINCE JUN 1     28                        29     -1       25
  SINCE JUL 1      0                         0      0       11

 COOLING
  TODAY           13                         8      5        0
  MONTH TO DATE  185                       245    -60      143
  SINCE JUN 1    361                       427    -66      373
  SINCE JAN 1    457                       484    -27      454
..................................................................


WIND (MPH)
  HIGHEST WIND SPEED     9   HIGHEST WIND DIRECTION    SE (140)
  HIGHEST GUST SPEED    13   HIGHEST GUST DIRECTION    SE (120)
  AVERAGE WIND SPEED     5.6


SKY COVER
  POSSIBLE SUNSHINE  MM
  AVERAGE SKY COVER 0.3


WEATHER CONDITIONS
 THE FOLLOWING WEATHER WAS RECORDED TODAY.
  NO SIGNIFICANT WEATHER WAS OBSERVED.


RELATIVE HUMIDITY (PERCENT)
 HIGHEST    87           400 AM
 LOWEST     55          1200 PM
 AVERAGE    71

..........................................................


THE FORT WAYNE CLIMATE NORMALS FOR TOMORROW
                         NORMAL    RECORD    YEAR
 MAXIMUM TEMPERATURE (F)   83        98      1916
 MINIMUM TEMPERATURE (F)   62        47      1904


SUNRISE AND SUNSET
JULY 28 2015..........SUNRISE   633 AM EDT   SUNSET   901 PM EDT
JULY 29 2015..........SUNRISE   634 AM EDT   SUNSET   900 PM EDT


-  INDICATES NEGATIVE NUMBERS.
R  INDICATES RECORD WAS SET OR TIED.
MM INDICATES DATA IS MISSING.
T  INDICATES TRACE AMOUNT.




$$
