000
CDUS43 KIWX 182040
CLIFWA


CLIMATE REPORT
NATIONAL WEATHER SERVICE NORTHERN INDIANA
440 PM EDT SAT OCT 18 2014


...................................

...THE FORT WAYNE CLIMATE SUMMARY FOR OCTOBER 18 2014...
VALID TODAY AS OF 0400 PM LOCAL TIME.

CLIMATE NORMAL PERIOD 1981 TO 2010
CLIMATE RECORD PERIOD 1897 TO 2014


WEATHER ITEM   OBSERVED TIME   RECORD YEAR NORMAL DEPARTURE LAST
                VALUE   (LST)  VALUE       VALUE  FROM      YEAR
                                                  NORMAL
..................................................................
TEMPERATURE (F)
 TODAY
  MAXIMUM         52   1215 AM  86    1908  63    -11       66
  MINIMUM         46    259 PM  24    1976  41      5       38
  AVERAGE         49                        52     -3       52

PRECIPITATION (IN)
  TODAY            0.13          2.96 1947   0.09   0.04     0.00
  MONTH TO DATE    2.42                      1.70   0.72     1.41
  SINCE SEP 1      7.32                      4.50   2.82     3.30
  SINCE JAN 1     37.71                     31.34   6.37    35.64

SNOWFALL (IN)
  TODAY            0.0           0.5  1972   0.0    0.0      0.0
  MONTH TO DATE    T                         0.1   -0.1      0.0
  SINCE SEP 1      T                         0.1   -0.1      0.0
  SINCE JUL 1      T                         0.1   -0.1      0.0

DEGREE DAYS
 HEATING
  TODAY           16                        13      3       13
  MONTH TO DATE  198                       193      5      126
  SINCE SEP 1    318                       297     21      224
  SINCE JUL 1    342                       309     33      244

 COOLING
  TODAY            0                         0      0        0
  MONTH TO DATE    3                         8     -5       28
  SINCE SEP 1     57                        91    -34      126
  SINCE JAN 1    731                       808    -77      855
..................................................................


WIND (MPH)
  HIGHEST WIND SPEED    20   HIGHEST WIND DIRECTION    NW (330)
  HIGHEST GUST SPEED    26   HIGHEST GUST DIRECTION     N (340)
  AVERAGE WIND SPEED    10.0


SKY COVER
  POSSIBLE SUNSHINE  MM
  AVERAGE SKY COVER 0.9


WEATHER CONDITIONS
 THE FOLLOWING WEATHER WAS RECORDED TODAY.
  LIGHT RAIN
  FOG
  HAZE


RELATIVE HUMIDITY (PERCENT)
 HIGHEST    86           100 AM
 LOWEST     74          1200 PM
 AVERAGE    80

..........................................................


THE FORT WAYNE CLIMATE NORMALS FOR TOMORROW
                         NORMAL    RECORD    YEAR
 MAXIMUM TEMPERATURE (F)   62        85      1953
 MINIMUM TEMPERATURE (F)   41        25      1972
                                             1909


SUNRISE AND SUNSET
OCTOBER 18 2014.......SUNRISE   756 AM EDT   SUNSET   656 PM EDT
OCTOBER 19 2014.......SUNRISE   757 AM EDT   SUNSET   654 PM EDT


-  INDICATES NEGATIVE NUMBERS.
R  INDICATES RECORD WAS SET OR TIED.
MM INDICATES DATA IS MISSING.
T  INDICATES TRACE AMOUNT.




$$
