000
CDUS43 KIWX 092020
CLIFWA


CLIMATE REPORT
NATIONAL WEATHER SERVICE NORTHERN INDIANA
420 PM EDT MON OCT 9 2017


...................................

...THE FORT WAYNE CLIMATE SUMMARY FOR OCTOBER 9 2017...
VALID TODAY AS OF 0400 PM LOCAL TIME.

CLIMATE NORMAL PERIOD 1981 TO 2010
CLIMATE RECORD PERIOD 1897 TO 2017


WEATHER ITEM   OBSERVED TIME   RECORD YEAR NORMAL DEPARTURE LAST
                VALUE   (LST)  VALUE       VALUE  FROM      YEAR
                                                  NORMAL
..................................................................
TEMPERATURE (F)
 TODAY
  MAXIMUM         75    259 PM  86    1949  66      9       65
  MINIMUM         62    551 AM  26    1989  44     18       41
  AVERAGE         69                        55     14       53

PRECIPITATION (IN)
  TODAY            0.01          1.45 1954   0.09  -0.08     0.00
  MONTH TO DATE    0.70                      0.86  -0.16     0.63
  SINCE SEP 1      2.37                      3.66  -1.29     6.07
  SINCE JAN 1     40.65                     30.50  10.15    29.88

DEGREE DAYS
 HEATING
  TODAY            0                        11    -11       12
  MONTH TO DATE   14                        84    -70       38
  SINCE SEP 1     94                       188    -94       62
  SINCE JUL 1    109                       200    -91       65

 COOLING
  TODAY            4                         0      4        0
  MONTH TO DATE   24                         8     16       16
  SINCE SEP 1    141                        91     50      159
  SINCE JAN 1    829                       808     21     1085
..................................................................


WIND (MPH)
  HIGHEST WIND SPEED    10   HIGHEST WIND DIRECTION     S (190)
  HIGHEST GUST SPEED    14   HIGHEST GUST DIRECTION    NE (40)
  AVERAGE WIND SPEED     5.0


SKY COVER
  POSSIBLE SUNSHINE  MM
  AVERAGE SKY COVER 0.7


WEATHER CONDITIONS
 THE FOLLOWING WEATHER WAS RECORDED TODAY.
  LIGHT RAIN
  FOG


RELATIVE HUMIDITY (PERCENT)
 HIGHEST    93           200 AM
 LOWEST     58           300 PM
 AVERAGE    76

..........................................................


THE FORT WAYNE CLIMATE NORMALS FOR TOMORROW
                         NORMAL    RECORD    YEAR
 MAXIMUM TEMPERATURE (F)   66        87      2010
 MINIMUM TEMPERATURE (F)   43        29      1993


SUNRISE AND SUNSET
OCTOBER  9 2017.......SUNRISE   746 AM EDT   SUNSET   709 PM EDT
OCTOBER 10 2017.......SUNRISE   747 AM EDT   SUNSET   708 PM EDT


-  INDICATES NEGATIVE NUMBERS.
R  INDICATES RECORD WAS SET OR TIED.
MM INDICATES DATA IS MISSING.
T  INDICATES TRACE AMOUNT.




$$
