000
CDUS43 KIWX 130028
CLIFWA


CLIMATE REPORT
NATIONAL WEATHER SERVICE NORTHERN INDIANA
727 PM EST THU JAN 12 2017


...................................

...THE FORT WAYNE CLIMATE SUMMARY FOR JANUARY 12 2017...
VALID AS OF 0700 PM LOCAL TIME.

CLIMATE NORMAL PERIOD 1981 TO 2010
CLIMATE RECORD PERIOD 1897 TO 2017


WEATHER ITEM   OBSERVED TIME   RECORD YEAR NORMAL DEPARTURE LAST
                VALUE   (LST)  VALUE       VALUE  FROM      YEAR
                                                  NORMAL
..................................................................
TEMPERATURE (F)
 TODAY
  MAXIMUM         57   1256 AM  64    2005  32     25       29
                                      1898
  MINIMUM         33    725 PM -24    1918  17     16        6
  AVERAGE         45                        25     20       18

PRECIPITATION (IN)
  TODAY            0.87          1.26 1908   0.07   0.80     0.05
  MONTH TO DATE    2.45                      0.95   1.50     1.23
  SINCE DEC 1      4.76                      3.72   1.04     5.38
  SINCE JAN 1      2.45                      0.95   1.50     1.23

SNOWFALL (IN)
  TODAY            0.0           4.9  1964   0.3   -0.3      1.4
  MONTH TO DATE    0.7                       3.8   -3.1      3.8
  SINCE DEC 1     11.6                      12.3   -0.7      4.0
  SINCE JUL 1     12.0                      14.4   -2.4      8.2
  SNOW DEPTH       0

DEGREE DAYS
 HEATING
  TODAY           20                        40    -20       47
  MONTH TO DATE  447                       479    -32      442
  SINCE DEC 1   1613                      1590     23     1160
  SINCE JUL 1   2458                      2807   -349     2129

 COOLING
  TODAY            0                         0      0        0
  MONTH TO DATE    0                         0      0        0
  SINCE DEC 1      0                         0      0        0
  SINCE JAN 1      0                         0      0        0
..................................................................


WIND (MPH)
  RESULTANT WIND SPEED  10   RESULTANT WIND DIRECTION  NW (300)
  HIGHEST WIND SPEED    16   HIGHEST WIND DIRECTION    NW (320)
  HIGHEST GUST SPEED    24   HIGHEST GUST DIRECTION    NW (320)
  AVERAGE WIND SPEED    11.0


SKY COVER
  POSSIBLE SUNSHINE  MM
  AVERAGE SKY COVER 0.9


WEATHER CONDITIONS
 THE FOLLOWING WEATHER WAS RECORDED TODAY.
  THUNDERSTORM
  HEAVY RAIN
  RAIN
  LIGHT RAIN
  FOG


RELATIVE HUMIDITY (PERCENT)
 HIGHEST    92          1000 AM
 LOWEST     75           500 PM
 AVERAGE    84

..........................................................


THE FORT WAYNE CLIMATE NORMALS FOR TOMORROW
                         NORMAL    RECORD    YEAR
 MAXIMUM TEMPERATURE (F)   32        62      1995
                                             1950
 MINIMUM TEMPERATURE (F)   17       -14      1977


SUNRISE AND SUNSET
JANUARY 12 2017.......SUNRISE   804 AM EST   SUNSET   534 PM EST
JANUARY 13 2017.......SUNRISE   804 AM EST   SUNSET   535 PM EST


-  INDICATES NEGATIVE NUMBERS.
R  INDICATES RECORD WAS SET OR TIED.
MM INDICATES DATA IS MISSING.
T  INDICATES TRACE AMOUNT.




$$
