000
CDUS43 KIWX 010527
CLIFWA


CLIMATE REPORT
NATIONAL WEATHER SERVICE NORTHERN INDIANA
1226 AM EST SUN MAR 1 2015


...................................

...THE FORT WAYNE CLIMATE SUMMARY FOR FEBRUARY 28 2015...

CLIMATE NORMAL PERIOD 1981 TO 2010
CLIMATE RECORD PERIOD 1897 TO 2015


WEATHER ITEM   OBSERVED TIME   RECORD YEAR NORMAL DEPARTURE LAST
                VALUE   (LST)  VALUE       VALUE  FROM      YEAR
                                                  NORMAL
..................................................................
TEMPERATURE (F)
 YESTERDAY
  MAXIMUM         20    438 PM  59    1931  41    -21       28
  MINIMUM         -2    323 AM  -4    1901  24    -26       -1
  AVERAGE          9                        32    -23       14

PRECIPITATION (IN)
  YESTERDAY        0.09          1.94 1900   0.08   0.01     0.00
  MONTH TO DATE    1.54                      2.04  -0.50     3.49
  SINCE DEC 1      5.49                      7.07  -1.58     9.10
  SINCE JAN 1      3.77                      4.30  -0.53     6.24

SNOWFALL (IN)
  YESTERDAY        0.8           2.6  1980   0.2    0.6      0.0
  MONTH TO DATE   19.0                       7.7   11.3     19.2
  SINCE DEC 1     32.3                      26.3    6.0     60.8
  SINCE JUL 1     36.5                      28.4    8.1     61.8
  SNOW DEPTH       3

DEGREE DAYS
 HEATING
  YESTERDAY       56                        33     23       51
  MONTH TO DATE 1374                      1026    348     1319
  SINCE DEC 1   3703                      3381    322     3952
  SINCE JUL 1   5149                      4598    551     5253

 COOLING
  YESTERDAY        0                         0      0        0
  MONTH TO DATE    0                         0      0        0
  SINCE DEC 1      0                         0      0        0
  SINCE JAN 1      0                         0      0        0
..................................................................


WIND (MPH)
  HIGHEST WIND SPEED    12   HIGHEST WIND DIRECTION     E (80)
  HIGHEST GUST SPEED    17   HIGHEST GUST DIRECTION    SE (140)
  AVERAGE WIND SPEED     5.2


SKY COVER
  AVERAGE SKY COVER 0.7


WEATHER CONDITIONS
 THE FOLLOWING WEATHER WAS RECORDED YESTERDAY.
  LIGHT SNOW
  FOG
  HAZE


RELATIVE HUMIDITY (PERCENT)
 HIGHEST    88           900 AM
 LOWEST     49           200 PM
 AVERAGE    69

..........................................................


THE FORT WAYNE CLIMATE NORMALS FOR TODAY
                         NORMAL    RECORD    YEAR
 MAXIMUM TEMPERATURE (F)   41        64      1992
 MINIMUM TEMPERATURE (F)   24       -10      1967


SUNRISE AND SUNSET
MARCH  1 2015.........SUNRISE   715 AM EST   SUNSET   632 PM EST
MARCH  2 2015.........SUNRISE   714 AM EST   SUNSET   633 PM EST


-  INDICATES NEGATIVE NUMBERS.
R  INDICATES RECORD WAS SET OR TIED.
MM INDICATES DATA IS MISSING.
T  INDICATES TRACE AMOUNT.




$$
