000
CDUS43 KIWX 170522
CLIFWA


CLIMATE REPORT
NATIONAL WEATHER SERVICE NORTHERN INDIANA
1221 AM EST FRI FEB 17 2017


...................................

...THE FORT WAYNE CLIMATE SUMMARY FOR FEBRUARY 16 2017...

CLIMATE NORMAL PERIOD 1981 TO 2010
CLIMATE RECORD PERIOD 1897 TO 2017


WEATHER ITEM   OBSERVED TIME   RECORD YEAR NORMAL DEPARTURE LAST
                VALUE   (LST)  VALUE       VALUE  FROM      YEAR
                                                  NORMAL
..................................................................
TEMPERATURE (F)
 YESTERDAY
  MAXIMUM         36    524 PM  62    1954  36      0       32
                                      1927
  MINIMUM         22    711 AM  -9    1905  20      2       28
  AVERAGE         29                        28      1       30

PRECIPITATION (IN)
  YESTERDAY        0.00          0.94 1954   0.08  -0.08     0.01
  MONTH TO DATE    1.24                      1.14   0.10     0.38
  SINCE DEC 1      8.26                      6.17   2.09     6.15
  SINCE JAN 1      5.95                      3.40   2.55     2.00

SNOWFALL (IN)
  YESTERDAY        0.0           5.7  1993   0.3   -0.3      0.2
  MONTH TO DATE    2.4                       4.8   -2.4      3.5
  SINCE DEC 1     14.6                      23.4   -8.8     10.6
  SINCE JUL 1     15.0                      25.5  -10.5     14.8
  SNOW DEPTH       0

DEGREE DAYS
 HEATING
  YESTERDAY       36                        37     -1       35
  MONTH TO DATE  503                       612   -109      607
  SINCE DEC 1   2653                      2966   -313     2514
  SINCE JUL 1   3498                      4183   -685     3483

 COOLING
  YESTERDAY        0                         0      0        0
  MONTH TO DATE    0                         0      0        0
  SINCE DEC 1      0                         0      0        0
  SINCE JAN 1      0                         0      0        0
..................................................................


WIND (MPH)
  HIGHEST WIND SPEED    13   HIGHEST WIND DIRECTION     E (90)
  HIGHEST GUST SPEED    15   HIGHEST GUST DIRECTION     E (80)
  AVERAGE WIND SPEED     6.2


SKY COVER
  AVERAGE SKY COVER 0.8


WEATHER CONDITIONS
 THE FOLLOWING WEATHER WAS RECORDED YESTERDAY.
  NO SIGNIFICANT WEATHER WAS OBSERVED.


RELATIVE HUMIDITY (PERCENT)
 HIGHEST    81           500 AM
 LOWEST     56           200 PM
 AVERAGE    69

..........................................................


THE FORT WAYNE CLIMATE NORMALS FOR TODAY
                         NORMAL    RECORD    YEAR
 MAXIMUM TEMPERATURE (F)   37        61      1911
 MINIMUM TEMPERATURE (F)   21       -12      1973


SUNRISE AND SUNSET
FEBRUARY 17 2017......SUNRISE   732 AM EST   SUNSET   618 PM EST
FEBRUARY 18 2017......SUNRISE   731 AM EST   SUNSET   619 PM EST


-  INDICATES NEGATIVE NUMBERS.
R  INDICATES RECORD WAS SET OR TIED.
MM INDICATES DATA IS MISSING.
T  INDICATES TRACE AMOUNT.




$$
