000
CDUS43 KIWX 260528
CLIFWA


CLIMATE REPORT
NATIONAL WEATHER SERVICE NORTHERN INDIANA
127 AM EDT TUE MAY 26 2015


...................................

...THE FORT WAYNE CLIMATE SUMMARY FOR MAY 25 2015...

CLIMATE NORMAL PERIOD 1981 TO 2010
CLIMATE RECORD PERIOD 1897 TO 2015


WEATHER ITEM   OBSERVED TIME   RECORD YEAR NORMAL DEPARTURE LAST
                VALUE   (LST)  VALUE       VALUE  FROM      YEAR
                                                  NORMAL
..................................................................
TEMPERATURE (F)
 YESTERDAY
  MAXIMUM         81    235 PM  95    1911  74      7       83
  MINIMUM         67   1155 PM  33    1925  52     15       53
  AVERAGE         74                        63     11       68

PRECIPITATION (IN)
  YESTERDAY        0.01          3.46 2011   0.16  -0.15     0.00
  MONTH TO DATE    2.63                      3.28  -0.65     4.28
  SINCE MAR 1      7.98                      9.51  -1.53    10.17
  SINCE JAN 1     11.75                     13.81  -2.06    16.41

SNOWFALL (IN)
  YESTERDAY        0.0           0.0  2002   0.0    0.0      0.0
                                      2001
  MONTH TO DATE    0.0                       0.0    0.0      0.0
  SINCE MAR 1      8.6                       5.1    3.5     14.3
  SINCE JUL 1     45.1                      33.5   11.6     76.1
  SNOW DEPTH       0

DEGREE DAYS
 HEATING
  YESTERDAY        0                         4     -4        0
  MONTH TO DATE  103                       171    -68      182
  SINCE MAR 1   1492                      1455     37     1698
  SINCE JUL 1   6641                      6053    588     6951

 COOLING
  YESTERDAY        9                         2      7        3
  MONTH TO DATE   67                        31     36       40
  SINCE MAR 1     67                        39     28       41
  SINCE JAN 1     67                        39     28       41
..................................................................


WIND (MPH)
  HIGHEST WIND SPEED    32   HIGHEST WIND DIRECTION    SW (210)
  HIGHEST GUST SPEED    41   HIGHEST GUST DIRECTION    SW (210)
  AVERAGE WIND SPEED    18.4


SKY COVER
  AVERAGE SKY COVER 0.8


WEATHER CONDITIONS
 THE FOLLOWING WEATHER WAS RECORDED YESTERDAY.
  LIGHT RAIN


RELATIVE HUMIDITY (PERCENT)
 HIGHEST    79           800 AM
 LOWEST     54           600 PM
 AVERAGE    67

..........................................................


THE FORT WAYNE CLIMATE NORMALS FOR TODAY
                         NORMAL    RECORD    YEAR
 MAXIMUM TEMPERATURE (F)   75        97      1911
 MINIMUM TEMPERATURE (F)   53        35      1961


SUNRISE AND SUNSET
MAY 26 2015...........SUNRISE   614 AM EDT   SUNSET   902 PM EDT
MAY 27 2015...........SUNRISE   614 AM EDT   SUNSET   903 PM EDT


-  INDICATES NEGATIVE NUMBERS.
R  INDICATES RECORD WAS SET OR TIED.
MM INDICATES DATA IS MISSING.
T  INDICATES TRACE AMOUNT.




$$
