000
CDUS43 KIWX 150020
CLIFWA


CLIMATE REPORT
NATIONAL WEATHER SERVICE NORTHERN INDIANA
720 PM EST SUN DEC 14 2014


...................................

...THE FORT WAYNE CLIMATE SUMMARY FOR DECEMBER 14 2014...
VALID AS OF 0700 PM LOCAL TIME.

CLIMATE NORMAL PERIOD 1981 TO 2010
CLIMATE RECORD PERIOD 1897 TO 2014


WEATHER ITEM   OBSERVED TIME   RECORD YEAR NORMAL DEPARTURE LAST
                VALUE   (LST)  VALUE       VALUE  FROM      YEAR
                                                  NORMAL
..................................................................
TEMPERATURE (F)
 TODAY
  MAXIMUM         53    248 PM  66    1975  36     17       28
  MINIMUM         42    907 AM  -5    1914  22     20       21
  AVERAGE         48                        29     19       25

PRECIPITATION (IN)
  TODAY            0.00          1.19 1971   0.09  -0.09     0.50
  MONTH TO DATE    0.46                      1.28  -0.82     0.73
  SINCE DEC 1      0.46                      1.28  -0.82     0.73
  SINCE JAN 1     41.58                     36.85   4.73    40.08

SNOWFALL (IN)
  TODAY            0.0           6.0  1922   0.3   -0.3      4.6
  MONTH TO DATE    0.1                       3.2   -3.1      6.8
  SINCE DEC 1      0.1                       3.2   -3.1      6.8
  SINCE JUL 1      4.3                       5.3   -1.0      7.8
  SNOW DEPTH       0

DEGREE DAYS
 HEATING
  TODAY           17                        36    -19       40
  MONTH TO DATE  450                       467    -17      521
  SINCE DEC 1    450                       467    -17      521
  SINCE JUL 1   1896                      1684    212     1822

 COOLING
  TODAY            0                         0      0        0
  MONTH TO DATE    0                         0      0        0
  SINCE DEC 1      0                         0      0        0
  SINCE JAN 1    731                       809    -78      855
..................................................................


WIND (MPH)
  RESULTANT WIND SPEED   8   RESULTANT WIND DIRECTION  SW (230)
  HIGHEST WIND SPEED    14   HIGHEST WIND DIRECTION    SW (220)
  HIGHEST GUST SPEED    16   HIGHEST GUST DIRECTION    SW (220)
  AVERAGE WIND SPEED     8.1


SKY COVER
  POSSIBLE SUNSHINE  MM
  AVERAGE SKY COVER 0.9


WEATHER CONDITIONS
 THE FOLLOWING WEATHER WAS RECORDED TODAY.
  FOG
  HAZE


RELATIVE HUMIDITY (PERCENT)
 HIGHEST    89          1200 AM
 LOWEST     77           200 PM
 AVERAGE    83

..........................................................


THE FORT WAYNE CLIMATE NORMALS FOR TOMORROW
                         NORMAL    RECORD    YEAR
 MAXIMUM TEMPERATURE (F)   36        64      1933
 MINIMUM TEMPERATURE (F)   22       -10      1914
                                             1901


SUNRISE AND SUNSET
DECEMBER 14 2014......SUNRISE   758 AM EST   SUNSET   513 PM EST
DECEMBER 15 2014......SUNRISE   759 AM EST   SUNSET   513 PM EST


-  INDICATES NEGATIVE NUMBERS.
R  INDICATES RECORD WAS SET OR TIED.
MM INDICATES DATA IS MISSING.
T  INDICATES TRACE AMOUNT.




$$
