000
CDUS43 KIWX 040023
CLIFWA


CLIMATE REPORT
NATIONAL WEATHER SERVICE NORTHERN INDIANA
723 PM EST WED FEB 3 2016


...................................

...THE FORT WAYNE CLIMATE SUMMARY FOR FEBRUARY 3 2016...
VALID AS OF 0700 PM LOCAL TIME.

CLIMATE NORMAL PERIOD 1981 TO 2010
CLIMATE RECORD PERIOD 1897 TO 2016


WEATHER ITEM   OBSERVED TIME   RECORD YEAR NORMAL DEPARTURE LAST
                VALUE   (LST)  VALUE       VALUE  FROM      YEAR
                                                  NORMAL
..................................................................
TEMPERATURE (F)
 TODAY
  MAXIMUM         60R   108 AM  57    1931  33     27       32
  MINIMUM         35    659 PM -12    1985  18     17        2
                                      1902
  AVERAGE         48                        26     22       17

PRECIPITATION (IN)
  TODAY            T             0.78 1952   0.07  -0.07     0.01
  MONTH TO DATE    0.24                      0.21   0.03     0.86
  SINCE DEC 1      6.01                      5.24   0.77     4.81
  SINCE JAN 1      1.86                      2.47  -0.61     3.09

SNOWFALL (IN)
  TODAY            0.0           6.7  1982   0.3   -0.3      0.2
  MONTH TO DATE    0.0                       1.0   -1.0      9.8
  SINCE DEC 1      7.1                      19.6  -12.5     23.1
  SINCE JUL 1     11.3                      21.7  -10.4     27.3
  SNOW DEPTH       0

DEGREE DAYS
 HEATING
  TODAY           17                        39    -22       48
  MONTH TO DATE   68                       118    -50      137
  SINCE DEC 1   1975                      2472   -497     2466
  SINCE JUL 1   2944                      3689   -745     3912

 COOLING
  TODAY            0                         0      0        0
  MONTH TO DATE    0                         0      0        0
  SINCE DEC 1      0                         0      0        0
  SINCE JAN 1      0                         0      0        0
..................................................................


WIND (MPH)
  RESULTANT WIND SPEED  17   RESULTANT WIND DIRECTION  SW (230)
  HIGHEST WIND SPEED    33   HIGHEST WIND DIRECTION    SW (240)
  HIGHEST GUST SPEED    41   HIGHEST GUST DIRECTION    SW (240)
  AVERAGE WIND SPEED    17.9


SKY COVER
  POSSIBLE SUNSHINE  MM
  AVERAGE SKY COVER 0.8


WEATHER CONDITIONS
 THE FOLLOWING WEATHER WAS RECORDED TODAY.
  LIGHT RAIN
  FOG


RELATIVE HUMIDITY (PERCENT)
 HIGHEST    93           300 AM
 LOWEST     67          1100 AM
 AVERAGE    80

..........................................................


THE FORT WAYNE CLIMATE NORMALS FOR TOMORROW
                         NORMAL    RECORD    YEAR
 MAXIMUM TEMPERATURE (F)   34        58      1909
 MINIMUM TEMPERATURE (F)   18       -12      1985


SUNRISE AND SUNSET
FEBRUARY  3 2016......SUNRISE   750 AM EST   SUNSET   600 PM EST
FEBRUARY  4 2016......SUNRISE   749 AM EST   SUNSET   601 PM EST


-  INDICATES NEGATIVE NUMBERS.
R  INDICATES RECORD WAS SET OR TIED.
MM INDICATES DATA IS MISSING.
T  INDICATES TRACE AMOUNT.




$$
