000
CXUS52 KMFL 011130
CF6FXE
PRELIMINARY LOCAL CLIMATOLOGICAL DATA (WS FORM: F-6)
STATION: FORT LAUDERDALE EXEC ARPT
MONTH: JANUARY
YEAR: 2023
LATITUDE: 26 12 N
LONGITUDE: 80 11 W
TEMPERATURE IN F: :PCPN: SNOW: WIND :SUNSHINE: SKY :PK WND
================================================================================
1 2 3 4 5 6A 6B 7 8 9 10 11 12 13 14 15 16 17 18
12Z AVG MX 2MIN
DY MAX MIN AVG DEP HDD CDD WTR SNW DPTH SPD SPD DIR MIN PSBL S-S WX SPD DR
================================================================================
1 85 65 75 7 0 10 0.00 0.0 0 3.3 12 100 M M 2 12 13 100
2 83 67 75 7 0 10 0.00 0.0 M 6.8 18 80 M M 3 22 90
3 83 74 79 11 0 14 0.00 0.0 M 10.6 17 120 M M 3 21 120
4 86 74 80 12 0 15 0.00 0.0 M 8.7 16 160 M M 2 21 140
5 87 68 78 10 0 13 0.00 M M 5.6 12 290 M M 1 14 190
6 80 64 72 4 0 7 0.00 M M 6.5 14 340 M M 0 21 310
7 79 60 70 2 0 5 0.00 M M 6.8 15 80 M M 2 20 70
8 80 61 71 3 0 6 0.00 M M 6.7 16 80 M M 3 22 80
9 81 61 71 3 0 6 0.00 M M 4.1 14 310 M M 0 19 330
10 80 58 69 1 0 4 0.00 M M 4.6 14 270 M M 0 19 270
11 78 51 65 -3 0 0 0.00 0.0 0 4.5 13 80 M M 0 17 50
12 81 56 69 2 0 4 0.00 0.0 0 4.3 15 130 M M 1 19 150
13 82 56 69 2 0 4 0.03 0.0 0 10.2 29 260 M M 2 18 40 240
14 60 46 53 -14 12 0 0.00 M M 11.9 22 270 M M 0 34 260
15 64 42 53 -14 12 0 0.00 0.0 0 5.1 10 340 M M 0 15 330
16 73 44 59 -8 6 0 0.00 0.0 0 2.9 10 100 M M 0 13 100
17 77 49 63 -4 2 0 0.00 0.0 0 3.3 14 180 M M 1 20 150
18 80 55 68 1 0 3 0.00 0.0 0 3.9 16 120 M M 3 23 120
19 86 61 74 7 0 9 T M M 5.2 14 120 M M 0 18 120
20 84 64 74 7 0 9 0.00 M M 3.1 10 100 M M 2 14 170
21 84 65 75 8 0 10 0.00 0.0 0 3.4 12 140 M M 1 16 140
22 86 73 80 13 0 15 0.00 0.0 0 9.8 18 230 M M 2 26 220
23 87 68 78 10 0 13 0.00 0.0 0 7.3 18 260 M M 2 24 220
24 79 66 73 5 0 8 T M M 11.3 20 90 M M 7 25 100
25 85 73 79 11 0 14 T 0.0 0 10.3 20 140 M M 3 26 130
26 79 68 74 6 0 9 T 0.0 0 5.8 13 330 M M 3 1 16 290
27 69 62 66 -2 0 1 T 0.0 0 6.9 13 10 M M 9 19 340
28 80 66 73 5 0 8 0.00 0.0 0 12.8 22 80 M M 9 27 80
29 83 72 78 10 0 13 0.00 0.0 0 13.5 21 90 M M 4 25 70
30 84 72 78 10 0 13 0.00 M M 7.0 14 110 M M 2 19 120
31 84 70 77 9 0 12 0.00 M M 6.7 15 110 M M 2 22 110
================================================================================
SM 2489 1931 32 235 0.03 0.0 212.9 M 69
================================================================================
AV 80.3 62.3 6.9 FASTST M M 2 MAX(MPH)
MISC ----> 29 260 40 240
================================================================================
NOTES:
# LAST OF SEVERAL OCCURRENCES
COLUMN 17 PEAK WIND IN M.P.H.
PRELIMINARY LOCAL CLIMATOLOGICAL DATA (WS FORM: F-6) , PAGE 2
STATION: FORT LAUDERDALE EXEC ARPT
MONTH: JANUARY
YEAR: 2023
LATITUDE: 26 12 N
LONGITUDE: 80 11 W
[TEMPERATURE DATA] [PRECIPITATION DATA] SYMBOLS USED IN COLUMN 16
AVERAGE MONTHLY: 71.3 TOTAL FOR MONTH: 0.03 1 = FOG OR MIST
DPTR FM NORMAL: 3.6 DPTR FM NORMAL: -2.35 2 = FOG REDUCING VISIBILITY
HIGHEST: 87 ON 23, 5 GRTST 24HR 0.10 ON 24-24 TO 1/4 MILE OR LESS
LOWEST: 42 ON 15 3 = THUNDER
SNOW, ICE PELLETS, HAIL 4 = ICE PELLETS
TOTAL MONTH: 0.0 INCH 5 = HAIL
GRTST 24HR 0.0 6 = FREEZING RAIN OR DRIZZLE
GRTST DEPTH: 0 7 = DUSTSTORM OR SANDSTORM:
VSBY 1/2 MILE OR LESS
8 = SMOKE OR HAZE
[NO. OF DAYS WITH] [WEATHER - DAYS WITH] 9 = BLOWING SNOW
X = TORNADO
MAX 32 OR BELOW: 0 0.01 INCH OR MORE: 1
MAX 90 OR ABOVE: 0 0.10 INCH OR MORE: 0
MIN 32 OR BELOW: 0 0.50 INCH OR MORE: 0
MIN 0 OR BELOW: 0 1.00 INCH OR MORE: 0
[HDD (BASE 65) ]
TOTAL THIS MO. 32 CLEAR (SCALE 0-3) 25
DPTR FM NORMAL -26 PTCLDY (SCALE 4-7) 4
TOTAL FM JUL 1 81 CLOUDY (SCALE 8-10) 2
DPTR FM NORMAL -21
[CDD (BASE 65) ]
TOTAL THIS MO. 235
DPTR FM NORMAL 95 [PRESSURE DATA]
TOTAL FM JAN 1 235 HIGHEST SLP 30.31 ON 28
DPTR FM NORMAL 95 LOWEST SLP 29.84 ON 13
[REMARKS]
#FINAL-01-23#