000
CXUS54 KOUN 010910
CF6GAG
PRELIMINARY LOCAL CLIMATOLOGICAL DATA (WS FORM: F-6)
STATION: GAGE
MONTH: JANUARY
YEAR: 2021
LATITUDE: 36 17 N
LONGITUDE: 99 46 W
TEMPERATURE IN F: :PCPN: SNOW: WIND :SUNSHINE: SKY :PK WND
================================================================================
1 2 3 4 5 6A 6B 7 8 9 10 11 12 13 14 15 16 17 18
12Z AVG MX 2MIN
DY MAX MIN AVG DEP HDD CDD WTR SNW DPTH SPD SPD DIR MIN PSBL S-S WX SPD DR
================================================================================
1 46 29 38 4 27 0 0.00 M M 12.5 22 350 M M 6 30 360
2 54 24 39 5 26 0 0.00 M M 5.9 15 160 M M 1 18 150
3 59 18 39 5 26 0 0.00 M M 3.6 10 180 M M 0 12 330
4 61 24 43 9 22 0 0.00 M M 5.9 18 20 M M 0 24 20
5 60 25 43 9 22 0 0.00 M M 15.5 38 190 M M 0 46 180
6 48 25 37 3 28 0 0.00 M M 14.4 28 360 M M 3 36 10
7 42 23 33 -1 32 0 0.00 M M 8.2 18 350 M M 6 22 350
8 38 21 30 -4 35 0 T M M 3.2 12 170 M M 7 1 13 300
9 39 16 28 -6 37 0 T M M 3.0 9 150 M M 7 12 14 170
10 37 31 34 0 31 0 0.04 M M 4.3 9 350 M M 10 1 12 350
11 48 22 35 1 30 0 0.00 M M 7.4 15 240 M M 2 12 23 250
12 57 14 36 2 29 0 0.00 0.0 M 7.2 15 200 M M 0 1 17 200
13 66 17 42 8 23 0 0.00 0.0 M 6.3 14 240 M M 0 8 17 210
14 52 34 43 9 22 0 0.00 M M 20.9 40 340 M M 2 50 330
15 47 24 36 1 29 0 0.00 M M 20.5 43 330 M M 8 53 340
16 56 17 37 2 28 0 0.00 M M 9.1 20 320 M M M 24 320
17 53 27 40 5 25 0 0.00 M M 9.1 21 300 M M 0 29 300
18 M M M M M M M M M 5.3 M M M M 2 M M
19 47 22 35 0 30 0 0.00 M M 8.7 22 10 M M 3 24 10
20 57 19 38 3 27 0 0.00 M M 13.1 33 200 M M 3 42 200
21 64 30 47 12 18 0 0.00 0.0 0 4.7 16 70 M M 0 20 70
22 49 23 36 1 29 0 0.00 M M 8.0 16 80 M M 0 23 80
23 52 28 40 5 25 0 0.00 0.0 0 15.9 30 190 M M 7 39 180
24 46 33 40 5 25 0 0.26 0.0 M 11.1 23 200 M M 9 13 29 200
25 41 26 34 -1 31 0 0.25 0.0 M 9.6 22 310 M M 9 12 28 320
26 31 19 25 -10 40 0 0.00 0.0 M 9.0 17 40 M M 5 22 40
27 37 20 29 -6 36 0 T T M 7.9 18 330 M M 4 1 22 330
28 49 21 35 -1 30 0 0.00 M M 18.0 29 180 M M 0 36 180
29 62 33 48 12 17 0 0.00 M M 21.1 32 190 M M 0 42 200
30 60 32 46 10 19 0 0.14 M M 17.8 36 340 M M 3 13 44 330
31 54 25 40 4 25 0 0.00 M M 11.2 25 360 M M 0 1 30 340
================================================================================
SM 1512 722 824 0 0.69 T 318.4 M 97
================================================================================
AV 50.4 24.1 10.3 FASTST M M 3 MAX(MPH)
MISC ----> 43 330 53 340
================================================================================
NOTES:
# LAST OF SEVERAL OCCURRENCES
COLUMN 17 PEAK WIND IN M.P.H.
PRELIMINARY LOCAL CLIMATOLOGICAL DATA (WS FORM: F-6) , PAGE 2
STATION: GAGE
MONTH: JANUARY
YEAR: 2021
LATITUDE: 36 17 N
LONGITUDE: 99 46 W
[TEMPERATURE DATA] [PRECIPITATION DATA] SYMBOLS USED IN COLUMN 16
AVERAGE MONTHLY: 37.2 TOTAL FOR MONTH: 0.69 1 = FOG OR MIST
DPTR FM NORMAL: 2.5 DPTR FM NORMAL: 0.13 2 = FOG REDUCING VISIBILITY
HIGHEST: 66 ON 13 GRTST 24HR 0.52 ON 24-25 TO 1/4 MILE OR LESS
LOWEST: 14 ON 12 3 = THUNDER
SNOW, ICE PELLETS, HAIL 4 = ICE PELLETS
TOTAL MONTH: T 5 = HAIL
GRTST 24HR T ON 27-27 6 = FREEZING RAIN OR DRIZZLE
GRTST DEPTH: 0 7 = DUSTSTORM OR SANDSTORM:
VSBY 1/2 MILE OR LESS
8 = SMOKE OR HAZE
[NO. OF DAYS WITH] [WEATHER - DAYS WITH] 9 = BLOWING SNOW
X = TORNADO
MAX 32 OR BELOW: 1 0.01 INCH OR MORE: 4
MAX 90 OR ABOVE: 0 0.10 INCH OR MORE: 3
MIN 32 OR BELOW: 27 0.50 INCH OR MORE: 0
MIN 0 OR BELOW: 0 1.00 INCH OR MORE: 0
[HDD (BASE 65) ]
TOTAL THIS MO. 824 CLEAR (SCALE 0-3) 18
DPTR FM NORMAL -115 PTCLDY (SCALE 4-7) 9
TOTAL FM JUL 1 2436 CLOUDY (SCALE 8-10) 4
DPTR FM NORMAL -301
[CDD (BASE 65) ]
TOTAL THIS MO. 0
DPTR FM NORMAL 0 [PRESSURE DATA]
TOTAL FM JAN 1 0 HIGHEST SLP 30.54 ON 19
DPTR FM NORMAL 0 LOWEST SLP 29.47 ON 30
[REMARKS]
#FINAL-01-21#